{"id":6781,"date":"2023-04-18T19:31:48","date_gmt":"2023-04-18T17:31:48","guid":{"rendered":"http:\/\/www.poloaldi.it\/?post_type=artwork&#038;p=6781"},"modified":"2023-04-18T19:31:48","modified_gmt":"2023-04-18T17:31:48","slug":"rast-auf-der-flucht-nach-aegypten","status":"publish","type":"artwork","link":"https:\/\/www.poloaldi.it\/de\/artwork\/rast-auf-der-flucht-nach-aegypten\/","title":{"rendered":"Rast auf der Flucht nach \u00c4gypten\u00a0"},"content":{"rendered":"<p><b>Carlo Antonio Procaccini (Bologna 1571 &#8211; Mailand? 1630?)<\/b><\/p>\n<p><i>Rast auf der Flucht nach \u00c4gypten<span class=\"Apple-converted-space\">\u00a0<\/span><\/i><\/p>\n<p>\u00d6l auf Holztafel, 34 x 48 cm<span class=\"Apple-converted-space\">\u00a0<\/span><\/p>\n<p>Carlo Antonio Procaccini ist ein Beispiel f\u00fcr das steigende Interesse an der fl\u00e4mischen Malerei, das in Mailand besonders um Federico Borromeo aufbl\u00fchte. Er verwendet f\u00fcr die Figuren eine Gravur seines \u00e4lteren Bruders Camillo aus dem Jahr 1593 und setzt sie in einen Hintergrund von elegischer Weichheit, nach dem Vorbild des sp\u00e4ten Paul Bril.<\/p>\n","protected":false},"author":1,"featured_media":6779,"comment_status":"closed","ping_status":"closed","template":"","artwork-category":[{"id":463,"slug":"esposizione-temporanea-de-1","name":"PASSIONI DI UN COLLEZIONISTA Dipinti fiamminghi e olandesi del Cinque e Seicento"},{"id":487,"slug":"italienische-kunstsammlung-und-die-flaemische-und-niederlaendische-malerei","name":"Italienische Kunstsammlung und die fl\u00e4mische und niederl\u00e4ndische Malerei"}],"artwork-tags":[],"artwork-artists":[{"id":517,"slug":"carlo-antonio-procaccini-de","name":"Carlo Antonio Procaccini"}],"class_list":["post-6781","artwork","type-artwork","status-publish","has-post-thumbnail","hentry","artwork-category-esposizione-temporanea-de-1","artwork-category-italienische-kunstsammlung-und-die-flaemische-und-niederlaendische-malerei","artwork-artists-carlo-antonio-procaccini-de"],"yoast_head":"<!-- This site is optimized with the Yoast SEO plugin v20.10 - https:\/\/yoast.com\/wordpress\/plugins\/seo\/ -->\n<title>Rast auf der Flucht nach \u00c4gypten\u00a0 - Polo Culturale Pietro Aldi<\/title>\n<meta name=\"robots\" content=\"index, follow, max-snippet:-1, max-image-preview:large, max-video-preview:-1\" \/>\n<link rel=\"canonical\" href=\"https:\/\/www.poloaldi.it\/de\/artwork\/rast-auf-der-flucht-nach-aegypten\/\" \/>\n<meta property=\"og:locale\" content=\"de_DE\" \/>\n<meta property=\"og:type\" content=\"article\" \/>\n<meta property=\"og:title\" content=\"Rast auf der Flucht nach \u00c4gypten\u00a0 - Polo Culturale Pietro Aldi\" \/>\n<meta property=\"og:description\" content=\"Carlo Antonio Procaccini (Bologna 1571 &#8211; Mailand? 1630?) Rast auf der Flucht nach \u00c4gypten\u00a0 \u00d6l auf Holztafel, 34 x 48 cm\u00a0 Carlo Antonio Procaccini ist ein Beispiel f\u00fcr das steigende Interesse an der fl\u00e4mischen Malerei, das in Mailand besonders um Federico Borromeo aufbl\u00fchte. Er verwendet f\u00fcr die Figuren eine Gravur seines \u00e4lteren Bruders Camillo aus dem Jahr 1593 und setzt sie in einen Hintergrund von elegischer Weichheit, nach dem Vorbild des sp\u00e4ten Paul Bril.\" \/>\n<meta property=\"og:url\" content=\"https:\/\/www.poloaldi.it\/de\/artwork\/rast-auf-der-flucht-nach-aegypten\/\" \/>\n<meta property=\"og:site_name\" content=\"Polo Culturale Pietro Aldi\" \/>\n<meta property=\"article:publisher\" content=\"https:\/\/www.facebook.com\/polopietroaldi\" \/>\n<meta property=\"og:image\" content=\"https:\/\/www.poloaldi.it\/wp-content\/uploads\/2023\/04\/13-Procaccini.jpg\" \/>\n\t<meta property=\"og:image:width\" content=\"1700\" \/>\n\t<meta property=\"og:image:height\" content=\"1214\" \/>\n\t<meta property=\"og:image:type\" content=\"image\/jpeg\" \/>\n<meta name=\"twitter:card\" content=\"summary_large_image\" \/>\n<meta name=\"twitter:site\" content=\"@polopietroaldi\" \/>\n<meta name=\"twitter:label1\" content=\"Gesch\u00e4tzte Lesezeit\" \/>\n\t<meta name=\"twitter:data1\" content=\"1\u00a0Minute\" \/>\n<script type=\"application\/ld+json\" class=\"yoast-schema-graph\">{\"@context\":\"https:\/\/schema.org\",\"@graph\":[{\"@type\":\"WebPage\",\"@id\":\"https:\/\/www.poloaldi.it\/de\/artwork\/rast-auf-der-flucht-nach-aegypten\/\",\"url\":\"https:\/\/www.poloaldi.it\/de\/artwork\/rast-auf-der-flucht-nach-aegypten\/\",\"name\":\"Rast auf der Flucht nach \u00c4gypten\u00a0 - Polo Culturale Pietro Aldi\",\"isPartOf\":{\"@id\":\"https:\/\/www.poloaldi.it\/de\/#website\"},\"datePublished\":\"2023-04-18T17:31:48+00:00\",\"dateModified\":\"2023-04-18T17:31:48+00:00\",\"breadcrumb\":{\"@id\":\"https:\/\/www.poloaldi.it\/de\/artwork\/rast-auf-der-flucht-nach-aegypten\/#breadcrumb\"},\"inLanguage\":\"de\",\"potentialAction\":[{\"@type\":\"ReadAction\",\"target\":[\"https:\/\/www.poloaldi.it\/de\/artwork\/rast-auf-der-flucht-nach-aegypten\/\"]}]},{\"@type\":\"BreadcrumbList\",\"@id\":\"https:\/\/www.poloaldi.it\/de\/artwork\/rast-auf-der-flucht-nach-aegypten\/#breadcrumb\",\"itemListElement\":[{\"@type\":\"ListItem\",\"position\":1,\"name\":\"Home\",\"item\":\"https:\/\/www.poloaldi.it\/de\/\"},{\"@type\":\"ListItem\",\"position\":2,\"name\":\"Artworks\",\"item\":\"https:\/\/www.poloaldi.it\/de\/artwork\/\"},{\"@type\":\"ListItem\",\"position\":3,\"name\":\"Rast auf der Flucht nach \u00c4gypten\u00a0\"}]},{\"@type\":\"WebSite\",\"@id\":\"https:\/\/www.poloaldi.it\/de\/#website\",\"url\":\"https:\/\/www.poloaldi.it\/de\/\",\"name\":\"Polo Culturale Pietro Aldi\",\"description\":\"Patrimonio storico, culturale, artistico del nostro territorio\",\"publisher\":{\"@id\":\"https:\/\/www.poloaldi.it\/de\/#organization\"},\"potentialAction\":[{\"@type\":\"SearchAction\",\"target\":{\"@type\":\"EntryPoint\",\"urlTemplate\":\"https:\/\/www.poloaldi.it\/de\/?s={search_term_string}\"},\"query-input\":\"required name=search_term_string\"}],\"inLanguage\":\"de\"},{\"@type\":\"Organization\",\"@id\":\"https:\/\/www.poloaldi.it\/de\/#organization\",\"name\":\"Polo Culturale Pietro Aldi\",\"url\":\"https:\/\/www.poloaldi.it\/de\/\",\"logo\":{\"@type\":\"ImageObject\",\"inLanguage\":\"de\",\"@id\":\"https:\/\/www.poloaldi.it\/de\/#\/schema\/logo\/image\/\",\"url\":\"http:\/\/www.poloaldi.it\/wp-content\/uploads\/2017\/04\/logo_pietro_aldi.png\",\"contentUrl\":\"http:\/\/www.poloaldi.it\/wp-content\/uploads\/2017\/04\/logo_pietro_aldi.png\",\"width\":942,\"height\":417,\"caption\":\"Polo Culturale Pietro Aldi\"},\"image\":{\"@id\":\"https:\/\/www.poloaldi.it\/de\/#\/schema\/logo\/image\/\"},\"sameAs\":[\"https:\/\/www.facebook.com\/polopietroaldi\",\"https:\/\/twitter.com\/polopietroaldi\",\"https:\/\/www.instagram.com\/polopietroaldi\/\"]}]}<\/script>\n<!-- \/ Yoast SEO plugin. -->","yoast_head_json":{"title":"Rast auf der Flucht nach \u00c4gypten\u00a0 - Polo Culturale Pietro Aldi","robots":{"index":"index","follow":"follow","max-snippet":"max-snippet:-1","max-image-preview":"max-image-preview:large","max-video-preview":"max-video-preview:-1"},"canonical":"https:\/\/www.poloaldi.it\/de\/artwork\/rast-auf-der-flucht-nach-aegypten\/","og_locale":"de_DE","og_type":"article","og_title":"Rast auf der Flucht nach \u00c4gypten\u00a0 - Polo Culturale Pietro Aldi","og_description":"Carlo Antonio Procaccini (Bologna 1571 &#8211; Mailand? 1630?) Rast auf der Flucht nach \u00c4gypten\u00a0 \u00d6l auf Holztafel, 34 x 48 cm\u00a0 Carlo Antonio Procaccini ist ein Beispiel f\u00fcr das steigende Interesse an der fl\u00e4mischen Malerei, das in Mailand besonders um Federico Borromeo aufbl\u00fchte. Er verwendet f\u00fcr die Figuren eine Gravur seines \u00e4lteren Bruders Camillo aus dem Jahr 1593 und setzt sie in einen Hintergrund von elegischer Weichheit, nach dem Vorbild des sp\u00e4ten Paul Bril.","og_url":"https:\/\/www.poloaldi.it\/de\/artwork\/rast-auf-der-flucht-nach-aegypten\/","og_site_name":"Polo Culturale Pietro Aldi","article_publisher":"https:\/\/www.facebook.com\/polopietroaldi","og_image":[{"width":1700,"height":1214,"url":"https:\/\/www.poloaldi.it\/wp-content\/uploads\/2023\/04\/13-Procaccini.jpg","type":"image\/jpeg"}],"twitter_card":"summary_large_image","twitter_site":"@polopietroaldi","twitter_misc":{"Gesch\u00e4tzte Lesezeit":"1\u00a0Minute"},"schema":{"@context":"https:\/\/schema.org","@graph":[{"@type":"WebPage","@id":"https:\/\/www.poloaldi.it\/de\/artwork\/rast-auf-der-flucht-nach-aegypten\/","url":"https:\/\/www.poloaldi.it\/de\/artwork\/rast-auf-der-flucht-nach-aegypten\/","name":"Rast auf der Flucht nach \u00c4gypten\u00a0 - Polo Culturale Pietro Aldi","isPartOf":{"@id":"https:\/\/www.poloaldi.it\/de\/#website"},"datePublished":"2023-04-18T17:31:48+00:00","dateModified":"2023-04-18T17:31:48+00:00","breadcrumb":{"@id":"https:\/\/www.poloaldi.it\/de\/artwork\/rast-auf-der-flucht-nach-aegypten\/#breadcrumb"},"inLanguage":"de","potentialAction":[{"@type":"ReadAction","target":["https:\/\/www.poloaldi.it\/de\/artwork\/rast-auf-der-flucht-nach-aegypten\/"]}]},{"@type":"BreadcrumbList","@id":"https:\/\/www.poloaldi.it\/de\/artwork\/rast-auf-der-flucht-nach-aegypten\/#breadcrumb","itemListElement":[{"@type":"ListItem","position":1,"name":"Home","item":"https:\/\/www.poloaldi.it\/de\/"},{"@type":"ListItem","position":2,"name":"Artworks","item":"https:\/\/www.poloaldi.it\/de\/artwork\/"},{"@type":"ListItem","position":3,"name":"Rast auf der Flucht nach \u00c4gypten\u00a0"}]},{"@type":"WebSite","@id":"https:\/\/www.poloaldi.it\/de\/#website","url":"https:\/\/www.poloaldi.it\/de\/","name":"Polo Culturale Pietro Aldi","description":"Patrimonio storico, culturale, artistico del nostro territorio","publisher":{"@id":"https:\/\/www.poloaldi.it\/de\/#organization"},"potentialAction":[{"@type":"SearchAction","target":{"@type":"EntryPoint","urlTemplate":"https:\/\/www.poloaldi.it\/de\/?s={search_term_string}"},"query-input":"required name=search_term_string"}],"inLanguage":"de"},{"@type":"Organization","@id":"https:\/\/www.poloaldi.it\/de\/#organization","name":"Polo Culturale Pietro Aldi","url":"https:\/\/www.poloaldi.it\/de\/","logo":{"@type":"ImageObject","inLanguage":"de","@id":"https:\/\/www.poloaldi.it\/de\/#\/schema\/logo\/image\/","url":"http:\/\/www.poloaldi.it\/wp-content\/uploads\/2017\/04\/logo_pietro_aldi.png","contentUrl":"http:\/\/www.poloaldi.it\/wp-content\/uploads\/2017\/04\/logo_pietro_aldi.png","width":942,"height":417,"caption":"Polo Culturale Pietro Aldi"},"image":{"@id":"https:\/\/www.poloaldi.it\/de\/#\/schema\/logo\/image\/"},"sameAs":["https:\/\/www.facebook.com\/polopietroaldi","https:\/\/twitter.com\/polopietroaldi","https:\/\/www.instagram.com\/polopietroaldi\/"]}]}},"featured_image":{"size_thumbnail":"https:\/\/www.poloaldi.it\/wp-content\/uploads\/2023\/04\/13-Procaccini-150x150.jpg","size_medium":"https:\/\/www.poloaldi.it\/wp-content\/uploads\/2023\/04\/13-Procaccini-300x214.jpg","size_large":"https:\/\/www.poloaldi.it\/wp-content\/uploads\/2023\/04\/13-Procaccini-1024x731.jpg","size_full":"https:\/\/www.poloaldi.it\/wp-content\/uploads\/2023\/04\/13-Procaccini.jpg"},"imic_artwork_images":null,"imic_artwork_dimension":["34 x 48"],"imic_artwork_price":null,"_edit_lock":"1681839110:1","_links":{"self":[{"href":"https:\/\/www.poloaldi.it\/de\/wp-json\/wp\/v2\/artwork\/6781","targetHints":{"allow":["GET"]}}],"collection":[{"href":"https:\/\/www.poloaldi.it\/de\/wp-json\/wp\/v2\/artwork"}],"about":[{"href":"https:\/\/www.poloaldi.it\/de\/wp-json\/wp\/v2\/types\/artwork"}],"author":[{"embeddable":true,"href":"https:\/\/www.poloaldi.it\/de\/wp-json\/wp\/v2\/users\/1"}],"replies":[{"embeddable":true,"href":"https:\/\/www.poloaldi.it\/de\/wp-json\/wp\/v2\/comments?post=6781"}],"wp:featuredmedia":[{"embeddable":true,"href":"https:\/\/www.poloaldi.it\/de\/wp-json\/wp\/v2\/media\/6779"}],"wp:attachment":[{"href":"https:\/\/www.poloaldi.it\/de\/wp-json\/wp\/v2\/media?parent=6781"}],"wp:term":[{"taxonomy":"artwork-category","embeddable":true,"href":"https:\/\/www.poloaldi.it\/de\/wp-json\/wp\/v2\/artwork-category?post=6781"},{"taxonomy":"artwork-tags","embeddable":true,"href":"https:\/\/www.poloaldi.it\/de\/wp-json\/wp\/v2\/artwork-tags?post=6781"},{"taxonomy":"artwork-artists","embeddable":true,"href":"https:\/\/www.poloaldi.it\/de\/wp-json\/wp\/v2\/artwork-artists?post=6781"}],"curies":[{"name":"wp","href":"https:\/\/api.w.org\/{rel}","templated":true}]}}

Rast auf der Flucht nach Ägypten

<p><b>Carlo Antonio Procaccini (Bologna 1571 &#8211; Mailand? 1630?)</b></p>
<p><i>Rast auf der Flucht nach Ägypten<span class="Apple-converted-space"> </span></i></p>
<p>Öl auf Holztafel, 34 x 48 cm<span class="Apple-converted-space"> </span></p>
<p>Carlo Antonio Procaccini ist ein Beispiel für das steigende Interesse an der flämischen Malerei, das in Mailand besonders um Federico Borromeo aufblühte. Er verwendet für die Figuren eine Gravur seines älteren Bruders Camillo aus dem Jahr 1593 und setzt sie in einen Hintergrund von elegischer Weichheit, nach dem Vorbild des späten Paul Bril.</p>

Italienische Kunstsammlung und die flämische und niederländische Malerei

<!-- This site is optimized with the Yoast SEO plugin v20.10 - https://yoast.com/wordpress/plugins/seo/ -->
<title>Rast auf der Flucht nach Ägypten  - Polo Culturale Pietro Aldi</title>
<meta name="robots" content="index, follow, max-snippet:-1, max-image-preview:large, max-video-preview:-1" />
<link rel="canonical" href="https://www.poloaldi.it/de/artwork/rast-auf-der-flucht-nach-aegypten/" />
<meta property="og:locale" content="de_DE" />
<meta property="og:type" content="article" />
<meta property="og:title" content="Rast auf der Flucht nach Ägypten  - Polo Culturale Pietro Aldi" />
<meta property="og:description" content="Carlo Antonio Procaccini (Bologna 1571 &#8211; Mailand? 1630?) Rast auf der Flucht nach Ägypten  Öl auf Holztafel, 34 x 48 cm  Carlo Antonio Procaccini ist ein Beispiel für das steigende Interesse an der flämischen Malerei, das in Mailand besonders um Federico Borromeo aufblühte. Er verwendet für die Figuren eine Gravur seines älteren Bruders Camillo aus dem Jahr 1593 und setzt sie in einen Hintergrund von elegischer Weichheit, nach dem Vorbild des späten Paul Bril." />
<meta property="og:url" content="https://www.poloaldi.it/de/artwork/rast-auf-der-flucht-nach-aegypten/" />
<meta property="og:site_name" content="Polo Culturale Pietro Aldi" />
<meta property="article:publisher" content="https://www.facebook.com/polopietroaldi" />
<meta property="og:image" content="https://www.poloaldi.it/wp-content/uploads/2023/04/13-Procaccini.jpg" />
	<meta property="og:image:width" content="1700" />
	<meta property="og:image:height" content="1214" />
	<meta property="og:image:type" content="image/jpeg" />
<meta name="twitter:card" content="summary_large_image" />
<meta name="twitter:site" content="@polopietroaldi" />
<meta name="twitter:label1" content="Geschätzte Lesezeit" />
	<meta name="twitter:data1" content="1 Minute" />
<script type="application/ld+json" class="yoast-schema-graph">{"@context":"https://schema.org","@graph":[{"@type":"WebPage","@id":"https://www.poloaldi.it/de/artwork/rast-auf-der-flucht-nach-aegypten/","url":"https://www.poloaldi.it/de/artwork/rast-auf-der-flucht-nach-aegypten/","name":"Rast auf der Flucht nach Ägypten  - Polo Culturale Pietro Aldi","isPartOf":{"@id":"https://www.poloaldi.it/de/#website"},"datePublished":"2023-04-18T17:31:48+00:00","dateModified":"2023-04-18T17:31:48+00:00","breadcrumb":{"@id":"https://www.poloaldi.it/de/artwork/rast-auf-der-flucht-nach-aegypten/#breadcrumb"},"inLanguage":"de","potentialAction":[{"@type":"ReadAction","target":["https://www.poloaldi.it/de/artwork/rast-auf-der-flucht-nach-aegypten/"]}]},{"@type":"BreadcrumbList","@id":"https://www.poloaldi.it/de/artwork/rast-auf-der-flucht-nach-aegypten/#breadcrumb","itemListElement":[{"@type":"ListItem","position":1,"name":"Home","item":"https://www.poloaldi.it/de/"},{"@type":"ListItem","position":2,"name":"Artworks","item":"https://www.poloaldi.it/de/artwork/"},{"@type":"ListItem","position":3,"name":"Rast auf der Flucht nach Ägypten "}]},{"@type":"WebSite","@id":"https://www.poloaldi.it/de/#website","url":"https://www.poloaldi.it/de/","name":"Polo Culturale Pietro Aldi","description":"Patrimonio storico, culturale, artistico del nostro territorio","publisher":{"@id":"https://www.poloaldi.it/de/#organization"},"potentialAction":[{"@type":"SearchAction","target":{"@type":"EntryPoint","urlTemplate":"https://www.poloaldi.it/de/?s={search_term_string}"},"query-input":"required name=search_term_string"}],"inLanguage":"de"},{"@type":"Organization","@id":"https://www.poloaldi.it/de/#organization","name":"Polo Culturale Pietro Aldi","url":"https://www.poloaldi.it/de/","logo":{"@type":"ImageObject","inLanguage":"de","@id":"https://www.poloaldi.it/de/#/schema/logo/image/","url":"http://www.poloaldi.it/wp-content/uploads/2017/04/logo_pietro_aldi.png","contentUrl":"http://www.poloaldi.it/wp-content/uploads/2017/04/logo_pietro_aldi.png","width":942,"height":417,"caption":"Polo Culturale Pietro Aldi"},"image":{"@id":"https://www.poloaldi.it/de/#/schema/logo/image/"},"sameAs":["https://www.facebook.com/polopietroaldi","https://twitter.com/polopietroaldi","https://www.instagram.com/polopietroaldi/"]}]}</script>
<!-- / Yoast SEO plugin. -->

Rast auf der Flucht nach Ägypten  - Polo Culturale Pietro Aldi

Carlo Antonio Procaccini (Bologna 1571 &#8211; Mailand? 1630?) Rast auf der Flucht nach Ägypten  Öl auf Holztafel, 34 x 48 cm  Carlo Antonio Procaccini ist ein Beispiel für das steigende Interesse an der flämischen Malerei, das in Mailand besonders um Federico Borromeo aufblühte. Er verwendet für die Figuren eine Gravur seines älteren Bruders Camillo aus dem Jahr 1593 und setzt sie in einen Hintergrund von elegischer Weichheit, nach dem Vorbild des späten Paul Bril.
