{"id":6769,"date":"2023-04-18T19:18:38","date_gmt":"2023-04-18T17:18:38","guid":{"rendered":"http:\/\/www.poloaldi.it\/?post_type=artwork&#038;p=6769"},"modified":"2023-04-18T19:18:38","modified_gmt":"2023-04-18T17:18:38","slug":"die-trunkenheit-des-bacchus","status":"publish","type":"artwork","link":"https:\/\/www.poloaldi.it\/de\/artwork\/die-trunkenheit-des-bacchus\/","title":{"rendered":"Die Trunkenheit des Bacchus"},"content":{"rendered":"<p><b>Gerard Thomas (Antwerpen 1663 &#8211; 1720)?<span class=\"Apple-converted-space\">\u00a0<\/span><\/b><\/p>\n<p><b>nach einem Modell von Simon de Vos (Antwerpen 1603 &#8211; 1670)<\/b><\/p>\n<p><strong><i>Die Trunkenheit des Bacchus<\/i><\/strong><\/p>\n<p>\u00d6l auf Leinwand, 69,4 x 86,8 cm<span class=\"Apple-converted-space\">\u00a0<\/span><\/p>\n<p>Das Gem\u00e4lde zeigt eine Gruppe von Trinkern, angef\u00fchrt von dem dicken Bacchus mit zwei Satyrn, die um einen Tisch voller K\u00f6stlichkeiten (Austern, Hummer, K\u00fcrbis) schwelgen. Die Ikonographie des Weingottes und die verschiedenen mit ihm verbundenen Themen sind in der Malerei seit der Renaissance weit verbreitet. Sehr oft wird eine allegorische oder moralisierende Bedeutung impliziert, die in unserem Fall als Warnung vor irdischen Vergn\u00fcgungen und Eitelkeiten gelesen werden kann.<span class=\"Apple-converted-space\">\u00a0<\/span><\/p>\n","protected":false},"author":1,"featured_media":6767,"comment_status":"closed","ping_status":"closed","template":"","artwork-category":[{"id":463,"slug":"esposizione-temporanea-de-1","name":"PASSIONI DI UN COLLEZIONISTA Dipinti fiamminghi e olandesi del Cinque e Seicento"},{"id":481,"slug":"die-flaemische-malerei","name":"Die fl\u00e4mische Malerei"}],"artwork-tags":[],"artwork-artists":[{"id":523,"slug":"gerard-thomas-de","name":"Gerard Thomas"}],"class_list":["post-6769","artwork","type-artwork","status-publish","has-post-thumbnail","hentry","artwork-category-esposizione-temporanea-de-1","artwork-category-die-flaemische-malerei","artwork-artists-gerard-thomas-de"],"yoast_head":"<!-- This site is optimized with the Yoast SEO plugin v20.10 - https:\/\/yoast.com\/wordpress\/plugins\/seo\/ -->\n<title>Die Trunkenheit des Bacchus - Polo Culturale Pietro Aldi<\/title>\n<meta name=\"robots\" content=\"index, follow, max-snippet:-1, max-image-preview:large, max-video-preview:-1\" \/>\n<link rel=\"canonical\" href=\"https:\/\/www.poloaldi.it\/de\/artwork\/die-trunkenheit-des-bacchus\/\" \/>\n<meta property=\"og:locale\" content=\"de_DE\" \/>\n<meta property=\"og:type\" content=\"article\" \/>\n<meta property=\"og:title\" content=\"Die Trunkenheit des Bacchus - Polo Culturale Pietro Aldi\" \/>\n<meta property=\"og:description\" content=\"Gerard Thomas (Antwerpen 1663 &#8211; 1720)?\u00a0 nach einem Modell von Simon de Vos (Antwerpen 1603 &#8211; 1670) Die Trunkenheit des Bacchus \u00d6l auf Leinwand, 69,4 x 86,8 cm\u00a0 Das Gem\u00e4lde zeigt eine Gruppe von Trinkern, angef\u00fchrt von dem dicken Bacchus mit zwei Satyrn, die um einen Tisch voller K\u00f6stlichkeiten (Austern, Hummer, K\u00fcrbis) schwelgen. Die Ikonographie des Weingottes und die verschiedenen mit ihm verbundenen Themen sind in der Malerei seit der Renaissance weit verbreitet. Sehr oft wird eine allegorische oder moralisierende Bedeutung impliziert, die in unserem Fall als Warnung vor irdischen Vergn\u00fcgungen und Eitelkeiten gelesen werden kann.\u00a0\" \/>\n<meta property=\"og:url\" content=\"https:\/\/www.poloaldi.it\/de\/artwork\/die-trunkenheit-des-bacchus\/\" \/>\n<meta property=\"og:site_name\" content=\"Polo Culturale Pietro Aldi\" \/>\n<meta property=\"article:publisher\" content=\"https:\/\/www.facebook.com\/polopietroaldi\" \/>\n<meta property=\"og:image\" content=\"https:\/\/www.poloaldi.it\/wp-content\/uploads\/2023\/04\/11-Thomas.jpg\" \/>\n\t<meta property=\"og:image:width\" content=\"1700\" \/>\n\t<meta property=\"og:image:height\" content=\"1174\" \/>\n\t<meta property=\"og:image:type\" content=\"image\/jpeg\" \/>\n<meta name=\"twitter:card\" content=\"summary_large_image\" \/>\n<meta name=\"twitter:site\" content=\"@polopietroaldi\" \/>\n<meta name=\"twitter:label1\" content=\"Gesch\u00e4tzte Lesezeit\" \/>\n\t<meta name=\"twitter:data1\" content=\"1\u00a0Minute\" \/>\n<script type=\"application\/ld+json\" class=\"yoast-schema-graph\">{\"@context\":\"https:\/\/schema.org\",\"@graph\":[{\"@type\":\"WebPage\",\"@id\":\"https:\/\/www.poloaldi.it\/de\/artwork\/die-trunkenheit-des-bacchus\/\",\"url\":\"https:\/\/www.poloaldi.it\/de\/artwork\/die-trunkenheit-des-bacchus\/\",\"name\":\"Die Trunkenheit des Bacchus - Polo Culturale Pietro Aldi\",\"isPartOf\":{\"@id\":\"https:\/\/www.poloaldi.it\/de\/#website\"},\"datePublished\":\"2023-04-18T17:18:38+00:00\",\"dateModified\":\"2023-04-18T17:18:38+00:00\",\"breadcrumb\":{\"@id\":\"https:\/\/www.poloaldi.it\/de\/artwork\/die-trunkenheit-des-bacchus\/#breadcrumb\"},\"inLanguage\":\"de\",\"potentialAction\":[{\"@type\":\"ReadAction\",\"target\":[\"https:\/\/www.poloaldi.it\/de\/artwork\/die-trunkenheit-des-bacchus\/\"]}]},{\"@type\":\"BreadcrumbList\",\"@id\":\"https:\/\/www.poloaldi.it\/de\/artwork\/die-trunkenheit-des-bacchus\/#breadcrumb\",\"itemListElement\":[{\"@type\":\"ListItem\",\"position\":1,\"name\":\"Home\",\"item\":\"https:\/\/www.poloaldi.it\/de\/\"},{\"@type\":\"ListItem\",\"position\":2,\"name\":\"Artworks\",\"item\":\"https:\/\/www.poloaldi.it\/de\/artwork\/\"},{\"@type\":\"ListItem\",\"position\":3,\"name\":\"Die Trunkenheit des Bacchus\"}]},{\"@type\":\"WebSite\",\"@id\":\"https:\/\/www.poloaldi.it\/de\/#website\",\"url\":\"https:\/\/www.poloaldi.it\/de\/\",\"name\":\"Polo Culturale Pietro Aldi\",\"description\":\"Patrimonio storico, culturale, artistico del nostro territorio\",\"publisher\":{\"@id\":\"https:\/\/www.poloaldi.it\/de\/#organization\"},\"potentialAction\":[{\"@type\":\"SearchAction\",\"target\":{\"@type\":\"EntryPoint\",\"urlTemplate\":\"https:\/\/www.poloaldi.it\/de\/?s={search_term_string}\"},\"query-input\":\"required name=search_term_string\"}],\"inLanguage\":\"de\"},{\"@type\":\"Organization\",\"@id\":\"https:\/\/www.poloaldi.it\/de\/#organization\",\"name\":\"Polo Culturale Pietro Aldi\",\"url\":\"https:\/\/www.poloaldi.it\/de\/\",\"logo\":{\"@type\":\"ImageObject\",\"inLanguage\":\"de\",\"@id\":\"https:\/\/www.poloaldi.it\/de\/#\/schema\/logo\/image\/\",\"url\":\"http:\/\/www.poloaldi.it\/wp-content\/uploads\/2017\/04\/logo_pietro_aldi.png\",\"contentUrl\":\"http:\/\/www.poloaldi.it\/wp-content\/uploads\/2017\/04\/logo_pietro_aldi.png\",\"width\":942,\"height\":417,\"caption\":\"Polo Culturale Pietro Aldi\"},\"image\":{\"@id\":\"https:\/\/www.poloaldi.it\/de\/#\/schema\/logo\/image\/\"},\"sameAs\":[\"https:\/\/www.facebook.com\/polopietroaldi\",\"https:\/\/twitter.com\/polopietroaldi\",\"https:\/\/www.instagram.com\/polopietroaldi\/\"]}]}<\/script>\n<!-- \/ Yoast SEO plugin. -->","yoast_head_json":{"title":"Die Trunkenheit des Bacchus - Polo Culturale Pietro Aldi","robots":{"index":"index","follow":"follow","max-snippet":"max-snippet:-1","max-image-preview":"max-image-preview:large","max-video-preview":"max-video-preview:-1"},"canonical":"https:\/\/www.poloaldi.it\/de\/artwork\/die-trunkenheit-des-bacchus\/","og_locale":"de_DE","og_type":"article","og_title":"Die Trunkenheit des Bacchus - Polo Culturale Pietro Aldi","og_description":"Gerard Thomas (Antwerpen 1663 &#8211; 1720)?\u00a0 nach einem Modell von Simon de Vos (Antwerpen 1603 &#8211; 1670) Die Trunkenheit des Bacchus \u00d6l auf Leinwand, 69,4 x 86,8 cm\u00a0 Das Gem\u00e4lde zeigt eine Gruppe von Trinkern, angef\u00fchrt von dem dicken Bacchus mit zwei Satyrn, die um einen Tisch voller K\u00f6stlichkeiten (Austern, Hummer, K\u00fcrbis) schwelgen. Die Ikonographie des Weingottes und die verschiedenen mit ihm verbundenen Themen sind in der Malerei seit der Renaissance weit verbreitet. Sehr oft wird eine allegorische oder moralisierende Bedeutung impliziert, die in unserem Fall als Warnung vor irdischen Vergn\u00fcgungen und Eitelkeiten gelesen werden kann.\u00a0","og_url":"https:\/\/www.poloaldi.it\/de\/artwork\/die-trunkenheit-des-bacchus\/","og_site_name":"Polo Culturale Pietro Aldi","article_publisher":"https:\/\/www.facebook.com\/polopietroaldi","og_image":[{"width":1700,"height":1174,"url":"https:\/\/www.poloaldi.it\/wp-content\/uploads\/2023\/04\/11-Thomas.jpg","type":"image\/jpeg"}],"twitter_card":"summary_large_image","twitter_site":"@polopietroaldi","twitter_misc":{"Gesch\u00e4tzte Lesezeit":"1\u00a0Minute"},"schema":{"@context":"https:\/\/schema.org","@graph":[{"@type":"WebPage","@id":"https:\/\/www.poloaldi.it\/de\/artwork\/die-trunkenheit-des-bacchus\/","url":"https:\/\/www.poloaldi.it\/de\/artwork\/die-trunkenheit-des-bacchus\/","name":"Die Trunkenheit des Bacchus - Polo Culturale Pietro Aldi","isPartOf":{"@id":"https:\/\/www.poloaldi.it\/de\/#website"},"datePublished":"2023-04-18T17:18:38+00:00","dateModified":"2023-04-18T17:18:38+00:00","breadcrumb":{"@id":"https:\/\/www.poloaldi.it\/de\/artwork\/die-trunkenheit-des-bacchus\/#breadcrumb"},"inLanguage":"de","potentialAction":[{"@type":"ReadAction","target":["https:\/\/www.poloaldi.it\/de\/artwork\/die-trunkenheit-des-bacchus\/"]}]},{"@type":"BreadcrumbList","@id":"https:\/\/www.poloaldi.it\/de\/artwork\/die-trunkenheit-des-bacchus\/#breadcrumb","itemListElement":[{"@type":"ListItem","position":1,"name":"Home","item":"https:\/\/www.poloaldi.it\/de\/"},{"@type":"ListItem","position":2,"name":"Artworks","item":"https:\/\/www.poloaldi.it\/de\/artwork\/"},{"@type":"ListItem","position":3,"name":"Die Trunkenheit des Bacchus"}]},{"@type":"WebSite","@id":"https:\/\/www.poloaldi.it\/de\/#website","url":"https:\/\/www.poloaldi.it\/de\/","name":"Polo Culturale Pietro Aldi","description":"Patrimonio storico, culturale, artistico del nostro territorio","publisher":{"@id":"https:\/\/www.poloaldi.it\/de\/#organization"},"potentialAction":[{"@type":"SearchAction","target":{"@type":"EntryPoint","urlTemplate":"https:\/\/www.poloaldi.it\/de\/?s={search_term_string}"},"query-input":"required name=search_term_string"}],"inLanguage":"de"},{"@type":"Organization","@id":"https:\/\/www.poloaldi.it\/de\/#organization","name":"Polo Culturale Pietro Aldi","url":"https:\/\/www.poloaldi.it\/de\/","logo":{"@type":"ImageObject","inLanguage":"de","@id":"https:\/\/www.poloaldi.it\/de\/#\/schema\/logo\/image\/","url":"http:\/\/www.poloaldi.it\/wp-content\/uploads\/2017\/04\/logo_pietro_aldi.png","contentUrl":"http:\/\/www.poloaldi.it\/wp-content\/uploads\/2017\/04\/logo_pietro_aldi.png","width":942,"height":417,"caption":"Polo Culturale Pietro Aldi"},"image":{"@id":"https:\/\/www.poloaldi.it\/de\/#\/schema\/logo\/image\/"},"sameAs":["https:\/\/www.facebook.com\/polopietroaldi","https:\/\/twitter.com\/polopietroaldi","https:\/\/www.instagram.com\/polopietroaldi\/"]}]}},"featured_image":{"size_thumbnail":"https:\/\/www.poloaldi.it\/wp-content\/uploads\/2023\/04\/11-Thomas-150x150.jpg","size_medium":"https:\/\/www.poloaldi.it\/wp-content\/uploads\/2023\/04\/11-Thomas-300x207.jpg","size_large":"https:\/\/www.poloaldi.it\/wp-content\/uploads\/2023\/04\/11-Thomas-1024x707.jpg","size_full":"https:\/\/www.poloaldi.it\/wp-content\/uploads\/2023\/04\/11-Thomas.jpg"},"imic_artwork_images":null,"imic_artwork_dimension":["69,4 x 86,8"],"imic_artwork_price":null,"_edit_lock":"1681838383:1","_links":{"self":[{"href":"https:\/\/www.poloaldi.it\/de\/wp-json\/wp\/v2\/artwork\/6769","targetHints":{"allow":["GET"]}}],"collection":[{"href":"https:\/\/www.poloaldi.it\/de\/wp-json\/wp\/v2\/artwork"}],"about":[{"href":"https:\/\/www.poloaldi.it\/de\/wp-json\/wp\/v2\/types\/artwork"}],"author":[{"embeddable":true,"href":"https:\/\/www.poloaldi.it\/de\/wp-json\/wp\/v2\/users\/1"}],"replies":[{"embeddable":true,"href":"https:\/\/www.poloaldi.it\/de\/wp-json\/wp\/v2\/comments?post=6769"}],"wp:featuredmedia":[{"embeddable":true,"href":"https:\/\/www.poloaldi.it\/de\/wp-json\/wp\/v2\/media\/6767"}],"wp:attachment":[{"href":"https:\/\/www.poloaldi.it\/de\/wp-json\/wp\/v2\/media?parent=6769"}],"wp:term":[{"taxonomy":"artwork-category","embeddable":true,"href":"https:\/\/www.poloaldi.it\/de\/wp-json\/wp\/v2\/artwork-category?post=6769"},{"taxonomy":"artwork-tags","embeddable":true,"href":"https:\/\/www.poloaldi.it\/de\/wp-json\/wp\/v2\/artwork-tags?post=6769"},{"taxonomy":"artwork-artists","embeddable":true,"href":"https:\/\/www.poloaldi.it\/de\/wp-json\/wp\/v2\/artwork-artists?post=6769"}],"curies":[{"name":"wp","href":"https:\/\/api.w.org\/{rel}","templated":true}]}}

<p><b>Gerard Thomas (Antwerpen 1663 &#8211; 1720)?<span class="Apple-converted-space"> </span></b></p>
<p><b>nach einem Modell von Simon de Vos (Antwerpen 1603 &#8211; 1670)</b></p>
<p><strong><i>Die Trunkenheit des Bacchus</i></strong></p>
<p>Öl auf Leinwand, 69,4 x 86,8 cm<span class="Apple-converted-space"> </span></p>
<p>Das Gemälde zeigt eine Gruppe von Trinkern, angeführt von dem dicken Bacchus mit zwei Satyrn, die um einen Tisch voller Köstlichkeiten (Austern, Hummer, Kürbis) schwelgen. Die Ikonographie des Weingottes und die verschiedenen mit ihm verbundenen Themen sind in der Malerei seit der Renaissance weit verbreitet. Sehr oft wird eine allegorische oder moralisierende Bedeutung impliziert, die in unserem Fall als Warnung vor irdischen Vergnügungen und Eitelkeiten gelesen werden kann.<span class="Apple-converted-space"> </span></p>

Die flämische Malerei

<!-- This site is optimized with the Yoast SEO plugin v20.10 - https://yoast.com/wordpress/plugins/seo/ -->
<title>Die Trunkenheit des Bacchus - Polo Culturale Pietro Aldi</title>
<meta name="robots" content="index, follow, max-snippet:-1, max-image-preview:large, max-video-preview:-1" />
<link rel="canonical" href="https://www.poloaldi.it/de/artwork/die-trunkenheit-des-bacchus/" />
<meta property="og:locale" content="de_DE" />
<meta property="og:type" content="article" />
<meta property="og:title" content="Die Trunkenheit des Bacchus - Polo Culturale Pietro Aldi" />
<meta property="og:description" content="Gerard Thomas (Antwerpen 1663 &#8211; 1720)?  nach einem Modell von Simon de Vos (Antwerpen 1603 &#8211; 1670) Die Trunkenheit des Bacchus Öl auf Leinwand, 69,4 x 86,8 cm  Das Gemälde zeigt eine Gruppe von Trinkern, angeführt von dem dicken Bacchus mit zwei Satyrn, die um einen Tisch voller Köstlichkeiten (Austern, Hummer, Kürbis) schwelgen. Die Ikonographie des Weingottes und die verschiedenen mit ihm verbundenen Themen sind in der Malerei seit der Renaissance weit verbreitet. Sehr oft wird eine allegorische oder moralisierende Bedeutung impliziert, die in unserem Fall als Warnung vor irdischen Vergnügungen und Eitelkeiten gelesen werden kann. " />
<meta property="og:url" content="https://www.poloaldi.it/de/artwork/die-trunkenheit-des-bacchus/" />
<meta property="og:site_name" content="Polo Culturale Pietro Aldi" />
<meta property="article:publisher" content="https://www.facebook.com/polopietroaldi" />
<meta property="og:image" content="https://www.poloaldi.it/wp-content/uploads/2023/04/11-Thomas.jpg" />
	<meta property="og:image:width" content="1700" />
	<meta property="og:image:height" content="1174" />
	<meta property="og:image:type" content="image/jpeg" />
<meta name="twitter:card" content="summary_large_image" />
<meta name="twitter:site" content="@polopietroaldi" />
<meta name="twitter:label1" content="Geschätzte Lesezeit" />
	<meta name="twitter:data1" content="1 Minute" />
<script type="application/ld+json" class="yoast-schema-graph">{"@context":"https://schema.org","@graph":[{"@type":"WebPage","@id":"https://www.poloaldi.it/de/artwork/die-trunkenheit-des-bacchus/","url":"https://www.poloaldi.it/de/artwork/die-trunkenheit-des-bacchus/","name":"Die Trunkenheit des Bacchus - Polo Culturale Pietro Aldi","isPartOf":{"@id":"https://www.poloaldi.it/de/#website"},"datePublished":"2023-04-18T17:18:38+00:00","dateModified":"2023-04-18T17:18:38+00:00","breadcrumb":{"@id":"https://www.poloaldi.it/de/artwork/die-trunkenheit-des-bacchus/#breadcrumb"},"inLanguage":"de","potentialAction":[{"@type":"ReadAction","target":["https://www.poloaldi.it/de/artwork/die-trunkenheit-des-bacchus/"]}]},{"@type":"BreadcrumbList","@id":"https://www.poloaldi.it/de/artwork/die-trunkenheit-des-bacchus/#breadcrumb","itemListElement":[{"@type":"ListItem","position":1,"name":"Home","item":"https://www.poloaldi.it/de/"},{"@type":"ListItem","position":2,"name":"Artworks","item":"https://www.poloaldi.it/de/artwork/"},{"@type":"ListItem","position":3,"name":"Die Trunkenheit des Bacchus"}]},{"@type":"WebSite","@id":"https://www.poloaldi.it/de/#website","url":"https://www.poloaldi.it/de/","name":"Polo Culturale Pietro Aldi","description":"Patrimonio storico, culturale, artistico del nostro territorio","publisher":{"@id":"https://www.poloaldi.it/de/#organization"},"potentialAction":[{"@type":"SearchAction","target":{"@type":"EntryPoint","urlTemplate":"https://www.poloaldi.it/de/?s={search_term_string}"},"query-input":"required name=search_term_string"}],"inLanguage":"de"},{"@type":"Organization","@id":"https://www.poloaldi.it/de/#organization","name":"Polo Culturale Pietro Aldi","url":"https://www.poloaldi.it/de/","logo":{"@type":"ImageObject","inLanguage":"de","@id":"https://www.poloaldi.it/de/#/schema/logo/image/","url":"http://www.poloaldi.it/wp-content/uploads/2017/04/logo_pietro_aldi.png","contentUrl":"http://www.poloaldi.it/wp-content/uploads/2017/04/logo_pietro_aldi.png","width":942,"height":417,"caption":"Polo Culturale Pietro Aldi"},"image":{"@id":"https://www.poloaldi.it/de/#/schema/logo/image/"},"sameAs":["https://www.facebook.com/polopietroaldi","https://twitter.com/polopietroaldi","https://www.instagram.com/polopietroaldi/"]}]}</script>
<!-- / Yoast SEO plugin. -->

Gerard Thomas (Antwerpen 1663 &#8211; 1720)?  nach einem Modell von Simon de Vos (Antwerpen 1603 &#8211; 1670) Die Trunkenheit des Bacchus Öl auf Leinwand, 69,4 x 86,8 cm  Das Gemälde zeigt eine Gruppe von Trinkern, angeführt von dem dicken Bacchus mit zwei Satyrn, die um einen Tisch voller Köstlichkeiten (Austern, Hummer, Kürbis) schwelgen. Die Ikonographie des Weingottes und die verschiedenen mit ihm verbundenen Themen sind in der Malerei seit der Renaissance weit verbreitet. Sehr oft wird eine allegorische oder moralisierende Bedeutung impliziert, die in unserem Fall als Warnung vor irdischen Vergnügungen und Eitelkeiten gelesen werden kann.
