{"id":6757,"date":"2023-04-18T19:03:21","date_gmt":"2023-04-18T17:03:21","guid":{"rendered":"http:\/\/www.poloaldi.it\/?post_type=artwork&#038;p=6757"},"modified":"2023-04-18T19:03:58","modified_gmt":"2023-04-18T17:03:58","slug":"aufstieg-auf-den-kalvarienberg","status":"publish","type":"artwork","link":"https:\/\/www.poloaldi.it\/de\/artwork\/aufstieg-auf-den-kalvarienberg\/","title":{"rendered":"Aufstieg auf den Kalvarienberg"},"content":{"rendered":"<p><b>Der Monogramm-K\u00fcnstler J.A.D. (Jacques De L&#8217;Ange)<\/b><\/p>\n<p><b>(haupts\u00e4chlich in Antwerpen t\u00e4tig, ca. 1621 &#8211; ca. 1650)<\/b><\/p>\n<p><i>Aufstieg auf den Kalvarienberg<\/i><\/p>\n<p>\u00d6l auf Kupfer, 51 \u00d7 64,5 cm<span class=\"Apple-converted-space\">\u00a0<\/span><\/p>\n<p>Die Elemente des sp\u00e4ten fl\u00e4mischen Manierismus, die an Caravaggio erinnernden Lichteffekte, eine Rubens\u2019sche malerische Wucht und eine Farbpalette, die Van Dyck zu verdanken ist, f\u00fchren uns zu Jacques de L&#8217;Ange, der in Antwerpen bei Jan Cossiers ausgebildet wurde. Der entsprechende Katalog ist noch in Bearbeitung.<\/p>\n","protected":false},"author":1,"featured_media":6752,"comment_status":"closed","ping_status":"closed","template":"","artwork-category":[{"id":463,"slug":"esposizione-temporanea-de-1","name":"PASSIONI DI UN COLLEZIONISTA Dipinti fiamminghi e olandesi del Cinque e Seicento"},{"id":481,"slug":"die-flaemische-malerei","name":"Die fl\u00e4mische Malerei"}],"artwork-tags":[],"artwork-artists":[{"id":531,"slug":"jacques-de-lange-de","name":"Jacques De L\u2019Ange"}],"class_list":["post-6757","artwork","type-artwork","status-publish","has-post-thumbnail","hentry","artwork-category-esposizione-temporanea-de-1","artwork-category-die-flaemische-malerei","artwork-artists-jacques-de-lange-de"],"yoast_head":"<!-- This site is optimized with the Yoast SEO plugin v20.10 - https:\/\/yoast.com\/wordpress\/plugins\/seo\/ -->\n<title>Aufstieg auf den Kalvarienberg - Polo Culturale Pietro Aldi<\/title>\n<meta name=\"robots\" content=\"index, follow, max-snippet:-1, max-image-preview:large, max-video-preview:-1\" \/>\n<link rel=\"canonical\" href=\"https:\/\/www.poloaldi.it\/de\/artwork\/aufstieg-auf-den-kalvarienberg\/\" \/>\n<meta property=\"og:locale\" content=\"de_DE\" \/>\n<meta property=\"og:type\" content=\"article\" \/>\n<meta property=\"og:title\" content=\"Aufstieg auf den Kalvarienberg - Polo Culturale Pietro Aldi\" \/>\n<meta property=\"og:description\" content=\"Der Monogramm-K\u00fcnstler J.A.D. (Jacques De L&#8217;Ange) (haupts\u00e4chlich in Antwerpen t\u00e4tig, ca. 1621 &#8211; ca. 1650) Aufstieg auf den Kalvarienberg \u00d6l auf Kupfer, 51 \u00d7 64,5 cm\u00a0 Die Elemente des sp\u00e4ten fl\u00e4mischen Manierismus, die an Caravaggio erinnernden Lichteffekte, eine Rubens\u2019sche malerische Wucht und eine Farbpalette, die Van Dyck zu verdanken ist, f\u00fchren uns zu Jacques de L&#8217;Ange, der in Antwerpen bei Jan Cossiers ausgebildet wurde. Der entsprechende Katalog ist noch in Bearbeitung.\" \/>\n<meta property=\"og:url\" content=\"https:\/\/www.poloaldi.it\/de\/artwork\/aufstieg-auf-den-kalvarienberg\/\" \/>\n<meta property=\"og:site_name\" content=\"Polo Culturale Pietro Aldi\" \/>\n<meta property=\"article:publisher\" content=\"https:\/\/www.facebook.com\/polopietroaldi\" \/>\n<meta property=\"article:modified_time\" content=\"2023-04-18T17:03:58+00:00\" \/>\n<meta property=\"og:image\" content=\"https:\/\/www.poloaldi.it\/wp-content\/uploads\/2023\/04\/9-Monogrammista.jpg\" \/>\n\t<meta property=\"og:image:width\" content=\"1700\" \/>\n\t<meta property=\"og:image:height\" content=\"1338\" \/>\n\t<meta property=\"og:image:type\" content=\"image\/jpeg\" \/>\n<meta name=\"twitter:card\" content=\"summary_large_image\" \/>\n<meta name=\"twitter:site\" content=\"@polopietroaldi\" \/>\n<meta name=\"twitter:label1\" content=\"Gesch\u00e4tzte Lesezeit\" \/>\n\t<meta name=\"twitter:data1\" content=\"1\u00a0Minute\" \/>\n<script type=\"application\/ld+json\" class=\"yoast-schema-graph\">{\"@context\":\"https:\/\/schema.org\",\"@graph\":[{\"@type\":\"WebPage\",\"@id\":\"https:\/\/www.poloaldi.it\/de\/artwork\/aufstieg-auf-den-kalvarienberg\/\",\"url\":\"https:\/\/www.poloaldi.it\/de\/artwork\/aufstieg-auf-den-kalvarienberg\/\",\"name\":\"Aufstieg auf den Kalvarienberg - Polo Culturale Pietro Aldi\",\"isPartOf\":{\"@id\":\"https:\/\/www.poloaldi.it\/de\/#website\"},\"datePublished\":\"2023-04-18T17:03:21+00:00\",\"dateModified\":\"2023-04-18T17:03:58+00:00\",\"breadcrumb\":{\"@id\":\"https:\/\/www.poloaldi.it\/de\/artwork\/aufstieg-auf-den-kalvarienberg\/#breadcrumb\"},\"inLanguage\":\"de\",\"potentialAction\":[{\"@type\":\"ReadAction\",\"target\":[\"https:\/\/www.poloaldi.it\/de\/artwork\/aufstieg-auf-den-kalvarienberg\/\"]}]},{\"@type\":\"BreadcrumbList\",\"@id\":\"https:\/\/www.poloaldi.it\/de\/artwork\/aufstieg-auf-den-kalvarienberg\/#breadcrumb\",\"itemListElement\":[{\"@type\":\"ListItem\",\"position\":1,\"name\":\"Home\",\"item\":\"https:\/\/www.poloaldi.it\/de\/\"},{\"@type\":\"ListItem\",\"position\":2,\"name\":\"Artworks\",\"item\":\"https:\/\/www.poloaldi.it\/de\/artwork\/\"},{\"@type\":\"ListItem\",\"position\":3,\"name\":\"Aufstieg auf den Kalvarienberg\"}]},{\"@type\":\"WebSite\",\"@id\":\"https:\/\/www.poloaldi.it\/de\/#website\",\"url\":\"https:\/\/www.poloaldi.it\/de\/\",\"name\":\"Polo Culturale Pietro Aldi\",\"description\":\"Patrimonio storico, culturale, artistico del nostro territorio\",\"publisher\":{\"@id\":\"https:\/\/www.poloaldi.it\/de\/#organization\"},\"potentialAction\":[{\"@type\":\"SearchAction\",\"target\":{\"@type\":\"EntryPoint\",\"urlTemplate\":\"https:\/\/www.poloaldi.it\/de\/?s={search_term_string}\"},\"query-input\":\"required name=search_term_string\"}],\"inLanguage\":\"de\"},{\"@type\":\"Organization\",\"@id\":\"https:\/\/www.poloaldi.it\/de\/#organization\",\"name\":\"Polo Culturale Pietro Aldi\",\"url\":\"https:\/\/www.poloaldi.it\/de\/\",\"logo\":{\"@type\":\"ImageObject\",\"inLanguage\":\"de\",\"@id\":\"https:\/\/www.poloaldi.it\/de\/#\/schema\/logo\/image\/\",\"url\":\"http:\/\/www.poloaldi.it\/wp-content\/uploads\/2017\/04\/logo_pietro_aldi.png\",\"contentUrl\":\"http:\/\/www.poloaldi.it\/wp-content\/uploads\/2017\/04\/logo_pietro_aldi.png\",\"width\":942,\"height\":417,\"caption\":\"Polo Culturale Pietro Aldi\"},\"image\":{\"@id\":\"https:\/\/www.poloaldi.it\/de\/#\/schema\/logo\/image\/\"},\"sameAs\":[\"https:\/\/www.facebook.com\/polopietroaldi\",\"https:\/\/twitter.com\/polopietroaldi\",\"https:\/\/www.instagram.com\/polopietroaldi\/\"]}]}<\/script>\n<!-- \/ Yoast SEO plugin. -->","yoast_head_json":{"title":"Aufstieg auf den Kalvarienberg - Polo Culturale Pietro Aldi","robots":{"index":"index","follow":"follow","max-snippet":"max-snippet:-1","max-image-preview":"max-image-preview:large","max-video-preview":"max-video-preview:-1"},"canonical":"https:\/\/www.poloaldi.it\/de\/artwork\/aufstieg-auf-den-kalvarienberg\/","og_locale":"de_DE","og_type":"article","og_title":"Aufstieg auf den Kalvarienberg - Polo Culturale Pietro Aldi","og_description":"Der Monogramm-K\u00fcnstler J.A.D. (Jacques De L&#8217;Ange) (haupts\u00e4chlich in Antwerpen t\u00e4tig, ca. 1621 &#8211; ca. 1650) Aufstieg auf den Kalvarienberg \u00d6l auf Kupfer, 51 \u00d7 64,5 cm\u00a0 Die Elemente des sp\u00e4ten fl\u00e4mischen Manierismus, die an Caravaggio erinnernden Lichteffekte, eine Rubens\u2019sche malerische Wucht und eine Farbpalette, die Van Dyck zu verdanken ist, f\u00fchren uns zu Jacques de L&#8217;Ange, der in Antwerpen bei Jan Cossiers ausgebildet wurde. Der entsprechende Katalog ist noch in Bearbeitung.","og_url":"https:\/\/www.poloaldi.it\/de\/artwork\/aufstieg-auf-den-kalvarienberg\/","og_site_name":"Polo Culturale Pietro Aldi","article_publisher":"https:\/\/www.facebook.com\/polopietroaldi","article_modified_time":"2023-04-18T17:03:58+00:00","og_image":[{"width":1700,"height":1338,"url":"https:\/\/www.poloaldi.it\/wp-content\/uploads\/2023\/04\/9-Monogrammista.jpg","type":"image\/jpeg"}],"twitter_card":"summary_large_image","twitter_site":"@polopietroaldi","twitter_misc":{"Gesch\u00e4tzte Lesezeit":"1\u00a0Minute"},"schema":{"@context":"https:\/\/schema.org","@graph":[{"@type":"WebPage","@id":"https:\/\/www.poloaldi.it\/de\/artwork\/aufstieg-auf-den-kalvarienberg\/","url":"https:\/\/www.poloaldi.it\/de\/artwork\/aufstieg-auf-den-kalvarienberg\/","name":"Aufstieg auf den Kalvarienberg - Polo Culturale Pietro Aldi","isPartOf":{"@id":"https:\/\/www.poloaldi.it\/de\/#website"},"datePublished":"2023-04-18T17:03:21+00:00","dateModified":"2023-04-18T17:03:58+00:00","breadcrumb":{"@id":"https:\/\/www.poloaldi.it\/de\/artwork\/aufstieg-auf-den-kalvarienberg\/#breadcrumb"},"inLanguage":"de","potentialAction":[{"@type":"ReadAction","target":["https:\/\/www.poloaldi.it\/de\/artwork\/aufstieg-auf-den-kalvarienberg\/"]}]},{"@type":"BreadcrumbList","@id":"https:\/\/www.poloaldi.it\/de\/artwork\/aufstieg-auf-den-kalvarienberg\/#breadcrumb","itemListElement":[{"@type":"ListItem","position":1,"name":"Home","item":"https:\/\/www.poloaldi.it\/de\/"},{"@type":"ListItem","position":2,"name":"Artworks","item":"https:\/\/www.poloaldi.it\/de\/artwork\/"},{"@type":"ListItem","position":3,"name":"Aufstieg auf den Kalvarienberg"}]},{"@type":"WebSite","@id":"https:\/\/www.poloaldi.it\/de\/#website","url":"https:\/\/www.poloaldi.it\/de\/","name":"Polo Culturale Pietro Aldi","description":"Patrimonio storico, culturale, artistico del nostro territorio","publisher":{"@id":"https:\/\/www.poloaldi.it\/de\/#organization"},"potentialAction":[{"@type":"SearchAction","target":{"@type":"EntryPoint","urlTemplate":"https:\/\/www.poloaldi.it\/de\/?s={search_term_string}"},"query-input":"required name=search_term_string"}],"inLanguage":"de"},{"@type":"Organization","@id":"https:\/\/www.poloaldi.it\/de\/#organization","name":"Polo Culturale Pietro Aldi","url":"https:\/\/www.poloaldi.it\/de\/","logo":{"@type":"ImageObject","inLanguage":"de","@id":"https:\/\/www.poloaldi.it\/de\/#\/schema\/logo\/image\/","url":"http:\/\/www.poloaldi.it\/wp-content\/uploads\/2017\/04\/logo_pietro_aldi.png","contentUrl":"http:\/\/www.poloaldi.it\/wp-content\/uploads\/2017\/04\/logo_pietro_aldi.png","width":942,"height":417,"caption":"Polo Culturale Pietro Aldi"},"image":{"@id":"https:\/\/www.poloaldi.it\/de\/#\/schema\/logo\/image\/"},"sameAs":["https:\/\/www.facebook.com\/polopietroaldi","https:\/\/twitter.com\/polopietroaldi","https:\/\/www.instagram.com\/polopietroaldi\/"]}]}},"featured_image":{"size_thumbnail":"https:\/\/www.poloaldi.it\/wp-content\/uploads\/2023\/04\/9-Monogrammista-150x150.jpg","size_medium":"https:\/\/www.poloaldi.it\/wp-content\/uploads\/2023\/04\/9-Monogrammista-300x236.jpg","size_large":"https:\/\/www.poloaldi.it\/wp-content\/uploads\/2023\/04\/9-Monogrammista-1024x806.jpg","size_full":"https:\/\/www.poloaldi.it\/wp-content\/uploads\/2023\/04\/9-Monogrammista.jpg"},"imic_artwork_images":null,"imic_artwork_dimension":null,"imic_artwork_price":null,"_edit_lock":"1681837441:1","_links":{"self":[{"href":"https:\/\/www.poloaldi.it\/de\/wp-json\/wp\/v2\/artwork\/6757","targetHints":{"allow":["GET"]}}],"collection":[{"href":"https:\/\/www.poloaldi.it\/de\/wp-json\/wp\/v2\/artwork"}],"about":[{"href":"https:\/\/www.poloaldi.it\/de\/wp-json\/wp\/v2\/types\/artwork"}],"author":[{"embeddable":true,"href":"https:\/\/www.poloaldi.it\/de\/wp-json\/wp\/v2\/users\/1"}],"replies":[{"embeddable":true,"href":"https:\/\/www.poloaldi.it\/de\/wp-json\/wp\/v2\/comments?post=6757"}],"wp:featuredmedia":[{"embeddable":true,"href":"https:\/\/www.poloaldi.it\/de\/wp-json\/wp\/v2\/media\/6752"}],"wp:attachment":[{"href":"https:\/\/www.poloaldi.it\/de\/wp-json\/wp\/v2\/media?parent=6757"}],"wp:term":[{"taxonomy":"artwork-category","embeddable":true,"href":"https:\/\/www.poloaldi.it\/de\/wp-json\/wp\/v2\/artwork-category?post=6757"},{"taxonomy":"artwork-tags","embeddable":true,"href":"https:\/\/www.poloaldi.it\/de\/wp-json\/wp\/v2\/artwork-tags?post=6757"},{"taxonomy":"artwork-artists","embeddable":true,"href":"https:\/\/www.poloaldi.it\/de\/wp-json\/wp\/v2\/artwork-artists?post=6757"}],"curies":[{"name":"wp","href":"https:\/\/api.w.org\/{rel}","templated":true}]}}

<p><b>Der Monogramm-Künstler J.A.D. (Jacques De L&#8217;Ange)</b></p>
<p><b>(hauptsächlich in Antwerpen tätig, ca. 1621 &#8211; ca. 1650)</b></p>
<p><i>Aufstieg auf den Kalvarienberg</i></p>
<p>Öl auf Kupfer, 51 × 64,5 cm<span class="Apple-converted-space"> </span></p>
<p>Die Elemente des späten flämischen Manierismus, die an Caravaggio erinnernden Lichteffekte, eine Rubens’sche malerische Wucht und eine Farbpalette, die Van Dyck zu verdanken ist, führen uns zu Jacques de L&#8217;Ange, der in Antwerpen bei Jan Cossiers ausgebildet wurde. Der entsprechende Katalog ist noch in Bearbeitung.</p>

Die flämische Malerei

<!-- This site is optimized with the Yoast SEO plugin v20.10 - https://yoast.com/wordpress/plugins/seo/ -->
<title>Aufstieg auf den Kalvarienberg - Polo Culturale Pietro Aldi</title>
<meta name="robots" content="index, follow, max-snippet:-1, max-image-preview:large, max-video-preview:-1" />
<link rel="canonical" href="https://www.poloaldi.it/de/artwork/aufstieg-auf-den-kalvarienberg/" />
<meta property="og:locale" content="de_DE" />
<meta property="og:type" content="article" />
<meta property="og:title" content="Aufstieg auf den Kalvarienberg - Polo Culturale Pietro Aldi" />
<meta property="og:description" content="Der Monogramm-Künstler J.A.D. (Jacques De L&#8217;Ange) (hauptsächlich in Antwerpen tätig, ca. 1621 &#8211; ca. 1650) Aufstieg auf den Kalvarienberg Öl auf Kupfer, 51 × 64,5 cm  Die Elemente des späten flämischen Manierismus, die an Caravaggio erinnernden Lichteffekte, eine Rubens’sche malerische Wucht und eine Farbpalette, die Van Dyck zu verdanken ist, führen uns zu Jacques de L&#8217;Ange, der in Antwerpen bei Jan Cossiers ausgebildet wurde. Der entsprechende Katalog ist noch in Bearbeitung." />
<meta property="og:url" content="https://www.poloaldi.it/de/artwork/aufstieg-auf-den-kalvarienberg/" />
<meta property="og:site_name" content="Polo Culturale Pietro Aldi" />
<meta property="article:publisher" content="https://www.facebook.com/polopietroaldi" />
<meta property="article:modified_time" content="2023-04-18T17:03:58+00:00" />
<meta property="og:image" content="https://www.poloaldi.it/wp-content/uploads/2023/04/9-Monogrammista.jpg" />
	<meta property="og:image:width" content="1700" />
	<meta property="og:image:height" content="1338" />
	<meta property="og:image:type" content="image/jpeg" />
<meta name="twitter:card" content="summary_large_image" />
<meta name="twitter:site" content="@polopietroaldi" />
<meta name="twitter:label1" content="Geschätzte Lesezeit" />
	<meta name="twitter:data1" content="1 Minute" />
<script type="application/ld+json" class="yoast-schema-graph">{"@context":"https://schema.org","@graph":[{"@type":"WebPage","@id":"https://www.poloaldi.it/de/artwork/aufstieg-auf-den-kalvarienberg/","url":"https://www.poloaldi.it/de/artwork/aufstieg-auf-den-kalvarienberg/","name":"Aufstieg auf den Kalvarienberg - Polo Culturale Pietro Aldi","isPartOf":{"@id":"https://www.poloaldi.it/de/#website"},"datePublished":"2023-04-18T17:03:21+00:00","dateModified":"2023-04-18T17:03:58+00:00","breadcrumb":{"@id":"https://www.poloaldi.it/de/artwork/aufstieg-auf-den-kalvarienberg/#breadcrumb"},"inLanguage":"de","potentialAction":[{"@type":"ReadAction","target":["https://www.poloaldi.it/de/artwork/aufstieg-auf-den-kalvarienberg/"]}]},{"@type":"BreadcrumbList","@id":"https://www.poloaldi.it/de/artwork/aufstieg-auf-den-kalvarienberg/#breadcrumb","itemListElement":[{"@type":"ListItem","position":1,"name":"Home","item":"https://www.poloaldi.it/de/"},{"@type":"ListItem","position":2,"name":"Artworks","item":"https://www.poloaldi.it/de/artwork/"},{"@type":"ListItem","position":3,"name":"Aufstieg auf den Kalvarienberg"}]},{"@type":"WebSite","@id":"https://www.poloaldi.it/de/#website","url":"https://www.poloaldi.it/de/","name":"Polo Culturale Pietro Aldi","description":"Patrimonio storico, culturale, artistico del nostro territorio","publisher":{"@id":"https://www.poloaldi.it/de/#organization"},"potentialAction":[{"@type":"SearchAction","target":{"@type":"EntryPoint","urlTemplate":"https://www.poloaldi.it/de/?s={search_term_string}"},"query-input":"required name=search_term_string"}],"inLanguage":"de"},{"@type":"Organization","@id":"https://www.poloaldi.it/de/#organization","name":"Polo Culturale Pietro Aldi","url":"https://www.poloaldi.it/de/","logo":{"@type":"ImageObject","inLanguage":"de","@id":"https://www.poloaldi.it/de/#/schema/logo/image/","url":"http://www.poloaldi.it/wp-content/uploads/2017/04/logo_pietro_aldi.png","contentUrl":"http://www.poloaldi.it/wp-content/uploads/2017/04/logo_pietro_aldi.png","width":942,"height":417,"caption":"Polo Culturale Pietro Aldi"},"image":{"@id":"https://www.poloaldi.it/de/#/schema/logo/image/"},"sameAs":["https://www.facebook.com/polopietroaldi","https://twitter.com/polopietroaldi","https://www.instagram.com/polopietroaldi/"]}]}</script>
<!-- / Yoast SEO plugin. -->

Der Monogramm-Künstler J.A.D. (Jacques De L&#8217;Ange) (hauptsächlich in Antwerpen tätig, ca. 1621 &#8211; ca. 1650) Aufstieg auf den Kalvarienberg Öl auf Kupfer, 51 × 64,5 cm  Die Elemente des späten flämischen Manierismus, die an Caravaggio erinnernden Lichteffekte, eine Rubens’sche malerische Wucht und eine Farbpalette, die Van Dyck zu verdanken ist, führen uns zu Jacques de L&#8217;Ange, der in Antwerpen bei Jan Cossiers ausgebildet wurde. Der entsprechende Katalog ist noch in Bearbeitung.
