{"id":6748,"date":"2023-04-18T18:47:21","date_gmt":"2023-04-18T16:47:21","guid":{"rendered":"http:\/\/www.poloaldi.it\/?post_type=artwork&#038;p=6748"},"modified":"2023-04-18T18:47:21","modified_gmt":"2023-04-18T16:47:21","slug":"diana-und-kallisto-in-einer-landschaft","status":"publish","type":"artwork","link":"https:\/\/www.poloaldi.it\/de\/artwork\/diana-und-kallisto-in-einer-landschaft\/","title":{"rendered":"Diana und Kallisto in einer Landschaft"},"content":{"rendered":"<p><b>Jacques d&#8217;Arthois (Br\u00fcssel 1613 &#8211; 1683), Rundbild<\/b><\/p>\n<p><b>und <\/b><b>Figurenmaler der Br\u00fcsseler Schule (?), drittes Viertel 17. Jh.<\/b><\/p>\n<p><i>Diana und Kallisto in einer Landschaft<\/i><\/p>\n<p>\u00d6l auf Kupfer, 69,6 x 86,5 cm <span class=\"Apple-converted-space\">\u00a0<\/span><\/p>\n<p>Das Gem\u00e4lde, das Jupiter in Gestalt von Diana darstellt, welche die Nymphe Callisto verf\u00fchrt (Ovid, Metamorphosen), ist dem fl\u00e4mischen Umfeld des 17. Jahrhunderts zuzuordnen, wie die von Rubens&#8217; Ideen beeinflusste Komposition und die Landschaft, die entsprechenden Werken der Br\u00fcsseler Schule mit Jacques d&#8217;Arthois als Hauptdarsteller \u00e4hnelt, erkl\u00e4ren. Der Sinn f\u00fcr Weite und die lebhafte, leuchtende Farbpalette sowie einige figurative Elemente, wie die gewundenen Baumst\u00e4mme, erinnern an ihn.<\/p>\n","protected":false},"author":1,"featured_media":6746,"comment_status":"closed","ping_status":"closed","template":"","artwork-category":[{"id":463,"slug":"esposizione-temporanea-de-1","name":"PASSIONI DI UN COLLEZIONISTA Dipinti fiamminghi e olandesi del Cinque e Seicento"},{"id":481,"slug":"die-flaemische-malerei","name":"Die fl\u00e4mische Malerei"}],"artwork-tags":[],"artwork-artists":[{"id":531,"slug":"jacques-de-lange-de","name":"Jacques De L\u2019Ange"}],"class_list":["post-6748","artwork","type-artwork","status-publish","has-post-thumbnail","hentry","artwork-category-esposizione-temporanea-de-1","artwork-category-die-flaemische-malerei","artwork-artists-jacques-de-lange-de"],"yoast_head":"<!-- This site is optimized with the Yoast SEO plugin v20.10 - https:\/\/yoast.com\/wordpress\/plugins\/seo\/ -->\n<title>Diana und Kallisto in einer Landschaft - Polo Culturale Pietro Aldi<\/title>\n<meta name=\"robots\" content=\"index, follow, max-snippet:-1, max-image-preview:large, max-video-preview:-1\" \/>\n<link rel=\"canonical\" href=\"https:\/\/www.poloaldi.it\/de\/artwork\/diana-und-kallisto-in-einer-landschaft\/\" \/>\n<meta property=\"og:locale\" content=\"de_DE\" \/>\n<meta property=\"og:type\" content=\"article\" \/>\n<meta property=\"og:title\" content=\"Diana und Kallisto in einer Landschaft - Polo Culturale Pietro Aldi\" \/>\n<meta property=\"og:description\" content=\"Jacques d&#8217;Arthois (Br\u00fcssel 1613 &#8211; 1683), Rundbild und Figurenmaler der Br\u00fcsseler Schule (?), drittes Viertel 17. Jh. Diana und Kallisto in einer Landschaft \u00d6l auf Kupfer, 69,6 x 86,5 cm \u00a0 Das Gem\u00e4lde, das Jupiter in Gestalt von Diana darstellt, welche die Nymphe Callisto verf\u00fchrt (Ovid, Metamorphosen), ist dem fl\u00e4mischen Umfeld des 17. Jahrhunderts zuzuordnen, wie die von Rubens&#8217; Ideen beeinflusste Komposition und die Landschaft, die entsprechenden Werken der Br\u00fcsseler Schule mit Jacques d&#8217;Arthois als Hauptdarsteller \u00e4hnelt, erkl\u00e4ren. Der Sinn f\u00fcr Weite und die lebhafte, leuchtende Farbpalette sowie einige figurative Elemente, wie die gewundenen Baumst\u00e4mme, erinnern an ihn.\" \/>\n<meta property=\"og:url\" content=\"https:\/\/www.poloaldi.it\/de\/artwork\/diana-und-kallisto-in-einer-landschaft\/\" \/>\n<meta property=\"og:site_name\" content=\"Polo Culturale Pietro Aldi\" \/>\n<meta property=\"article:publisher\" content=\"https:\/\/www.facebook.com\/polopietroaldi\" \/>\n<meta property=\"og:image\" content=\"http:\/\/www.poloaldi.it\/wp-content\/uploads\/2023\/04\/8-dArthois.jpg\" \/>\n\t<meta property=\"og:image:width\" content=\"1700\" \/>\n\t<meta property=\"og:image:height\" content=\"1371\" \/>\n\t<meta property=\"og:image:type\" content=\"image\/jpeg\" \/>\n<meta name=\"twitter:card\" content=\"summary_large_image\" \/>\n<meta name=\"twitter:site\" content=\"@polopietroaldi\" \/>\n<meta name=\"twitter:label1\" content=\"Gesch\u00e4tzte Lesezeit\" \/>\n\t<meta name=\"twitter:data1\" content=\"1\u00a0Minute\" \/>\n<script type=\"application\/ld+json\" class=\"yoast-schema-graph\">{\"@context\":\"https:\/\/schema.org\",\"@graph\":[{\"@type\":\"WebPage\",\"@id\":\"https:\/\/www.poloaldi.it\/de\/artwork\/diana-und-kallisto-in-einer-landschaft\/\",\"url\":\"https:\/\/www.poloaldi.it\/de\/artwork\/diana-und-kallisto-in-einer-landschaft\/\",\"name\":\"Diana und Kallisto in einer Landschaft - Polo Culturale Pietro Aldi\",\"isPartOf\":{\"@id\":\"https:\/\/www.poloaldi.it\/de\/#website\"},\"datePublished\":\"2023-04-18T16:47:21+00:00\",\"dateModified\":\"2023-04-18T16:47:21+00:00\",\"breadcrumb\":{\"@id\":\"https:\/\/www.poloaldi.it\/de\/artwork\/diana-und-kallisto-in-einer-landschaft\/#breadcrumb\"},\"inLanguage\":\"de\",\"potentialAction\":[{\"@type\":\"ReadAction\",\"target\":[\"https:\/\/www.poloaldi.it\/de\/artwork\/diana-und-kallisto-in-einer-landschaft\/\"]}]},{\"@type\":\"BreadcrumbList\",\"@id\":\"https:\/\/www.poloaldi.it\/de\/artwork\/diana-und-kallisto-in-einer-landschaft\/#breadcrumb\",\"itemListElement\":[{\"@type\":\"ListItem\",\"position\":1,\"name\":\"Home\",\"item\":\"https:\/\/www.poloaldi.it\/de\/\"},{\"@type\":\"ListItem\",\"position\":2,\"name\":\"Artworks\",\"item\":\"https:\/\/www.poloaldi.it\/de\/artwork\/\"},{\"@type\":\"ListItem\",\"position\":3,\"name\":\"Diana und Kallisto in einer Landschaft\"}]},{\"@type\":\"WebSite\",\"@id\":\"https:\/\/www.poloaldi.it\/de\/#website\",\"url\":\"https:\/\/www.poloaldi.it\/de\/\",\"name\":\"Polo Culturale Pietro Aldi\",\"description\":\"Patrimonio storico, culturale, artistico del nostro territorio\",\"publisher\":{\"@id\":\"https:\/\/www.poloaldi.it\/de\/#organization\"},\"potentialAction\":[{\"@type\":\"SearchAction\",\"target\":{\"@type\":\"EntryPoint\",\"urlTemplate\":\"https:\/\/www.poloaldi.it\/de\/?s={search_term_string}\"},\"query-input\":\"required name=search_term_string\"}],\"inLanguage\":\"de\"},{\"@type\":\"Organization\",\"@id\":\"https:\/\/www.poloaldi.it\/de\/#organization\",\"name\":\"Polo Culturale Pietro Aldi\",\"url\":\"https:\/\/www.poloaldi.it\/de\/\",\"logo\":{\"@type\":\"ImageObject\",\"inLanguage\":\"de\",\"@id\":\"https:\/\/www.poloaldi.it\/de\/#\/schema\/logo\/image\/\",\"url\":\"http:\/\/www.poloaldi.it\/wp-content\/uploads\/2017\/04\/logo_pietro_aldi.png\",\"contentUrl\":\"http:\/\/www.poloaldi.it\/wp-content\/uploads\/2017\/04\/logo_pietro_aldi.png\",\"width\":942,\"height\":417,\"caption\":\"Polo Culturale Pietro Aldi\"},\"image\":{\"@id\":\"https:\/\/www.poloaldi.it\/de\/#\/schema\/logo\/image\/\"},\"sameAs\":[\"https:\/\/www.facebook.com\/polopietroaldi\",\"https:\/\/twitter.com\/polopietroaldi\",\"https:\/\/www.instagram.com\/polopietroaldi\/\"]}]}<\/script>\n<!-- \/ Yoast SEO plugin. -->","yoast_head_json":{"title":"Diana und Kallisto in einer Landschaft - Polo Culturale Pietro Aldi","robots":{"index":"index","follow":"follow","max-snippet":"max-snippet:-1","max-image-preview":"max-image-preview:large","max-video-preview":"max-video-preview:-1"},"canonical":"https:\/\/www.poloaldi.it\/de\/artwork\/diana-und-kallisto-in-einer-landschaft\/","og_locale":"de_DE","og_type":"article","og_title":"Diana und Kallisto in einer Landschaft - Polo Culturale Pietro Aldi","og_description":"Jacques d&#8217;Arthois (Br\u00fcssel 1613 &#8211; 1683), Rundbild und Figurenmaler der Br\u00fcsseler Schule (?), drittes Viertel 17. Jh. Diana und Kallisto in einer Landschaft \u00d6l auf Kupfer, 69,6 x 86,5 cm \u00a0 Das Gem\u00e4lde, das Jupiter in Gestalt von Diana darstellt, welche die Nymphe Callisto verf\u00fchrt (Ovid, Metamorphosen), ist dem fl\u00e4mischen Umfeld des 17. Jahrhunderts zuzuordnen, wie die von Rubens&#8217; Ideen beeinflusste Komposition und die Landschaft, die entsprechenden Werken der Br\u00fcsseler Schule mit Jacques d&#8217;Arthois als Hauptdarsteller \u00e4hnelt, erkl\u00e4ren. Der Sinn f\u00fcr Weite und die lebhafte, leuchtende Farbpalette sowie einige figurative Elemente, wie die gewundenen Baumst\u00e4mme, erinnern an ihn.","og_url":"https:\/\/www.poloaldi.it\/de\/artwork\/diana-und-kallisto-in-einer-landschaft\/","og_site_name":"Polo Culturale Pietro Aldi","article_publisher":"https:\/\/www.facebook.com\/polopietroaldi","og_image":[{"width":1700,"height":1371,"url":"http:\/\/www.poloaldi.it\/wp-content\/uploads\/2023\/04\/8-dArthois.jpg","type":"image\/jpeg"}],"twitter_card":"summary_large_image","twitter_site":"@polopietroaldi","twitter_misc":{"Gesch\u00e4tzte Lesezeit":"1\u00a0Minute"},"schema":{"@context":"https:\/\/schema.org","@graph":[{"@type":"WebPage","@id":"https:\/\/www.poloaldi.it\/de\/artwork\/diana-und-kallisto-in-einer-landschaft\/","url":"https:\/\/www.poloaldi.it\/de\/artwork\/diana-und-kallisto-in-einer-landschaft\/","name":"Diana und Kallisto in einer Landschaft - Polo Culturale Pietro Aldi","isPartOf":{"@id":"https:\/\/www.poloaldi.it\/de\/#website"},"datePublished":"2023-04-18T16:47:21+00:00","dateModified":"2023-04-18T16:47:21+00:00","breadcrumb":{"@id":"https:\/\/www.poloaldi.it\/de\/artwork\/diana-und-kallisto-in-einer-landschaft\/#breadcrumb"},"inLanguage":"de","potentialAction":[{"@type":"ReadAction","target":["https:\/\/www.poloaldi.it\/de\/artwork\/diana-und-kallisto-in-einer-landschaft\/"]}]},{"@type":"BreadcrumbList","@id":"https:\/\/www.poloaldi.it\/de\/artwork\/diana-und-kallisto-in-einer-landschaft\/#breadcrumb","itemListElement":[{"@type":"ListItem","position":1,"name":"Home","item":"https:\/\/www.poloaldi.it\/de\/"},{"@type":"ListItem","position":2,"name":"Artworks","item":"https:\/\/www.poloaldi.it\/de\/artwork\/"},{"@type":"ListItem","position":3,"name":"Diana und Kallisto in einer Landschaft"}]},{"@type":"WebSite","@id":"https:\/\/www.poloaldi.it\/de\/#website","url":"https:\/\/www.poloaldi.it\/de\/","name":"Polo Culturale Pietro Aldi","description":"Patrimonio storico, culturale, artistico del nostro territorio","publisher":{"@id":"https:\/\/www.poloaldi.it\/de\/#organization"},"potentialAction":[{"@type":"SearchAction","target":{"@type":"EntryPoint","urlTemplate":"https:\/\/www.poloaldi.it\/de\/?s={search_term_string}"},"query-input":"required name=search_term_string"}],"inLanguage":"de"},{"@type":"Organization","@id":"https:\/\/www.poloaldi.it\/de\/#organization","name":"Polo Culturale Pietro Aldi","url":"https:\/\/www.poloaldi.it\/de\/","logo":{"@type":"ImageObject","inLanguage":"de","@id":"https:\/\/www.poloaldi.it\/de\/#\/schema\/logo\/image\/","url":"http:\/\/www.poloaldi.it\/wp-content\/uploads\/2017\/04\/logo_pietro_aldi.png","contentUrl":"http:\/\/www.poloaldi.it\/wp-content\/uploads\/2017\/04\/logo_pietro_aldi.png","width":942,"height":417,"caption":"Polo Culturale Pietro Aldi"},"image":{"@id":"https:\/\/www.poloaldi.it\/de\/#\/schema\/logo\/image\/"},"sameAs":["https:\/\/www.facebook.com\/polopietroaldi","https:\/\/twitter.com\/polopietroaldi","https:\/\/www.instagram.com\/polopietroaldi\/"]}]}},"featured_image":{"size_thumbnail":"https:\/\/www.poloaldi.it\/wp-content\/uploads\/2023\/04\/8-dArthois-150x150.jpg","size_medium":"https:\/\/www.poloaldi.it\/wp-content\/uploads\/2023\/04\/8-dArthois-300x242.jpg","size_large":"https:\/\/www.poloaldi.it\/wp-content\/uploads\/2023\/04\/8-dArthois-1024x826.jpg","size_full":"https:\/\/www.poloaldi.it\/wp-content\/uploads\/2023\/04\/8-dArthois.jpg"},"imic_artwork_images":null,"imic_artwork_dimension":["69,6 x 86,5"],"imic_artwork_price":null,"_edit_lock":"1681836306:1","_links":{"self":[{"href":"https:\/\/www.poloaldi.it\/de\/wp-json\/wp\/v2\/artwork\/6748","targetHints":{"allow":["GET"]}}],"collection":[{"href":"https:\/\/www.poloaldi.it\/de\/wp-json\/wp\/v2\/artwork"}],"about":[{"href":"https:\/\/www.poloaldi.it\/de\/wp-json\/wp\/v2\/types\/artwork"}],"author":[{"embeddable":true,"href":"https:\/\/www.poloaldi.it\/de\/wp-json\/wp\/v2\/users\/1"}],"replies":[{"embeddable":true,"href":"https:\/\/www.poloaldi.it\/de\/wp-json\/wp\/v2\/comments?post=6748"}],"wp:featuredmedia":[{"embeddable":true,"href":"https:\/\/www.poloaldi.it\/de\/wp-json\/wp\/v2\/media\/6746"}],"wp:attachment":[{"href":"https:\/\/www.poloaldi.it\/de\/wp-json\/wp\/v2\/media?parent=6748"}],"wp:term":[{"taxonomy":"artwork-category","embeddable":true,"href":"https:\/\/www.poloaldi.it\/de\/wp-json\/wp\/v2\/artwork-category?post=6748"},{"taxonomy":"artwork-tags","embeddable":true,"href":"https:\/\/www.poloaldi.it\/de\/wp-json\/wp\/v2\/artwork-tags?post=6748"},{"taxonomy":"artwork-artists","embeddable":true,"href":"https:\/\/www.poloaldi.it\/de\/wp-json\/wp\/v2\/artwork-artists?post=6748"}],"curies":[{"name":"wp","href":"https:\/\/api.w.org\/{rel}","templated":true}]}}

<p><b>Jacques d&#8217;Arthois (Brüssel 1613 &#8211; 1683), Rundbild</b></p>
<p><b>und </b><b>Figurenmaler der Brüsseler Schule (?), drittes Viertel 17. Jh.</b></p>
<p><i>Diana und Kallisto in einer Landschaft</i></p>
<p>Öl auf Kupfer, 69,6 x 86,5 cm <span class="Apple-converted-space"> </span></p>
<p>Das Gemälde, das Jupiter in Gestalt von Diana darstellt, welche die Nymphe Callisto verführt (Ovid, Metamorphosen), ist dem flämischen Umfeld des 17. Jahrhunderts zuzuordnen, wie die von Rubens&#8217; Ideen beeinflusste Komposition und die Landschaft, die entsprechenden Werken der Brüsseler Schule mit Jacques d&#8217;Arthois als Hauptdarsteller ähnelt, erklären. Der Sinn für Weite und die lebhafte, leuchtende Farbpalette sowie einige figurative Elemente, wie die gewundenen Baumstämme, erinnern an ihn.</p>

Die flämische Malerei

<!-- This site is optimized with the Yoast SEO plugin v20.10 - https://yoast.com/wordpress/plugins/seo/ -->
<title>Diana und Kallisto in einer Landschaft - Polo Culturale Pietro Aldi</title>
<meta name="robots" content="index, follow, max-snippet:-1, max-image-preview:large, max-video-preview:-1" />
<link rel="canonical" href="https://www.poloaldi.it/de/artwork/diana-und-kallisto-in-einer-landschaft/" />
<meta property="og:locale" content="de_DE" />
<meta property="og:type" content="article" />
<meta property="og:title" content="Diana und Kallisto in einer Landschaft - Polo Culturale Pietro Aldi" />
<meta property="og:description" content="Jacques d&#8217;Arthois (Brüssel 1613 &#8211; 1683), Rundbild und Figurenmaler der Brüsseler Schule (?), drittes Viertel 17. Jh. Diana und Kallisto in einer Landschaft Öl auf Kupfer, 69,6 x 86,5 cm   Das Gemälde, das Jupiter in Gestalt von Diana darstellt, welche die Nymphe Callisto verführt (Ovid, Metamorphosen), ist dem flämischen Umfeld des 17. Jahrhunderts zuzuordnen, wie die von Rubens&#8217; Ideen beeinflusste Komposition und die Landschaft, die entsprechenden Werken der Brüsseler Schule mit Jacques d&#8217;Arthois als Hauptdarsteller ähnelt, erklären. Der Sinn für Weite und die lebhafte, leuchtende Farbpalette sowie einige figurative Elemente, wie die gewundenen Baumstämme, erinnern an ihn." />
<meta property="og:url" content="https://www.poloaldi.it/de/artwork/diana-und-kallisto-in-einer-landschaft/" />
<meta property="og:site_name" content="Polo Culturale Pietro Aldi" />
<meta property="article:publisher" content="https://www.facebook.com/polopietroaldi" />
<meta property="og:image" content="http://www.poloaldi.it/wp-content/uploads/2023/04/8-dArthois.jpg" />
	<meta property="og:image:width" content="1700" />
	<meta property="og:image:height" content="1371" />
	<meta property="og:image:type" content="image/jpeg" />
<meta name="twitter:card" content="summary_large_image" />
<meta name="twitter:site" content="@polopietroaldi" />
<meta name="twitter:label1" content="Geschätzte Lesezeit" />
	<meta name="twitter:data1" content="1 Minute" />
<script type="application/ld+json" class="yoast-schema-graph">{"@context":"https://schema.org","@graph":[{"@type":"WebPage","@id":"https://www.poloaldi.it/de/artwork/diana-und-kallisto-in-einer-landschaft/","url":"https://www.poloaldi.it/de/artwork/diana-und-kallisto-in-einer-landschaft/","name":"Diana und Kallisto in einer Landschaft - Polo Culturale Pietro Aldi","isPartOf":{"@id":"https://www.poloaldi.it/de/#website"},"datePublished":"2023-04-18T16:47:21+00:00","dateModified":"2023-04-18T16:47:21+00:00","breadcrumb":{"@id":"https://www.poloaldi.it/de/artwork/diana-und-kallisto-in-einer-landschaft/#breadcrumb"},"inLanguage":"de","potentialAction":[{"@type":"ReadAction","target":["https://www.poloaldi.it/de/artwork/diana-und-kallisto-in-einer-landschaft/"]}]},{"@type":"BreadcrumbList","@id":"https://www.poloaldi.it/de/artwork/diana-und-kallisto-in-einer-landschaft/#breadcrumb","itemListElement":[{"@type":"ListItem","position":1,"name":"Home","item":"https://www.poloaldi.it/de/"},{"@type":"ListItem","position":2,"name":"Artworks","item":"https://www.poloaldi.it/de/artwork/"},{"@type":"ListItem","position":3,"name":"Diana und Kallisto in einer Landschaft"}]},{"@type":"WebSite","@id":"https://www.poloaldi.it/de/#website","url":"https://www.poloaldi.it/de/","name":"Polo Culturale Pietro Aldi","description":"Patrimonio storico, culturale, artistico del nostro territorio","publisher":{"@id":"https://www.poloaldi.it/de/#organization"},"potentialAction":[{"@type":"SearchAction","target":{"@type":"EntryPoint","urlTemplate":"https://www.poloaldi.it/de/?s={search_term_string}"},"query-input":"required name=search_term_string"}],"inLanguage":"de"},{"@type":"Organization","@id":"https://www.poloaldi.it/de/#organization","name":"Polo Culturale Pietro Aldi","url":"https://www.poloaldi.it/de/","logo":{"@type":"ImageObject","inLanguage":"de","@id":"https://www.poloaldi.it/de/#/schema/logo/image/","url":"http://www.poloaldi.it/wp-content/uploads/2017/04/logo_pietro_aldi.png","contentUrl":"http://www.poloaldi.it/wp-content/uploads/2017/04/logo_pietro_aldi.png","width":942,"height":417,"caption":"Polo Culturale Pietro Aldi"},"image":{"@id":"https://www.poloaldi.it/de/#/schema/logo/image/"},"sameAs":["https://www.facebook.com/polopietroaldi","https://twitter.com/polopietroaldi","https://www.instagram.com/polopietroaldi/"]}]}</script>
<!-- / Yoast SEO plugin. -->

Jacques d&#8217;Arthois (Brüssel 1613 &#8211; 1683), Rundbild und Figurenmaler der Brüsseler Schule (?), drittes Viertel 17. Jh. Diana und Kallisto in einer Landschaft Öl auf Kupfer, 69,6 x 86,5 cm   Das Gemälde, das Jupiter in Gestalt von Diana darstellt, welche die Nymphe Callisto verführt (Ovid, Metamorphosen), ist dem flämischen Umfeld des 17. Jahrhunderts zuzuordnen, wie die von Rubens&#8217; Ideen beeinflusste Komposition und die Landschaft, die entsprechenden Werken der Brüsseler Schule mit Jacques d&#8217;Arthois als Hauptdarsteller ähnelt, erklären. Der Sinn für Weite und die lebhafte, leuchtende Farbpalette sowie einige figurative Elemente, wie die gewundenen Baumstämme, erinnern an ihn.
