{"id":6724,"date":"2023-04-18T16:33:09","date_gmt":"2023-04-18T14:33:09","guid":{"rendered":"http:\/\/www.poloaldi.it\/?post_type=artwork&#038;p=6724"},"modified":"2023-04-18T20:08:07","modified_gmt":"2023-04-18T18:08:07","slug":"flusslandschaft-mit-eleganter-gesellschaft","status":"publish","type":"artwork","link":"https:\/\/www.poloaldi.it\/de\/artwork\/flusslandschaft-mit-eleganter-gesellschaft\/","title":{"rendered":"Flusslandschaft mit eleganter Gesellschaft"},"content":{"rendered":"<p><strong>Adriaen van Stalbempt<\/strong><\/p>\n<p><strong>(Antwerpen 1580 &#8211; 1662) und sein Sch\u00fcler<\/strong><\/p>\n<p><strong><em>Flusslandschaft mit eleganter Gesellschaft<\/em><\/strong><\/p>\n<p>\u00d6l auf Holztafel, 45,8 x 70,1 cm<\/p>\n<p>Ein idyllisches Bild der fl\u00e4mischen Landschaft, durchzogen von ruhigen Fl\u00fcssen, in denen sich der Himmel, die B\u00e4ume und die Geb\u00e4ude spiegeln. Diese Landschaft erinnert mit ihrer Struktur und dem Thema des h\u00f6fischen Lebens an Jan Brueghel I., aber auch an Rubens, und zwar durch die Nahperspektive, die eine innigere Beteiligung an der Szene erm\u00f6glicht.<\/p>\n","protected":false},"author":1,"featured_media":6810,"comment_status":"closed","ping_status":"closed","template":"","artwork-category":[{"id":463,"slug":"esposizione-temporanea-de-1","name":"PASSIONI DI UN COLLEZIONISTA Dipinti fiamminghi e olandesi del Cinque e Seicento"},{"id":481,"slug":"die-flaemische-malerei","name":"Die fl\u00e4mische Malerei"}],"artwork-tags":[],"artwork-artists":[{"id":513,"slug":"adriaen-van-stalbempt-de","name":"Adriaen van Stalbempt"}],"class_list":["post-6724","artwork","type-artwork","status-publish","has-post-thumbnail","hentry","artwork-category-esposizione-temporanea-de-1","artwork-category-die-flaemische-malerei","artwork-artists-adriaen-van-stalbempt-de"],"yoast_head":"<!-- This site is optimized with the Yoast SEO plugin v20.10 - https:\/\/yoast.com\/wordpress\/plugins\/seo\/ -->\n<title>Flusslandschaft mit eleganter Gesellschaft - Polo Culturale Pietro Aldi<\/title>\n<meta name=\"robots\" content=\"index, follow, max-snippet:-1, max-image-preview:large, max-video-preview:-1\" \/>\n<link rel=\"canonical\" href=\"https:\/\/www.poloaldi.it\/de\/artwork\/flusslandschaft-mit-eleganter-gesellschaft\/\" \/>\n<meta property=\"og:locale\" content=\"de_DE\" \/>\n<meta property=\"og:type\" content=\"article\" \/>\n<meta property=\"og:title\" content=\"Flusslandschaft mit eleganter Gesellschaft - Polo Culturale Pietro Aldi\" \/>\n<meta property=\"og:description\" content=\"Adriaen van Stalbempt (Antwerpen 1580 &#8211; 1662) und sein Sch\u00fcler Flusslandschaft mit eleganter Gesellschaft \u00d6l auf Holztafel, 45,8 x 70,1 cm Ein idyllisches Bild der fl\u00e4mischen Landschaft, durchzogen von ruhigen Fl\u00fcssen, in denen sich der Himmel, die B\u00e4ume und die Geb\u00e4ude spiegeln. Diese Landschaft erinnert mit ihrer Struktur und dem Thema des h\u00f6fischen Lebens an Jan Brueghel I., aber auch an Rubens, und zwar durch die Nahperspektive, die eine innigere Beteiligung an der Szene erm\u00f6glicht.\" \/>\n<meta property=\"og:url\" content=\"https:\/\/www.poloaldi.it\/de\/artwork\/flusslandschaft-mit-eleganter-gesellschaft\/\" \/>\n<meta property=\"og:site_name\" content=\"Polo Culturale Pietro Aldi\" \/>\n<meta property=\"article:publisher\" content=\"https:\/\/www.facebook.com\/polopietroaldi\" \/>\n<meta property=\"article:modified_time\" content=\"2023-04-18T18:08:07+00:00\" \/>\n<meta property=\"og:image\" content=\"https:\/\/www.poloaldi.it\/wp-content\/uploads\/2023\/04\/5-van-Stalbment.jpg\" \/>\n\t<meta property=\"og:image:width\" content=\"1700\" \/>\n\t<meta property=\"og:image:height\" content=\"1206\" \/>\n\t<meta property=\"og:image:type\" content=\"image\/jpeg\" \/>\n<meta name=\"twitter:card\" content=\"summary_large_image\" \/>\n<meta name=\"twitter:site\" content=\"@polopietroaldi\" \/>\n<meta name=\"twitter:label1\" content=\"Gesch\u00e4tzte Lesezeit\" \/>\n\t<meta name=\"twitter:data1\" content=\"1\u00a0Minute\" \/>\n<script type=\"application\/ld+json\" class=\"yoast-schema-graph\">{\"@context\":\"https:\/\/schema.org\",\"@graph\":[{\"@type\":\"WebPage\",\"@id\":\"https:\/\/www.poloaldi.it\/de\/artwork\/flusslandschaft-mit-eleganter-gesellschaft\/\",\"url\":\"https:\/\/www.poloaldi.it\/de\/artwork\/flusslandschaft-mit-eleganter-gesellschaft\/\",\"name\":\"Flusslandschaft mit eleganter Gesellschaft - Polo Culturale Pietro Aldi\",\"isPartOf\":{\"@id\":\"https:\/\/www.poloaldi.it\/de\/#website\"},\"datePublished\":\"2023-04-18T14:33:09+00:00\",\"dateModified\":\"2023-04-18T18:08:07+00:00\",\"breadcrumb\":{\"@id\":\"https:\/\/www.poloaldi.it\/de\/artwork\/flusslandschaft-mit-eleganter-gesellschaft\/#breadcrumb\"},\"inLanguage\":\"de\",\"potentialAction\":[{\"@type\":\"ReadAction\",\"target\":[\"https:\/\/www.poloaldi.it\/de\/artwork\/flusslandschaft-mit-eleganter-gesellschaft\/\"]}]},{\"@type\":\"BreadcrumbList\",\"@id\":\"https:\/\/www.poloaldi.it\/de\/artwork\/flusslandschaft-mit-eleganter-gesellschaft\/#breadcrumb\",\"itemListElement\":[{\"@type\":\"ListItem\",\"position\":1,\"name\":\"Home\",\"item\":\"https:\/\/www.poloaldi.it\/de\/\"},{\"@type\":\"ListItem\",\"position\":2,\"name\":\"Artworks\",\"item\":\"https:\/\/www.poloaldi.it\/de\/artwork\/\"},{\"@type\":\"ListItem\",\"position\":3,\"name\":\"Flusslandschaft mit eleganter Gesellschaft\"}]},{\"@type\":\"WebSite\",\"@id\":\"https:\/\/www.poloaldi.it\/de\/#website\",\"url\":\"https:\/\/www.poloaldi.it\/de\/\",\"name\":\"Polo Culturale Pietro Aldi\",\"description\":\"Patrimonio storico, culturale, artistico del nostro territorio\",\"publisher\":{\"@id\":\"https:\/\/www.poloaldi.it\/de\/#organization\"},\"potentialAction\":[{\"@type\":\"SearchAction\",\"target\":{\"@type\":\"EntryPoint\",\"urlTemplate\":\"https:\/\/www.poloaldi.it\/de\/?s={search_term_string}\"},\"query-input\":\"required name=search_term_string\"}],\"inLanguage\":\"de\"},{\"@type\":\"Organization\",\"@id\":\"https:\/\/www.poloaldi.it\/de\/#organization\",\"name\":\"Polo Culturale Pietro Aldi\",\"url\":\"https:\/\/www.poloaldi.it\/de\/\",\"logo\":{\"@type\":\"ImageObject\",\"inLanguage\":\"de\",\"@id\":\"https:\/\/www.poloaldi.it\/de\/#\/schema\/logo\/image\/\",\"url\":\"http:\/\/www.poloaldi.it\/wp-content\/uploads\/2017\/04\/logo_pietro_aldi.png\",\"contentUrl\":\"http:\/\/www.poloaldi.it\/wp-content\/uploads\/2017\/04\/logo_pietro_aldi.png\",\"width\":942,\"height\":417,\"caption\":\"Polo Culturale Pietro Aldi\"},\"image\":{\"@id\":\"https:\/\/www.poloaldi.it\/de\/#\/schema\/logo\/image\/\"},\"sameAs\":[\"https:\/\/www.facebook.com\/polopietroaldi\",\"https:\/\/twitter.com\/polopietroaldi\",\"https:\/\/www.instagram.com\/polopietroaldi\/\"]}]}<\/script>\n<!-- \/ Yoast SEO plugin. -->","yoast_head_json":{"title":"Flusslandschaft mit eleganter Gesellschaft - Polo Culturale Pietro Aldi","robots":{"index":"index","follow":"follow","max-snippet":"max-snippet:-1","max-image-preview":"max-image-preview:large","max-video-preview":"max-video-preview:-1"},"canonical":"https:\/\/www.poloaldi.it\/de\/artwork\/flusslandschaft-mit-eleganter-gesellschaft\/","og_locale":"de_DE","og_type":"article","og_title":"Flusslandschaft mit eleganter Gesellschaft - Polo Culturale Pietro Aldi","og_description":"Adriaen van Stalbempt (Antwerpen 1580 &#8211; 1662) und sein Sch\u00fcler Flusslandschaft mit eleganter Gesellschaft \u00d6l auf Holztafel, 45,8 x 70,1 cm Ein idyllisches Bild der fl\u00e4mischen Landschaft, durchzogen von ruhigen Fl\u00fcssen, in denen sich der Himmel, die B\u00e4ume und die Geb\u00e4ude spiegeln. Diese Landschaft erinnert mit ihrer Struktur und dem Thema des h\u00f6fischen Lebens an Jan Brueghel I., aber auch an Rubens, und zwar durch die Nahperspektive, die eine innigere Beteiligung an der Szene erm\u00f6glicht.","og_url":"https:\/\/www.poloaldi.it\/de\/artwork\/flusslandschaft-mit-eleganter-gesellschaft\/","og_site_name":"Polo Culturale Pietro Aldi","article_publisher":"https:\/\/www.facebook.com\/polopietroaldi","article_modified_time":"2023-04-18T18:08:07+00:00","og_image":[{"width":1700,"height":1206,"url":"https:\/\/www.poloaldi.it\/wp-content\/uploads\/2023\/04\/5-van-Stalbment.jpg","type":"image\/jpeg"}],"twitter_card":"summary_large_image","twitter_site":"@polopietroaldi","twitter_misc":{"Gesch\u00e4tzte Lesezeit":"1\u00a0Minute"},"schema":{"@context":"https:\/\/schema.org","@graph":[{"@type":"WebPage","@id":"https:\/\/www.poloaldi.it\/de\/artwork\/flusslandschaft-mit-eleganter-gesellschaft\/","url":"https:\/\/www.poloaldi.it\/de\/artwork\/flusslandschaft-mit-eleganter-gesellschaft\/","name":"Flusslandschaft mit eleganter Gesellschaft - Polo Culturale Pietro Aldi","isPartOf":{"@id":"https:\/\/www.poloaldi.it\/de\/#website"},"datePublished":"2023-04-18T14:33:09+00:00","dateModified":"2023-04-18T18:08:07+00:00","breadcrumb":{"@id":"https:\/\/www.poloaldi.it\/de\/artwork\/flusslandschaft-mit-eleganter-gesellschaft\/#breadcrumb"},"inLanguage":"de","potentialAction":[{"@type":"ReadAction","target":["https:\/\/www.poloaldi.it\/de\/artwork\/flusslandschaft-mit-eleganter-gesellschaft\/"]}]},{"@type":"BreadcrumbList","@id":"https:\/\/www.poloaldi.it\/de\/artwork\/flusslandschaft-mit-eleganter-gesellschaft\/#breadcrumb","itemListElement":[{"@type":"ListItem","position":1,"name":"Home","item":"https:\/\/www.poloaldi.it\/de\/"},{"@type":"ListItem","position":2,"name":"Artworks","item":"https:\/\/www.poloaldi.it\/de\/artwork\/"},{"@type":"ListItem","position":3,"name":"Flusslandschaft mit eleganter Gesellschaft"}]},{"@type":"WebSite","@id":"https:\/\/www.poloaldi.it\/de\/#website","url":"https:\/\/www.poloaldi.it\/de\/","name":"Polo Culturale Pietro Aldi","description":"Patrimonio storico, culturale, artistico del nostro territorio","publisher":{"@id":"https:\/\/www.poloaldi.it\/de\/#organization"},"potentialAction":[{"@type":"SearchAction","target":{"@type":"EntryPoint","urlTemplate":"https:\/\/www.poloaldi.it\/de\/?s={search_term_string}"},"query-input":"required name=search_term_string"}],"inLanguage":"de"},{"@type":"Organization","@id":"https:\/\/www.poloaldi.it\/de\/#organization","name":"Polo Culturale Pietro Aldi","url":"https:\/\/www.poloaldi.it\/de\/","logo":{"@type":"ImageObject","inLanguage":"de","@id":"https:\/\/www.poloaldi.it\/de\/#\/schema\/logo\/image\/","url":"http:\/\/www.poloaldi.it\/wp-content\/uploads\/2017\/04\/logo_pietro_aldi.png","contentUrl":"http:\/\/www.poloaldi.it\/wp-content\/uploads\/2017\/04\/logo_pietro_aldi.png","width":942,"height":417,"caption":"Polo Culturale Pietro Aldi"},"image":{"@id":"https:\/\/www.poloaldi.it\/de\/#\/schema\/logo\/image\/"},"sameAs":["https:\/\/www.facebook.com\/polopietroaldi","https:\/\/twitter.com\/polopietroaldi","https:\/\/www.instagram.com\/polopietroaldi\/"]}]}},"featured_image":{"size_thumbnail":"https:\/\/www.poloaldi.it\/wp-content\/uploads\/2023\/04\/5-van-Stalbment-150x150.jpg","size_medium":"https:\/\/www.poloaldi.it\/wp-content\/uploads\/2023\/04\/5-van-Stalbment-300x213.jpg","size_large":"https:\/\/www.poloaldi.it\/wp-content\/uploads\/2023\/04\/5-van-Stalbment-1024x726.jpg","size_full":"https:\/\/www.poloaldi.it\/wp-content\/uploads\/2023\/04\/5-van-Stalbment.jpg"},"imic_artwork_images":null,"imic_artwork_dimension":["45,8 x 70,1"],"imic_artwork_price":null,"_edit_lock":"1681841153:1","_links":{"self":[{"href":"https:\/\/www.poloaldi.it\/de\/wp-json\/wp\/v2\/artwork\/6724","targetHints":{"allow":["GET"]}}],"collection":[{"href":"https:\/\/www.poloaldi.it\/de\/wp-json\/wp\/v2\/artwork"}],"about":[{"href":"https:\/\/www.poloaldi.it\/de\/wp-json\/wp\/v2\/types\/artwork"}],"author":[{"embeddable":true,"href":"https:\/\/www.poloaldi.it\/de\/wp-json\/wp\/v2\/users\/1"}],"replies":[{"embeddable":true,"href":"https:\/\/www.poloaldi.it\/de\/wp-json\/wp\/v2\/comments?post=6724"}],"wp:featuredmedia":[{"embeddable":true,"href":"https:\/\/www.poloaldi.it\/de\/wp-json\/wp\/v2\/media\/6810"}],"wp:attachment":[{"href":"https:\/\/www.poloaldi.it\/de\/wp-json\/wp\/v2\/media?parent=6724"}],"wp:term":[{"taxonomy":"artwork-category","embeddable":true,"href":"https:\/\/www.poloaldi.it\/de\/wp-json\/wp\/v2\/artwork-category?post=6724"},{"taxonomy":"artwork-tags","embeddable":true,"href":"https:\/\/www.poloaldi.it\/de\/wp-json\/wp\/v2\/artwork-tags?post=6724"},{"taxonomy":"artwork-artists","embeddable":true,"href":"https:\/\/www.poloaldi.it\/de\/wp-json\/wp\/v2\/artwork-artists?post=6724"}],"curies":[{"name":"wp","href":"https:\/\/api.w.org\/{rel}","templated":true}]}}

<p><strong>Adriaen van Stalbempt</strong></p>
<p><strong>(Antwerpen 1580 &#8211; 1662) und sein Schüler</strong></p>
<p><strong><em>Flusslandschaft mit eleganter Gesellschaft</em></strong></p>
<p>Öl auf Holztafel, 45,8 x 70,1 cm</p>
<p>Ein idyllisches Bild der flämischen Landschaft, durchzogen von ruhigen Flüssen, in denen sich der Himmel, die Bäume und die Gebäude spiegeln. Diese Landschaft erinnert mit ihrer Struktur und dem Thema des höfischen Lebens an Jan Brueghel I., aber auch an Rubens, und zwar durch die Nahperspektive, die eine innigere Beteiligung an der Szene ermöglicht.</p>

Die flämische Malerei

<!-- This site is optimized with the Yoast SEO plugin v20.10 - https://yoast.com/wordpress/plugins/seo/ -->
<title>Flusslandschaft mit eleganter Gesellschaft - Polo Culturale Pietro Aldi</title>
<meta name="robots" content="index, follow, max-snippet:-1, max-image-preview:large, max-video-preview:-1" />
<link rel="canonical" href="https://www.poloaldi.it/de/artwork/flusslandschaft-mit-eleganter-gesellschaft/" />
<meta property="og:locale" content="de_DE" />
<meta property="og:type" content="article" />
<meta property="og:title" content="Flusslandschaft mit eleganter Gesellschaft - Polo Culturale Pietro Aldi" />
<meta property="og:description" content="Adriaen van Stalbempt (Antwerpen 1580 &#8211; 1662) und sein Schüler Flusslandschaft mit eleganter Gesellschaft Öl auf Holztafel, 45,8 x 70,1 cm Ein idyllisches Bild der flämischen Landschaft, durchzogen von ruhigen Flüssen, in denen sich der Himmel, die Bäume und die Gebäude spiegeln. Diese Landschaft erinnert mit ihrer Struktur und dem Thema des höfischen Lebens an Jan Brueghel I., aber auch an Rubens, und zwar durch die Nahperspektive, die eine innigere Beteiligung an der Szene ermöglicht." />
<meta property="og:url" content="https://www.poloaldi.it/de/artwork/flusslandschaft-mit-eleganter-gesellschaft/" />
<meta property="og:site_name" content="Polo Culturale Pietro Aldi" />
<meta property="article:publisher" content="https://www.facebook.com/polopietroaldi" />
<meta property="article:modified_time" content="2023-04-18T18:08:07+00:00" />
<meta property="og:image" content="https://www.poloaldi.it/wp-content/uploads/2023/04/5-van-Stalbment.jpg" />
	<meta property="og:image:width" content="1700" />
	<meta property="og:image:height" content="1206" />
	<meta property="og:image:type" content="image/jpeg" />
<meta name="twitter:card" content="summary_large_image" />
<meta name="twitter:site" content="@polopietroaldi" />
<meta name="twitter:label1" content="Geschätzte Lesezeit" />
	<meta name="twitter:data1" content="1 Minute" />
<script type="application/ld+json" class="yoast-schema-graph">{"@context":"https://schema.org","@graph":[{"@type":"WebPage","@id":"https://www.poloaldi.it/de/artwork/flusslandschaft-mit-eleganter-gesellschaft/","url":"https://www.poloaldi.it/de/artwork/flusslandschaft-mit-eleganter-gesellschaft/","name":"Flusslandschaft mit eleganter Gesellschaft - Polo Culturale Pietro Aldi","isPartOf":{"@id":"https://www.poloaldi.it/de/#website"},"datePublished":"2023-04-18T14:33:09+00:00","dateModified":"2023-04-18T18:08:07+00:00","breadcrumb":{"@id":"https://www.poloaldi.it/de/artwork/flusslandschaft-mit-eleganter-gesellschaft/#breadcrumb"},"inLanguage":"de","potentialAction":[{"@type":"ReadAction","target":["https://www.poloaldi.it/de/artwork/flusslandschaft-mit-eleganter-gesellschaft/"]}]},{"@type":"BreadcrumbList","@id":"https://www.poloaldi.it/de/artwork/flusslandschaft-mit-eleganter-gesellschaft/#breadcrumb","itemListElement":[{"@type":"ListItem","position":1,"name":"Home","item":"https://www.poloaldi.it/de/"},{"@type":"ListItem","position":2,"name":"Artworks","item":"https://www.poloaldi.it/de/artwork/"},{"@type":"ListItem","position":3,"name":"Flusslandschaft mit eleganter Gesellschaft"}]},{"@type":"WebSite","@id":"https://www.poloaldi.it/de/#website","url":"https://www.poloaldi.it/de/","name":"Polo Culturale Pietro Aldi","description":"Patrimonio storico, culturale, artistico del nostro territorio","publisher":{"@id":"https://www.poloaldi.it/de/#organization"},"potentialAction":[{"@type":"SearchAction","target":{"@type":"EntryPoint","urlTemplate":"https://www.poloaldi.it/de/?s={search_term_string}"},"query-input":"required name=search_term_string"}],"inLanguage":"de"},{"@type":"Organization","@id":"https://www.poloaldi.it/de/#organization","name":"Polo Culturale Pietro Aldi","url":"https://www.poloaldi.it/de/","logo":{"@type":"ImageObject","inLanguage":"de","@id":"https://www.poloaldi.it/de/#/schema/logo/image/","url":"http://www.poloaldi.it/wp-content/uploads/2017/04/logo_pietro_aldi.png","contentUrl":"http://www.poloaldi.it/wp-content/uploads/2017/04/logo_pietro_aldi.png","width":942,"height":417,"caption":"Polo Culturale Pietro Aldi"},"image":{"@id":"https://www.poloaldi.it/de/#/schema/logo/image/"},"sameAs":["https://www.facebook.com/polopietroaldi","https://twitter.com/polopietroaldi","https://www.instagram.com/polopietroaldi/"]}]}</script>
<!-- / Yoast SEO plugin. -->

Adriaen van Stalbempt (Antwerpen 1580 &#8211; 1662) und sein Schüler Flusslandschaft mit eleganter Gesellschaft Öl auf Holztafel, 45,8 x 70,1 cm Ein idyllisches Bild der flämischen Landschaft, durchzogen von ruhigen Flüssen, in denen sich der Himmel, die Bäume und die Gebäude spiegeln. Diese Landschaft erinnert mit ihrer Struktur und dem Thema des höfischen Lebens an Jan Brueghel I., aber auch an Rubens, und zwar durch die Nahperspektive, die eine innigere Beteiligung an der Szene ermöglicht.
