{"id":6710,"date":"2023-04-18T15:52:39","date_gmt":"2023-04-18T13:52:39","guid":{"rendered":"http:\/\/www.poloaldi.it\/?post_type=artwork&#038;p=6710"},"modified":"2023-04-18T15:52:39","modified_gmt":"2023-04-18T13:52:39","slug":"madonna-mit-jesuskind-und-engeln","status":"publish","type":"artwork","link":"https:\/\/www.poloaldi.it\/de\/artwork\/madonna-mit-jesuskind-und-engeln\/","title":{"rendered":"Madonna mit Jesuskind und Engeln"},"content":{"rendered":"<p><strong>Hendrick van Balen (Antwerpen 1575 &#8211; 1632)<\/strong><\/p>\n<p><em>Madonna mit Jesuskind und Engeln<\/em><\/p>\n<p>\u00d6l auf Kupfer, 30 x 23,7 cm<\/p>\n<p>Die verf\u00fchrerische Anmut und die emaillierte Zeichnung, die durch den Kupfertr\u00e4ger noch verst\u00e4rkt wird, machen dieses Gem\u00e4lde zu einem kleinen &#8220;Juwel&#8221;, das typisch f\u00fcr das Repertoire des fl\u00e4mischen K\u00fcnstlers ist, der zu Beginn des 17. Jahrhunderts t\u00e4tig war und sich haupts\u00e4chlich der Darstellung religi\u00f6ser oder mythologischer Themen widmete. Diese wurden mit einer dichten und farbenfroh beschreibenden Bildsprache interpretiert, die mehr auf eine angenehme und elegante Erz\u00e4hlung als auf eine dramatische Wiedergabe des Inhalts abzielte.<\/p>\n","protected":false},"author":1,"featured_media":6706,"comment_status":"closed","ping_status":"closed","template":"","artwork-category":[{"id":463,"slug":"esposizione-temporanea-de-1","name":"PASSIONI DI UN COLLEZIONISTA Dipinti fiamminghi e olandesi del Cinque e Seicento"},{"id":481,"slug":"die-flaemische-malerei","name":"Die fl\u00e4mische Malerei"}],"artwork-tags":[],"artwork-artists":[{"id":527,"slug":"hendrick-van-balen-de","name":"Hendrick van Balen"}],"class_list":["post-6710","artwork","type-artwork","status-publish","has-post-thumbnail","hentry","artwork-category-esposizione-temporanea-de-1","artwork-category-die-flaemische-malerei","artwork-artists-hendrick-van-balen-de"],"yoast_head":"<!-- This site is optimized with the Yoast SEO plugin v20.10 - https:\/\/yoast.com\/wordpress\/plugins\/seo\/ -->\n<title>Madonna mit Jesuskind und Engeln - Polo Culturale Pietro Aldi<\/title>\n<meta name=\"robots\" content=\"index, follow, max-snippet:-1, max-image-preview:large, max-video-preview:-1\" \/>\n<link rel=\"canonical\" href=\"https:\/\/www.poloaldi.it\/de\/artwork\/madonna-mit-jesuskind-und-engeln\/\" \/>\n<meta property=\"og:locale\" content=\"de_DE\" \/>\n<meta property=\"og:type\" content=\"article\" \/>\n<meta property=\"og:title\" content=\"Madonna mit Jesuskind und Engeln - Polo Culturale Pietro Aldi\" \/>\n<meta property=\"og:description\" content=\"Hendrick van Balen (Antwerpen 1575 &#8211; 1632) Madonna mit Jesuskind und Engeln \u00d6l auf Kupfer, 30 x 23,7 cm Die verf\u00fchrerische Anmut und die emaillierte Zeichnung, die durch den Kupfertr\u00e4ger noch verst\u00e4rkt wird, machen dieses Gem\u00e4lde zu einem kleinen &#8220;Juwel&#8221;, das typisch f\u00fcr das Repertoire des fl\u00e4mischen K\u00fcnstlers ist, der zu Beginn des 17. Jahrhunderts t\u00e4tig war und sich haupts\u00e4chlich der Darstellung religi\u00f6ser oder mythologischer Themen widmete. Diese wurden mit einer dichten und farbenfroh beschreibenden Bildsprache interpretiert, die mehr auf eine angenehme und elegante Erz\u00e4hlung als auf eine dramatische Wiedergabe des Inhalts abzielte.\" \/>\n<meta property=\"og:url\" content=\"https:\/\/www.poloaldi.it\/de\/artwork\/madonna-mit-jesuskind-und-engeln\/\" \/>\n<meta property=\"og:site_name\" content=\"Polo Culturale Pietro Aldi\" \/>\n<meta property=\"article:publisher\" content=\"https:\/\/www.facebook.com\/polopietroaldi\" \/>\n<meta property=\"og:image\" content=\"http:\/\/www.poloaldi.it\/wp-content\/uploads\/2023\/04\/3-van-Balen.jpg\" \/>\n\t<meta property=\"og:image:width\" content=\"1403\" \/>\n\t<meta property=\"og:image:height\" content=\"1700\" \/>\n\t<meta property=\"og:image:type\" content=\"image\/jpeg\" \/>\n<meta name=\"twitter:card\" content=\"summary_large_image\" \/>\n<meta name=\"twitter:site\" content=\"@polopietroaldi\" \/>\n<meta name=\"twitter:label1\" content=\"Gesch\u00e4tzte Lesezeit\" \/>\n\t<meta name=\"twitter:data1\" content=\"1\u00a0Minute\" \/>\n<script type=\"application\/ld+json\" class=\"yoast-schema-graph\">{\"@context\":\"https:\/\/schema.org\",\"@graph\":[{\"@type\":\"WebPage\",\"@id\":\"https:\/\/www.poloaldi.it\/de\/artwork\/madonna-mit-jesuskind-und-engeln\/\",\"url\":\"https:\/\/www.poloaldi.it\/de\/artwork\/madonna-mit-jesuskind-und-engeln\/\",\"name\":\"Madonna mit Jesuskind und Engeln - Polo Culturale Pietro Aldi\",\"isPartOf\":{\"@id\":\"https:\/\/www.poloaldi.it\/de\/#website\"},\"datePublished\":\"2023-04-18T13:52:39+00:00\",\"dateModified\":\"2023-04-18T13:52:39+00:00\",\"breadcrumb\":{\"@id\":\"https:\/\/www.poloaldi.it\/de\/artwork\/madonna-mit-jesuskind-und-engeln\/#breadcrumb\"},\"inLanguage\":\"de\",\"potentialAction\":[{\"@type\":\"ReadAction\",\"target\":[\"https:\/\/www.poloaldi.it\/de\/artwork\/madonna-mit-jesuskind-und-engeln\/\"]}]},{\"@type\":\"BreadcrumbList\",\"@id\":\"https:\/\/www.poloaldi.it\/de\/artwork\/madonna-mit-jesuskind-und-engeln\/#breadcrumb\",\"itemListElement\":[{\"@type\":\"ListItem\",\"position\":1,\"name\":\"Home\",\"item\":\"https:\/\/www.poloaldi.it\/de\/\"},{\"@type\":\"ListItem\",\"position\":2,\"name\":\"Artworks\",\"item\":\"https:\/\/www.poloaldi.it\/de\/artwork\/\"},{\"@type\":\"ListItem\",\"position\":3,\"name\":\"Madonna mit Jesuskind und Engeln\"}]},{\"@type\":\"WebSite\",\"@id\":\"https:\/\/www.poloaldi.it\/de\/#website\",\"url\":\"https:\/\/www.poloaldi.it\/de\/\",\"name\":\"Polo Culturale Pietro Aldi\",\"description\":\"Patrimonio storico, culturale, artistico del nostro territorio\",\"publisher\":{\"@id\":\"https:\/\/www.poloaldi.it\/de\/#organization\"},\"potentialAction\":[{\"@type\":\"SearchAction\",\"target\":{\"@type\":\"EntryPoint\",\"urlTemplate\":\"https:\/\/www.poloaldi.it\/de\/?s={search_term_string}\"},\"query-input\":\"required name=search_term_string\"}],\"inLanguage\":\"de\"},{\"@type\":\"Organization\",\"@id\":\"https:\/\/www.poloaldi.it\/de\/#organization\",\"name\":\"Polo Culturale Pietro Aldi\",\"url\":\"https:\/\/www.poloaldi.it\/de\/\",\"logo\":{\"@type\":\"ImageObject\",\"inLanguage\":\"de\",\"@id\":\"https:\/\/www.poloaldi.it\/de\/#\/schema\/logo\/image\/\",\"url\":\"http:\/\/www.poloaldi.it\/wp-content\/uploads\/2017\/04\/logo_pietro_aldi.png\",\"contentUrl\":\"http:\/\/www.poloaldi.it\/wp-content\/uploads\/2017\/04\/logo_pietro_aldi.png\",\"width\":942,\"height\":417,\"caption\":\"Polo Culturale Pietro Aldi\"},\"image\":{\"@id\":\"https:\/\/www.poloaldi.it\/de\/#\/schema\/logo\/image\/\"},\"sameAs\":[\"https:\/\/www.facebook.com\/polopietroaldi\",\"https:\/\/twitter.com\/polopietroaldi\",\"https:\/\/www.instagram.com\/polopietroaldi\/\"]}]}<\/script>\n<!-- \/ Yoast SEO plugin. -->","yoast_head_json":{"title":"Madonna mit Jesuskind und Engeln - Polo Culturale Pietro Aldi","robots":{"index":"index","follow":"follow","max-snippet":"max-snippet:-1","max-image-preview":"max-image-preview:large","max-video-preview":"max-video-preview:-1"},"canonical":"https:\/\/www.poloaldi.it\/de\/artwork\/madonna-mit-jesuskind-und-engeln\/","og_locale":"de_DE","og_type":"article","og_title":"Madonna mit Jesuskind und Engeln - Polo Culturale Pietro Aldi","og_description":"Hendrick van Balen (Antwerpen 1575 &#8211; 1632) Madonna mit Jesuskind und Engeln \u00d6l auf Kupfer, 30 x 23,7 cm Die verf\u00fchrerische Anmut und die emaillierte Zeichnung, die durch den Kupfertr\u00e4ger noch verst\u00e4rkt wird, machen dieses Gem\u00e4lde zu einem kleinen &#8220;Juwel&#8221;, das typisch f\u00fcr das Repertoire des fl\u00e4mischen K\u00fcnstlers ist, der zu Beginn des 17. Jahrhunderts t\u00e4tig war und sich haupts\u00e4chlich der Darstellung religi\u00f6ser oder mythologischer Themen widmete. Diese wurden mit einer dichten und farbenfroh beschreibenden Bildsprache interpretiert, die mehr auf eine angenehme und elegante Erz\u00e4hlung als auf eine dramatische Wiedergabe des Inhalts abzielte.","og_url":"https:\/\/www.poloaldi.it\/de\/artwork\/madonna-mit-jesuskind-und-engeln\/","og_site_name":"Polo Culturale Pietro Aldi","article_publisher":"https:\/\/www.facebook.com\/polopietroaldi","og_image":[{"width":1403,"height":1700,"url":"http:\/\/www.poloaldi.it\/wp-content\/uploads\/2023\/04\/3-van-Balen.jpg","type":"image\/jpeg"}],"twitter_card":"summary_large_image","twitter_site":"@polopietroaldi","twitter_misc":{"Gesch\u00e4tzte Lesezeit":"1\u00a0Minute"},"schema":{"@context":"https:\/\/schema.org","@graph":[{"@type":"WebPage","@id":"https:\/\/www.poloaldi.it\/de\/artwork\/madonna-mit-jesuskind-und-engeln\/","url":"https:\/\/www.poloaldi.it\/de\/artwork\/madonna-mit-jesuskind-und-engeln\/","name":"Madonna mit Jesuskind und Engeln - Polo Culturale Pietro Aldi","isPartOf":{"@id":"https:\/\/www.poloaldi.it\/de\/#website"},"datePublished":"2023-04-18T13:52:39+00:00","dateModified":"2023-04-18T13:52:39+00:00","breadcrumb":{"@id":"https:\/\/www.poloaldi.it\/de\/artwork\/madonna-mit-jesuskind-und-engeln\/#breadcrumb"},"inLanguage":"de","potentialAction":[{"@type":"ReadAction","target":["https:\/\/www.poloaldi.it\/de\/artwork\/madonna-mit-jesuskind-und-engeln\/"]}]},{"@type":"BreadcrumbList","@id":"https:\/\/www.poloaldi.it\/de\/artwork\/madonna-mit-jesuskind-und-engeln\/#breadcrumb","itemListElement":[{"@type":"ListItem","position":1,"name":"Home","item":"https:\/\/www.poloaldi.it\/de\/"},{"@type":"ListItem","position":2,"name":"Artworks","item":"https:\/\/www.poloaldi.it\/de\/artwork\/"},{"@type":"ListItem","position":3,"name":"Madonna mit Jesuskind und Engeln"}]},{"@type":"WebSite","@id":"https:\/\/www.poloaldi.it\/de\/#website","url":"https:\/\/www.poloaldi.it\/de\/","name":"Polo Culturale Pietro Aldi","description":"Patrimonio storico, culturale, artistico del nostro territorio","publisher":{"@id":"https:\/\/www.poloaldi.it\/de\/#organization"},"potentialAction":[{"@type":"SearchAction","target":{"@type":"EntryPoint","urlTemplate":"https:\/\/www.poloaldi.it\/de\/?s={search_term_string}"},"query-input":"required name=search_term_string"}],"inLanguage":"de"},{"@type":"Organization","@id":"https:\/\/www.poloaldi.it\/de\/#organization","name":"Polo Culturale Pietro Aldi","url":"https:\/\/www.poloaldi.it\/de\/","logo":{"@type":"ImageObject","inLanguage":"de","@id":"https:\/\/www.poloaldi.it\/de\/#\/schema\/logo\/image\/","url":"http:\/\/www.poloaldi.it\/wp-content\/uploads\/2017\/04\/logo_pietro_aldi.png","contentUrl":"http:\/\/www.poloaldi.it\/wp-content\/uploads\/2017\/04\/logo_pietro_aldi.png","width":942,"height":417,"caption":"Polo Culturale Pietro Aldi"},"image":{"@id":"https:\/\/www.poloaldi.it\/de\/#\/schema\/logo\/image\/"},"sameAs":["https:\/\/www.facebook.com\/polopietroaldi","https:\/\/twitter.com\/polopietroaldi","https:\/\/www.instagram.com\/polopietroaldi\/"]}]}},"featured_image":{"size_thumbnail":"https:\/\/www.poloaldi.it\/wp-content\/uploads\/2023\/04\/3-van-Balen-150x150.jpg","size_medium":"https:\/\/www.poloaldi.it\/wp-content\/uploads\/2023\/04\/3-van-Balen-248x300.jpg","size_large":"https:\/\/www.poloaldi.it\/wp-content\/uploads\/2023\/04\/3-van-Balen-845x1024.jpg","size_full":"https:\/\/www.poloaldi.it\/wp-content\/uploads\/2023\/04\/3-van-Balen.jpg"},"imic_artwork_images":null,"imic_artwork_dimension":["30 x 23,7"],"imic_artwork_price":null,"_edit_lock":"1681826765:1","_links":{"self":[{"href":"https:\/\/www.poloaldi.it\/de\/wp-json\/wp\/v2\/artwork\/6710","targetHints":{"allow":["GET"]}}],"collection":[{"href":"https:\/\/www.poloaldi.it\/de\/wp-json\/wp\/v2\/artwork"}],"about":[{"href":"https:\/\/www.poloaldi.it\/de\/wp-json\/wp\/v2\/types\/artwork"}],"author":[{"embeddable":true,"href":"https:\/\/www.poloaldi.it\/de\/wp-json\/wp\/v2\/users\/1"}],"replies":[{"embeddable":true,"href":"https:\/\/www.poloaldi.it\/de\/wp-json\/wp\/v2\/comments?post=6710"}],"wp:featuredmedia":[{"embeddable":true,"href":"https:\/\/www.poloaldi.it\/de\/wp-json\/wp\/v2\/media\/6706"}],"wp:attachment":[{"href":"https:\/\/www.poloaldi.it\/de\/wp-json\/wp\/v2\/media?parent=6710"}],"wp:term":[{"taxonomy":"artwork-category","embeddable":true,"href":"https:\/\/www.poloaldi.it\/de\/wp-json\/wp\/v2\/artwork-category?post=6710"},{"taxonomy":"artwork-tags","embeddable":true,"href":"https:\/\/www.poloaldi.it\/de\/wp-json\/wp\/v2\/artwork-tags?post=6710"},{"taxonomy":"artwork-artists","embeddable":true,"href":"https:\/\/www.poloaldi.it\/de\/wp-json\/wp\/v2\/artwork-artists?post=6710"}],"curies":[{"name":"wp","href":"https:\/\/api.w.org\/{rel}","templated":true}]}}

<p><strong>Hendrick van Balen (Antwerpen 1575 &#8211; 1632)</strong></p>
<p><em>Madonna mit Jesuskind und Engeln</em></p>
<p>Öl auf Kupfer, 30 x 23,7 cm</p>
<p>Die verführerische Anmut und die emaillierte Zeichnung, die durch den Kupferträger noch verstärkt wird, machen dieses Gemälde zu einem kleinen &#8220;Juwel&#8221;, das typisch für das Repertoire des flämischen Künstlers ist, der zu Beginn des 17. Jahrhunderts tätig war und sich hauptsächlich der Darstellung religiöser oder mythologischer Themen widmete. Diese wurden mit einer dichten und farbenfroh beschreibenden Bildsprache interpretiert, die mehr auf eine angenehme und elegante Erzählung als auf eine dramatische Wiedergabe des Inhalts abzielte.</p>

Die flämische Malerei

<!-- This site is optimized with the Yoast SEO plugin v20.10 - https://yoast.com/wordpress/plugins/seo/ -->
<title>Madonna mit Jesuskind und Engeln - Polo Culturale Pietro Aldi</title>
<meta name="robots" content="index, follow, max-snippet:-1, max-image-preview:large, max-video-preview:-1" />
<link rel="canonical" href="https://www.poloaldi.it/de/artwork/madonna-mit-jesuskind-und-engeln/" />
<meta property="og:locale" content="de_DE" />
<meta property="og:type" content="article" />
<meta property="og:title" content="Madonna mit Jesuskind und Engeln - Polo Culturale Pietro Aldi" />
<meta property="og:description" content="Hendrick van Balen (Antwerpen 1575 &#8211; 1632) Madonna mit Jesuskind und Engeln Öl auf Kupfer, 30 x 23,7 cm Die verführerische Anmut und die emaillierte Zeichnung, die durch den Kupferträger noch verstärkt wird, machen dieses Gemälde zu einem kleinen &#8220;Juwel&#8221;, das typisch für das Repertoire des flämischen Künstlers ist, der zu Beginn des 17. Jahrhunderts tätig war und sich hauptsächlich der Darstellung religiöser oder mythologischer Themen widmete. Diese wurden mit einer dichten und farbenfroh beschreibenden Bildsprache interpretiert, die mehr auf eine angenehme und elegante Erzählung als auf eine dramatische Wiedergabe des Inhalts abzielte." />
<meta property="og:url" content="https://www.poloaldi.it/de/artwork/madonna-mit-jesuskind-und-engeln/" />
<meta property="og:site_name" content="Polo Culturale Pietro Aldi" />
<meta property="article:publisher" content="https://www.facebook.com/polopietroaldi" />
<meta property="og:image" content="http://www.poloaldi.it/wp-content/uploads/2023/04/3-van-Balen.jpg" />
	<meta property="og:image:width" content="1403" />
	<meta property="og:image:height" content="1700" />
	<meta property="og:image:type" content="image/jpeg" />
<meta name="twitter:card" content="summary_large_image" />
<meta name="twitter:site" content="@polopietroaldi" />
<meta name="twitter:label1" content="Geschätzte Lesezeit" />
	<meta name="twitter:data1" content="1 Minute" />
<script type="application/ld+json" class="yoast-schema-graph">{"@context":"https://schema.org","@graph":[{"@type":"WebPage","@id":"https://www.poloaldi.it/de/artwork/madonna-mit-jesuskind-und-engeln/","url":"https://www.poloaldi.it/de/artwork/madonna-mit-jesuskind-und-engeln/","name":"Madonna mit Jesuskind und Engeln - Polo Culturale Pietro Aldi","isPartOf":{"@id":"https://www.poloaldi.it/de/#website"},"datePublished":"2023-04-18T13:52:39+00:00","dateModified":"2023-04-18T13:52:39+00:00","breadcrumb":{"@id":"https://www.poloaldi.it/de/artwork/madonna-mit-jesuskind-und-engeln/#breadcrumb"},"inLanguage":"de","potentialAction":[{"@type":"ReadAction","target":["https://www.poloaldi.it/de/artwork/madonna-mit-jesuskind-und-engeln/"]}]},{"@type":"BreadcrumbList","@id":"https://www.poloaldi.it/de/artwork/madonna-mit-jesuskind-und-engeln/#breadcrumb","itemListElement":[{"@type":"ListItem","position":1,"name":"Home","item":"https://www.poloaldi.it/de/"},{"@type":"ListItem","position":2,"name":"Artworks","item":"https://www.poloaldi.it/de/artwork/"},{"@type":"ListItem","position":3,"name":"Madonna mit Jesuskind und Engeln"}]},{"@type":"WebSite","@id":"https://www.poloaldi.it/de/#website","url":"https://www.poloaldi.it/de/","name":"Polo Culturale Pietro Aldi","description":"Patrimonio storico, culturale, artistico del nostro territorio","publisher":{"@id":"https://www.poloaldi.it/de/#organization"},"potentialAction":[{"@type":"SearchAction","target":{"@type":"EntryPoint","urlTemplate":"https://www.poloaldi.it/de/?s={search_term_string}"},"query-input":"required name=search_term_string"}],"inLanguage":"de"},{"@type":"Organization","@id":"https://www.poloaldi.it/de/#organization","name":"Polo Culturale Pietro Aldi","url":"https://www.poloaldi.it/de/","logo":{"@type":"ImageObject","inLanguage":"de","@id":"https://www.poloaldi.it/de/#/schema/logo/image/","url":"http://www.poloaldi.it/wp-content/uploads/2017/04/logo_pietro_aldi.png","contentUrl":"http://www.poloaldi.it/wp-content/uploads/2017/04/logo_pietro_aldi.png","width":942,"height":417,"caption":"Polo Culturale Pietro Aldi"},"image":{"@id":"https://www.poloaldi.it/de/#/schema/logo/image/"},"sameAs":["https://www.facebook.com/polopietroaldi","https://twitter.com/polopietroaldi","https://www.instagram.com/polopietroaldi/"]}]}</script>
<!-- / Yoast SEO plugin. -->

Hendrick van Balen (Antwerpen 1575 &#8211; 1632) Madonna mit Jesuskind und Engeln Öl auf Kupfer, 30 x 23,7 cm Die verführerische Anmut und die emaillierte Zeichnung, die durch den Kupferträger noch verstärkt wird, machen dieses Gemälde zu einem kleinen &#8220;Juwel&#8221;, das typisch für das Repertoire des flämischen Künstlers ist, der zu Beginn des 17. Jahrhunderts tätig war und sich hauptsächlich der Darstellung religiöser oder mythologischer Themen widmete. Diese wurden mit einer dichten und farbenfroh beschreibenden Bildsprache interpretiert, die mehr auf eine angenehme und elegante Erzählung als auf eine dramatische Wiedergabe des Inhalts abzielte.
