{"id":6704,"date":"2023-04-18T15:40:34","date_gmt":"2023-04-18T13:40:34","guid":{"rendered":"http:\/\/www.poloaldi.it\/?post_type=artwork&#038;p=6704"},"modified":"2023-04-18T15:40:34","modified_gmt":"2023-04-18T13:40:34","slug":"winterliche-szene","status":"publish","type":"artwork","link":"https:\/\/www.poloaldi.it\/de\/artwork\/winterliche-szene\/","title":{"rendered":"Winterliche Szene"},"content":{"rendered":"<p><strong>Abel Grimmer (Antwerpen 1570 &#8211; 1619), zugeschrieben<\/strong><\/p>\n<p><em>Winterliche Szene<\/em><\/p>\n<p>\u00d6l auf Holztafel, \u00d8 30 cm (rund)<\/p>\n<p>Aufgrund der klaren Farbgebung und der eindringlichen Geometrie der Landschaftsstruktur kann das Rundbild Abel Grimmer zugeschrieben werden, der sich, in der Nachfolge seines Vaters Jacob, von Pieter Bruegels dem \u00c4lteren, zu einer sorgf\u00e4ltigeren und eindringlicheren Beobachtung der menschlichen Wirklichkeit inspirieren lie\u00df, die jedoch durch die selbstgef\u00e4llige Darstellung der d\u00f6rflichen Fr\u00f6hlichkeit entsch\u00e4rft wurde.<\/p>\n","protected":false},"author":1,"featured_media":6700,"comment_status":"closed","ping_status":"closed","template":"","artwork-category":[{"id":463,"slug":"esposizione-temporanea-de-1","name":"PASSIONI DI UN COLLEZIONISTA Dipinti fiamminghi e olandesi del Cinque e Seicento"},{"id":481,"slug":"die-flaemische-malerei","name":"Die fl\u00e4mische Malerei"}],"artwork-tags":[],"artwork-artists":[{"id":511,"slug":"abel-grimmer-de","name":"Abel Grimmer"}],"class_list":["post-6704","artwork","type-artwork","status-publish","has-post-thumbnail","hentry","artwork-category-esposizione-temporanea-de-1","artwork-category-die-flaemische-malerei","artwork-artists-abel-grimmer-de"],"yoast_head":"<!-- This site is optimized with the Yoast SEO plugin v20.10 - https:\/\/yoast.com\/wordpress\/plugins\/seo\/ -->\n<title>Winterliche Szene - Polo Culturale Pietro Aldi<\/title>\n<meta name=\"robots\" content=\"index, follow, max-snippet:-1, max-image-preview:large, max-video-preview:-1\" \/>\n<link rel=\"canonical\" href=\"https:\/\/www.poloaldi.it\/de\/artwork\/winterliche-szene\/\" \/>\n<meta property=\"og:locale\" content=\"de_DE\" \/>\n<meta property=\"og:type\" content=\"article\" \/>\n<meta property=\"og:title\" content=\"Winterliche Szene - Polo Culturale Pietro Aldi\" \/>\n<meta property=\"og:description\" content=\"Abel Grimmer (Antwerpen 1570 &#8211; 1619), zugeschrieben Winterliche Szene \u00d6l auf Holztafel, \u00d8 30 cm (rund) Aufgrund der klaren Farbgebung und der eindringlichen Geometrie der Landschaftsstruktur kann das Rundbild Abel Grimmer zugeschrieben werden, der sich, in der Nachfolge seines Vaters Jacob, von Pieter Bruegels dem \u00c4lteren, zu einer sorgf\u00e4ltigeren und eindringlicheren Beobachtung der menschlichen Wirklichkeit inspirieren lie\u00df, die jedoch durch die selbstgef\u00e4llige Darstellung der d\u00f6rflichen Fr\u00f6hlichkeit entsch\u00e4rft wurde.\" \/>\n<meta property=\"og:url\" content=\"https:\/\/www.poloaldi.it\/de\/artwork\/winterliche-szene\/\" \/>\n<meta property=\"og:site_name\" content=\"Polo Culturale Pietro Aldi\" \/>\n<meta property=\"article:publisher\" content=\"https:\/\/www.facebook.com\/polopietroaldi\" \/>\n<meta property=\"og:image\" content=\"https:\/\/www.poloaldi.it\/wp-content\/uploads\/2023\/04\/2-Grimmer.jpg\" \/>\n\t<meta property=\"og:image:width\" content=\"1700\" \/>\n\t<meta property=\"og:image:height\" content=\"1696\" \/>\n\t<meta property=\"og:image:type\" content=\"image\/jpeg\" \/>\n<meta name=\"twitter:card\" content=\"summary_large_image\" \/>\n<meta name=\"twitter:site\" content=\"@polopietroaldi\" \/>\n<meta name=\"twitter:label1\" content=\"Gesch\u00e4tzte Lesezeit\" \/>\n\t<meta name=\"twitter:data1\" content=\"1\u00a0Minute\" \/>\n<script type=\"application\/ld+json\" class=\"yoast-schema-graph\">{\"@context\":\"https:\/\/schema.org\",\"@graph\":[{\"@type\":\"WebPage\",\"@id\":\"https:\/\/www.poloaldi.it\/de\/artwork\/winterliche-szene\/\",\"url\":\"https:\/\/www.poloaldi.it\/de\/artwork\/winterliche-szene\/\",\"name\":\"Winterliche Szene - Polo Culturale Pietro Aldi\",\"isPartOf\":{\"@id\":\"https:\/\/www.poloaldi.it\/de\/#website\"},\"datePublished\":\"2023-04-18T13:40:34+00:00\",\"dateModified\":\"2023-04-18T13:40:34+00:00\",\"breadcrumb\":{\"@id\":\"https:\/\/www.poloaldi.it\/de\/artwork\/winterliche-szene\/#breadcrumb\"},\"inLanguage\":\"de\",\"potentialAction\":[{\"@type\":\"ReadAction\",\"target\":[\"https:\/\/www.poloaldi.it\/de\/artwork\/winterliche-szene\/\"]}]},{\"@type\":\"BreadcrumbList\",\"@id\":\"https:\/\/www.poloaldi.it\/de\/artwork\/winterliche-szene\/#breadcrumb\",\"itemListElement\":[{\"@type\":\"ListItem\",\"position\":1,\"name\":\"Home\",\"item\":\"https:\/\/www.poloaldi.it\/de\/\"},{\"@type\":\"ListItem\",\"position\":2,\"name\":\"Artworks\",\"item\":\"https:\/\/www.poloaldi.it\/de\/artwork\/\"},{\"@type\":\"ListItem\",\"position\":3,\"name\":\"Winterliche Szene\"}]},{\"@type\":\"WebSite\",\"@id\":\"https:\/\/www.poloaldi.it\/de\/#website\",\"url\":\"https:\/\/www.poloaldi.it\/de\/\",\"name\":\"Polo Culturale Pietro Aldi\",\"description\":\"Patrimonio storico, culturale, artistico del nostro territorio\",\"publisher\":{\"@id\":\"https:\/\/www.poloaldi.it\/de\/#organization\"},\"potentialAction\":[{\"@type\":\"SearchAction\",\"target\":{\"@type\":\"EntryPoint\",\"urlTemplate\":\"https:\/\/www.poloaldi.it\/de\/?s={search_term_string}\"},\"query-input\":\"required name=search_term_string\"}],\"inLanguage\":\"de\"},{\"@type\":\"Organization\",\"@id\":\"https:\/\/www.poloaldi.it\/de\/#organization\",\"name\":\"Polo Culturale Pietro Aldi\",\"url\":\"https:\/\/www.poloaldi.it\/de\/\",\"logo\":{\"@type\":\"ImageObject\",\"inLanguage\":\"de\",\"@id\":\"https:\/\/www.poloaldi.it\/de\/#\/schema\/logo\/image\/\",\"url\":\"http:\/\/www.poloaldi.it\/wp-content\/uploads\/2017\/04\/logo_pietro_aldi.png\",\"contentUrl\":\"http:\/\/www.poloaldi.it\/wp-content\/uploads\/2017\/04\/logo_pietro_aldi.png\",\"width\":942,\"height\":417,\"caption\":\"Polo Culturale Pietro Aldi\"},\"image\":{\"@id\":\"https:\/\/www.poloaldi.it\/de\/#\/schema\/logo\/image\/\"},\"sameAs\":[\"https:\/\/www.facebook.com\/polopietroaldi\",\"https:\/\/twitter.com\/polopietroaldi\",\"https:\/\/www.instagram.com\/polopietroaldi\/\"]}]}<\/script>\n<!-- \/ Yoast SEO plugin. -->","yoast_head_json":{"title":"Winterliche Szene - Polo Culturale Pietro Aldi","robots":{"index":"index","follow":"follow","max-snippet":"max-snippet:-1","max-image-preview":"max-image-preview:large","max-video-preview":"max-video-preview:-1"},"canonical":"https:\/\/www.poloaldi.it\/de\/artwork\/winterliche-szene\/","og_locale":"de_DE","og_type":"article","og_title":"Winterliche Szene - Polo Culturale Pietro Aldi","og_description":"Abel Grimmer (Antwerpen 1570 &#8211; 1619), zugeschrieben Winterliche Szene \u00d6l auf Holztafel, \u00d8 30 cm (rund) Aufgrund der klaren Farbgebung und der eindringlichen Geometrie der Landschaftsstruktur kann das Rundbild Abel Grimmer zugeschrieben werden, der sich, in der Nachfolge seines Vaters Jacob, von Pieter Bruegels dem \u00c4lteren, zu einer sorgf\u00e4ltigeren und eindringlicheren Beobachtung der menschlichen Wirklichkeit inspirieren lie\u00df, die jedoch durch die selbstgef\u00e4llige Darstellung der d\u00f6rflichen Fr\u00f6hlichkeit entsch\u00e4rft wurde.","og_url":"https:\/\/www.poloaldi.it\/de\/artwork\/winterliche-szene\/","og_site_name":"Polo Culturale Pietro Aldi","article_publisher":"https:\/\/www.facebook.com\/polopietroaldi","og_image":[{"width":1700,"height":1696,"url":"https:\/\/www.poloaldi.it\/wp-content\/uploads\/2023\/04\/2-Grimmer.jpg","type":"image\/jpeg"}],"twitter_card":"summary_large_image","twitter_site":"@polopietroaldi","twitter_misc":{"Gesch\u00e4tzte Lesezeit":"1\u00a0Minute"},"schema":{"@context":"https:\/\/schema.org","@graph":[{"@type":"WebPage","@id":"https:\/\/www.poloaldi.it\/de\/artwork\/winterliche-szene\/","url":"https:\/\/www.poloaldi.it\/de\/artwork\/winterliche-szene\/","name":"Winterliche Szene - Polo Culturale Pietro Aldi","isPartOf":{"@id":"https:\/\/www.poloaldi.it\/de\/#website"},"datePublished":"2023-04-18T13:40:34+00:00","dateModified":"2023-04-18T13:40:34+00:00","breadcrumb":{"@id":"https:\/\/www.poloaldi.it\/de\/artwork\/winterliche-szene\/#breadcrumb"},"inLanguage":"de","potentialAction":[{"@type":"ReadAction","target":["https:\/\/www.poloaldi.it\/de\/artwork\/winterliche-szene\/"]}]},{"@type":"BreadcrumbList","@id":"https:\/\/www.poloaldi.it\/de\/artwork\/winterliche-szene\/#breadcrumb","itemListElement":[{"@type":"ListItem","position":1,"name":"Home","item":"https:\/\/www.poloaldi.it\/de\/"},{"@type":"ListItem","position":2,"name":"Artworks","item":"https:\/\/www.poloaldi.it\/de\/artwork\/"},{"@type":"ListItem","position":3,"name":"Winterliche Szene"}]},{"@type":"WebSite","@id":"https:\/\/www.poloaldi.it\/de\/#website","url":"https:\/\/www.poloaldi.it\/de\/","name":"Polo Culturale Pietro Aldi","description":"Patrimonio storico, culturale, artistico del nostro territorio","publisher":{"@id":"https:\/\/www.poloaldi.it\/de\/#organization"},"potentialAction":[{"@type":"SearchAction","target":{"@type":"EntryPoint","urlTemplate":"https:\/\/www.poloaldi.it\/de\/?s={search_term_string}"},"query-input":"required name=search_term_string"}],"inLanguage":"de"},{"@type":"Organization","@id":"https:\/\/www.poloaldi.it\/de\/#organization","name":"Polo Culturale Pietro Aldi","url":"https:\/\/www.poloaldi.it\/de\/","logo":{"@type":"ImageObject","inLanguage":"de","@id":"https:\/\/www.poloaldi.it\/de\/#\/schema\/logo\/image\/","url":"http:\/\/www.poloaldi.it\/wp-content\/uploads\/2017\/04\/logo_pietro_aldi.png","contentUrl":"http:\/\/www.poloaldi.it\/wp-content\/uploads\/2017\/04\/logo_pietro_aldi.png","width":942,"height":417,"caption":"Polo Culturale Pietro Aldi"},"image":{"@id":"https:\/\/www.poloaldi.it\/de\/#\/schema\/logo\/image\/"},"sameAs":["https:\/\/www.facebook.com\/polopietroaldi","https:\/\/twitter.com\/polopietroaldi","https:\/\/www.instagram.com\/polopietroaldi\/"]}]}},"featured_image":{"size_thumbnail":"https:\/\/www.poloaldi.it\/wp-content\/uploads\/2023\/04\/2-Grimmer-150x150.jpg","size_medium":"https:\/\/www.poloaldi.it\/wp-content\/uploads\/2023\/04\/2-Grimmer-300x300.jpg","size_large":"https:\/\/www.poloaldi.it\/wp-content\/uploads\/2023\/04\/2-Grimmer-1024x1022.jpg","size_full":"https:\/\/www.poloaldi.it\/wp-content\/uploads\/2023\/04\/2-Grimmer.jpg"},"imic_artwork_images":null,"imic_artwork_dimension":null,"imic_artwork_price":null,"_edit_lock":"1681825665:1","_links":{"self":[{"href":"https:\/\/www.poloaldi.it\/de\/wp-json\/wp\/v2\/artwork\/6704","targetHints":{"allow":["GET"]}}],"collection":[{"href":"https:\/\/www.poloaldi.it\/de\/wp-json\/wp\/v2\/artwork"}],"about":[{"href":"https:\/\/www.poloaldi.it\/de\/wp-json\/wp\/v2\/types\/artwork"}],"author":[{"embeddable":true,"href":"https:\/\/www.poloaldi.it\/de\/wp-json\/wp\/v2\/users\/1"}],"replies":[{"embeddable":true,"href":"https:\/\/www.poloaldi.it\/de\/wp-json\/wp\/v2\/comments?post=6704"}],"wp:featuredmedia":[{"embeddable":true,"href":"https:\/\/www.poloaldi.it\/de\/wp-json\/wp\/v2\/media\/6700"}],"wp:attachment":[{"href":"https:\/\/www.poloaldi.it\/de\/wp-json\/wp\/v2\/media?parent=6704"}],"wp:term":[{"taxonomy":"artwork-category","embeddable":true,"href":"https:\/\/www.poloaldi.it\/de\/wp-json\/wp\/v2\/artwork-category?post=6704"},{"taxonomy":"artwork-tags","embeddable":true,"href":"https:\/\/www.poloaldi.it\/de\/wp-json\/wp\/v2\/artwork-tags?post=6704"},{"taxonomy":"artwork-artists","embeddable":true,"href":"https:\/\/www.poloaldi.it\/de\/wp-json\/wp\/v2\/artwork-artists?post=6704"}],"curies":[{"name":"wp","href":"https:\/\/api.w.org\/{rel}","templated":true}]}}

<p><strong>Abel Grimmer (Antwerpen 1570 &#8211; 1619), zugeschrieben</strong></p>
<p><em>Winterliche Szene</em></p>
<p>Öl auf Holztafel, Ø 30 cm (rund)</p>
<p>Aufgrund der klaren Farbgebung und der eindringlichen Geometrie der Landschaftsstruktur kann das Rundbild Abel Grimmer zugeschrieben werden, der sich, in der Nachfolge seines Vaters Jacob, von Pieter Bruegels dem Älteren, zu einer sorgfältigeren und eindringlicheren Beobachtung der menschlichen Wirklichkeit inspirieren ließ, die jedoch durch die selbstgefällige Darstellung der dörflichen Fröhlichkeit entschärft wurde.</p>

Die flämische Malerei

<!-- This site is optimized with the Yoast SEO plugin v20.10 - https://yoast.com/wordpress/plugins/seo/ -->
<title>Winterliche Szene - Polo Culturale Pietro Aldi</title>
<meta name="robots" content="index, follow, max-snippet:-1, max-image-preview:large, max-video-preview:-1" />
<link rel="canonical" href="https://www.poloaldi.it/de/artwork/winterliche-szene/" />
<meta property="og:locale" content="de_DE" />
<meta property="og:type" content="article" />
<meta property="og:title" content="Winterliche Szene - Polo Culturale Pietro Aldi" />
<meta property="og:description" content="Abel Grimmer (Antwerpen 1570 &#8211; 1619), zugeschrieben Winterliche Szene Öl auf Holztafel, Ø 30 cm (rund) Aufgrund der klaren Farbgebung und der eindringlichen Geometrie der Landschaftsstruktur kann das Rundbild Abel Grimmer zugeschrieben werden, der sich, in der Nachfolge seines Vaters Jacob, von Pieter Bruegels dem Älteren, zu einer sorgfältigeren und eindringlicheren Beobachtung der menschlichen Wirklichkeit inspirieren ließ, die jedoch durch die selbstgefällige Darstellung der dörflichen Fröhlichkeit entschärft wurde." />
<meta property="og:url" content="https://www.poloaldi.it/de/artwork/winterliche-szene/" />
<meta property="og:site_name" content="Polo Culturale Pietro Aldi" />
<meta property="article:publisher" content="https://www.facebook.com/polopietroaldi" />
<meta property="og:image" content="https://www.poloaldi.it/wp-content/uploads/2023/04/2-Grimmer.jpg" />
	<meta property="og:image:width" content="1700" />
	<meta property="og:image:height" content="1696" />
	<meta property="og:image:type" content="image/jpeg" />
<meta name="twitter:card" content="summary_large_image" />
<meta name="twitter:site" content="@polopietroaldi" />
<meta name="twitter:label1" content="Geschätzte Lesezeit" />
	<meta name="twitter:data1" content="1 Minute" />
<script type="application/ld+json" class="yoast-schema-graph">{"@context":"https://schema.org","@graph":[{"@type":"WebPage","@id":"https://www.poloaldi.it/de/artwork/winterliche-szene/","url":"https://www.poloaldi.it/de/artwork/winterliche-szene/","name":"Winterliche Szene - Polo Culturale Pietro Aldi","isPartOf":{"@id":"https://www.poloaldi.it/de/#website"},"datePublished":"2023-04-18T13:40:34+00:00","dateModified":"2023-04-18T13:40:34+00:00","breadcrumb":{"@id":"https://www.poloaldi.it/de/artwork/winterliche-szene/#breadcrumb"},"inLanguage":"de","potentialAction":[{"@type":"ReadAction","target":["https://www.poloaldi.it/de/artwork/winterliche-szene/"]}]},{"@type":"BreadcrumbList","@id":"https://www.poloaldi.it/de/artwork/winterliche-szene/#breadcrumb","itemListElement":[{"@type":"ListItem","position":1,"name":"Home","item":"https://www.poloaldi.it/de/"},{"@type":"ListItem","position":2,"name":"Artworks","item":"https://www.poloaldi.it/de/artwork/"},{"@type":"ListItem","position":3,"name":"Winterliche Szene"}]},{"@type":"WebSite","@id":"https://www.poloaldi.it/de/#website","url":"https://www.poloaldi.it/de/","name":"Polo Culturale Pietro Aldi","description":"Patrimonio storico, culturale, artistico del nostro territorio","publisher":{"@id":"https://www.poloaldi.it/de/#organization"},"potentialAction":[{"@type":"SearchAction","target":{"@type":"EntryPoint","urlTemplate":"https://www.poloaldi.it/de/?s={search_term_string}"},"query-input":"required name=search_term_string"}],"inLanguage":"de"},{"@type":"Organization","@id":"https://www.poloaldi.it/de/#organization","name":"Polo Culturale Pietro Aldi","url":"https://www.poloaldi.it/de/","logo":{"@type":"ImageObject","inLanguage":"de","@id":"https://www.poloaldi.it/de/#/schema/logo/image/","url":"http://www.poloaldi.it/wp-content/uploads/2017/04/logo_pietro_aldi.png","contentUrl":"http://www.poloaldi.it/wp-content/uploads/2017/04/logo_pietro_aldi.png","width":942,"height":417,"caption":"Polo Culturale Pietro Aldi"},"image":{"@id":"https://www.poloaldi.it/de/#/schema/logo/image/"},"sameAs":["https://www.facebook.com/polopietroaldi","https://twitter.com/polopietroaldi","https://www.instagram.com/polopietroaldi/"]}]}</script>
<!-- / Yoast SEO plugin. -->

Abel Grimmer (Antwerpen 1570 &#8211; 1619), zugeschrieben Winterliche Szene Öl auf Holztafel, Ø 30 cm (rund) Aufgrund der klaren Farbgebung und der eindringlichen Geometrie der Landschaftsstruktur kann das Rundbild Abel Grimmer zugeschrieben werden, der sich, in der Nachfolge seines Vaters Jacob, von Pieter Bruegels dem Älteren, zu einer sorgfältigeren und eindringlicheren Beobachtung der menschlichen Wirklichkeit inspirieren ließ, die jedoch durch die selbstgefällige Darstellung der dörflichen Fröhlichkeit entschärft wurde.
