{"id":4388,"date":"2021-06-04T09:41:58","date_gmt":"2021-06-04T07:41:58","guid":{"rendered":"http:\/\/www.poloaldi.it\/index.php\/artwork\/veduta-del-monte-argentario-e-isola-del-giglio\/"},"modified":"2022-03-17T15:14:46","modified_gmt":"2022-03-17T14:14:46","slug":"veduta-del-monte-argentario-e-isola-del-giglio","status":"publish","type":"artwork","link":"https:\/\/www.poloaldi.it\/de\/artwork\/veduta-del-monte-argentario-e-isola-del-giglio\/","title":{"rendered":"Sicht auf den Monte Argentario und die Insel Giglio"},"content":{"rendered":"<p>Der ungew\u00f6hnliche Bildausschnitt der Erhebungen in der Ferne erweckt den Eindruck von Isolierung und Gefangenschaft, die Aldi w\u00e4hrend der h\u00e4ufigen Genesungszeiten im Haus seiner Ahnen hinnehmen musste. Von einem Fenster oder einem Balkon aus konnte der junge Maler die verspielte Alternanz von Land und Meer betrachten, im schmerzvollen Bewusstsein ihr nur mit den Augen folgen zu k\u00f6nnen.<span class=\"Apple-converted-space\">\u00a0<\/span><\/p>\n","protected":false},"author":1,"featured_media":4036,"comment_status":"closed","ping_status":"closed","template":"","artwork-category":[{"id":299,"slug":"la-verde-maremma-de","name":"La Verde Maremma"}],"artwork-tags":[],"artwork-artists":[{"id":329,"slug":"pietro-aldi-de","name":"Pietro Aldi"}],"class_list":["post-4388","artwork","type-artwork","status-publish","has-post-thumbnail","hentry","artwork-category-la-verde-maremma-de","artwork-artists-pietro-aldi-de"],"yoast_head":"<!-- This site is optimized with the Yoast SEO plugin v20.10 - https:\/\/yoast.com\/wordpress\/plugins\/seo\/ -->\n<title>Sicht auf den Monte Argentario und die Insel Giglio - Polo Culturale Pietro Aldi<\/title>\n<meta name=\"robots\" content=\"index, follow, max-snippet:-1, max-image-preview:large, max-video-preview:-1\" \/>\n<link rel=\"canonical\" href=\"https:\/\/www.poloaldi.it\/de\/artwork\/veduta-del-monte-argentario-e-isola-del-giglio\/\" \/>\n<meta property=\"og:locale\" content=\"de_DE\" \/>\n<meta property=\"og:type\" content=\"article\" \/>\n<meta property=\"og:title\" content=\"Sicht auf den Monte Argentario und die Insel Giglio - Polo Culturale Pietro Aldi\" \/>\n<meta property=\"og:description\" content=\"Der ungew\u00f6hnliche Bildausschnitt der Erhebungen in der Ferne erweckt den Eindruck von Isolierung und Gefangenschaft, die Aldi w\u00e4hrend der h\u00e4ufigen Genesungszeiten im Haus seiner Ahnen hinnehmen musste. Von einem Fenster oder einem Balkon aus konnte der junge Maler die verspielte Alternanz von Land und Meer betrachten, im schmerzvollen Bewusstsein ihr nur mit den Augen folgen zu k\u00f6nnen.\u00a0\" \/>\n<meta property=\"og:url\" content=\"https:\/\/www.poloaldi.it\/de\/artwork\/veduta-del-monte-argentario-e-isola-del-giglio\/\" \/>\n<meta property=\"og:site_name\" content=\"Polo Culturale Pietro Aldi\" \/>\n<meta property=\"article:publisher\" content=\"https:\/\/www.facebook.com\/polopietroaldi\" \/>\n<meta property=\"article:modified_time\" content=\"2022-03-17T14:14:46+00:00\" \/>\n<meta property=\"og:image\" content=\"http:\/\/www.poloaldi.it\/wp-content\/uploads\/2021\/06\/10_veduta_di_monte_argentario_isola_del_giglio_pietro_aldi-1024x384.png\" \/>\n\t<meta property=\"og:image:width\" content=\"1024\" \/>\n\t<meta property=\"og:image:height\" content=\"384\" \/>\n\t<meta property=\"og:image:type\" content=\"image\/png\" \/>\n<meta name=\"twitter:card\" content=\"summary_large_image\" \/>\n<meta name=\"twitter:site\" content=\"@polopietroaldi\" \/>\n<meta name=\"twitter:label1\" content=\"Gesch\u00e4tzte Lesezeit\" \/>\n\t<meta name=\"twitter:data1\" content=\"1\u00a0Minute\" \/>\n<script type=\"application\/ld+json\" class=\"yoast-schema-graph\">{\"@context\":\"https:\/\/schema.org\",\"@graph\":[{\"@type\":\"WebPage\",\"@id\":\"https:\/\/www.poloaldi.it\/de\/artwork\/veduta-del-monte-argentario-e-isola-del-giglio\/\",\"url\":\"https:\/\/www.poloaldi.it\/de\/artwork\/veduta-del-monte-argentario-e-isola-del-giglio\/\",\"name\":\"Sicht auf den Monte Argentario und die Insel Giglio - Polo Culturale Pietro Aldi\",\"isPartOf\":{\"@id\":\"https:\/\/www.poloaldi.it\/de\/#website\"},\"datePublished\":\"2021-06-04T07:41:58+00:00\",\"dateModified\":\"2022-03-17T14:14:46+00:00\",\"breadcrumb\":{\"@id\":\"https:\/\/www.poloaldi.it\/de\/artwork\/veduta-del-monte-argentario-e-isola-del-giglio\/#breadcrumb\"},\"inLanguage\":\"de\",\"potentialAction\":[{\"@type\":\"ReadAction\",\"target\":[\"https:\/\/www.poloaldi.it\/de\/artwork\/veduta-del-monte-argentario-e-isola-del-giglio\/\"]}]},{\"@type\":\"BreadcrumbList\",\"@id\":\"https:\/\/www.poloaldi.it\/de\/artwork\/veduta-del-monte-argentario-e-isola-del-giglio\/#breadcrumb\",\"itemListElement\":[{\"@type\":\"ListItem\",\"position\":1,\"name\":\"Home\",\"item\":\"https:\/\/www.poloaldi.it\/de\/\"},{\"@type\":\"ListItem\",\"position\":2,\"name\":\"Artworks\",\"item\":\"https:\/\/www.poloaldi.it\/de\/artwork\/\"},{\"@type\":\"ListItem\",\"position\":3,\"name\":\"Sicht auf den Monte Argentario und die Insel Giglio\"}]},{\"@type\":\"WebSite\",\"@id\":\"https:\/\/www.poloaldi.it\/de\/#website\",\"url\":\"https:\/\/www.poloaldi.it\/de\/\",\"name\":\"Polo Culturale Pietro Aldi\",\"description\":\"Patrimonio storico, culturale, artistico del nostro territorio\",\"publisher\":{\"@id\":\"https:\/\/www.poloaldi.it\/de\/#organization\"},\"potentialAction\":[{\"@type\":\"SearchAction\",\"target\":{\"@type\":\"EntryPoint\",\"urlTemplate\":\"https:\/\/www.poloaldi.it\/de\/?s={search_term_string}\"},\"query-input\":\"required name=search_term_string\"}],\"inLanguage\":\"de\"},{\"@type\":\"Organization\",\"@id\":\"https:\/\/www.poloaldi.it\/de\/#organization\",\"name\":\"Polo Culturale Pietro Aldi\",\"url\":\"https:\/\/www.poloaldi.it\/de\/\",\"logo\":{\"@type\":\"ImageObject\",\"inLanguage\":\"de\",\"@id\":\"https:\/\/www.poloaldi.it\/de\/#\/schema\/logo\/image\/\",\"url\":\"http:\/\/www.poloaldi.it\/wp-content\/uploads\/2017\/04\/logo_pietro_aldi.png\",\"contentUrl\":\"http:\/\/www.poloaldi.it\/wp-content\/uploads\/2017\/04\/logo_pietro_aldi.png\",\"width\":942,\"height\":417,\"caption\":\"Polo Culturale Pietro Aldi\"},\"image\":{\"@id\":\"https:\/\/www.poloaldi.it\/de\/#\/schema\/logo\/image\/\"},\"sameAs\":[\"https:\/\/www.facebook.com\/polopietroaldi\",\"https:\/\/twitter.com\/polopietroaldi\",\"https:\/\/www.instagram.com\/polopietroaldi\/\"]}]}<\/script>\n<!-- \/ Yoast SEO plugin. -->","yoast_head_json":{"title":"Sicht auf den Monte Argentario und die Insel Giglio - Polo Culturale Pietro Aldi","robots":{"index":"index","follow":"follow","max-snippet":"max-snippet:-1","max-image-preview":"max-image-preview:large","max-video-preview":"max-video-preview:-1"},"canonical":"https:\/\/www.poloaldi.it\/de\/artwork\/veduta-del-monte-argentario-e-isola-del-giglio\/","og_locale":"de_DE","og_type":"article","og_title":"Sicht auf den Monte Argentario und die Insel Giglio - Polo Culturale Pietro Aldi","og_description":"Der ungew\u00f6hnliche Bildausschnitt der Erhebungen in der Ferne erweckt den Eindruck von Isolierung und Gefangenschaft, die Aldi w\u00e4hrend der h\u00e4ufigen Genesungszeiten im Haus seiner Ahnen hinnehmen musste. Von einem Fenster oder einem Balkon aus konnte der junge Maler die verspielte Alternanz von Land und Meer betrachten, im schmerzvollen Bewusstsein ihr nur mit den Augen folgen zu k\u00f6nnen.\u00a0","og_url":"https:\/\/www.poloaldi.it\/de\/artwork\/veduta-del-monte-argentario-e-isola-del-giglio\/","og_site_name":"Polo Culturale Pietro Aldi","article_publisher":"https:\/\/www.facebook.com\/polopietroaldi","article_modified_time":"2022-03-17T14:14:46+00:00","og_image":[{"width":1024,"height":384,"url":"http:\/\/www.poloaldi.it\/wp-content\/uploads\/2021\/06\/10_veduta_di_monte_argentario_isola_del_giglio_pietro_aldi-1024x384.png","type":"image\/png"}],"twitter_card":"summary_large_image","twitter_site":"@polopietroaldi","twitter_misc":{"Gesch\u00e4tzte Lesezeit":"1\u00a0Minute"},"schema":{"@context":"https:\/\/schema.org","@graph":[{"@type":"WebPage","@id":"https:\/\/www.poloaldi.it\/de\/artwork\/veduta-del-monte-argentario-e-isola-del-giglio\/","url":"https:\/\/www.poloaldi.it\/de\/artwork\/veduta-del-monte-argentario-e-isola-del-giglio\/","name":"Sicht auf den Monte Argentario und die Insel Giglio - Polo Culturale Pietro Aldi","isPartOf":{"@id":"https:\/\/www.poloaldi.it\/de\/#website"},"datePublished":"2021-06-04T07:41:58+00:00","dateModified":"2022-03-17T14:14:46+00:00","breadcrumb":{"@id":"https:\/\/www.poloaldi.it\/de\/artwork\/veduta-del-monte-argentario-e-isola-del-giglio\/#breadcrumb"},"inLanguage":"de","potentialAction":[{"@type":"ReadAction","target":["https:\/\/www.poloaldi.it\/de\/artwork\/veduta-del-monte-argentario-e-isola-del-giglio\/"]}]},{"@type":"BreadcrumbList","@id":"https:\/\/www.poloaldi.it\/de\/artwork\/veduta-del-monte-argentario-e-isola-del-giglio\/#breadcrumb","itemListElement":[{"@type":"ListItem","position":1,"name":"Home","item":"https:\/\/www.poloaldi.it\/de\/"},{"@type":"ListItem","position":2,"name":"Artworks","item":"https:\/\/www.poloaldi.it\/de\/artwork\/"},{"@type":"ListItem","position":3,"name":"Sicht auf den Monte Argentario und die Insel Giglio"}]},{"@type":"WebSite","@id":"https:\/\/www.poloaldi.it\/de\/#website","url":"https:\/\/www.poloaldi.it\/de\/","name":"Polo Culturale Pietro Aldi","description":"Patrimonio storico, culturale, artistico del nostro territorio","publisher":{"@id":"https:\/\/www.poloaldi.it\/de\/#organization"},"potentialAction":[{"@type":"SearchAction","target":{"@type":"EntryPoint","urlTemplate":"https:\/\/www.poloaldi.it\/de\/?s={search_term_string}"},"query-input":"required name=search_term_string"}],"inLanguage":"de"},{"@type":"Organization","@id":"https:\/\/www.poloaldi.it\/de\/#organization","name":"Polo Culturale Pietro Aldi","url":"https:\/\/www.poloaldi.it\/de\/","logo":{"@type":"ImageObject","inLanguage":"de","@id":"https:\/\/www.poloaldi.it\/de\/#\/schema\/logo\/image\/","url":"http:\/\/www.poloaldi.it\/wp-content\/uploads\/2017\/04\/logo_pietro_aldi.png","contentUrl":"http:\/\/www.poloaldi.it\/wp-content\/uploads\/2017\/04\/logo_pietro_aldi.png","width":942,"height":417,"caption":"Polo Culturale Pietro Aldi"},"image":{"@id":"https:\/\/www.poloaldi.it\/de\/#\/schema\/logo\/image\/"},"sameAs":["https:\/\/www.facebook.com\/polopietroaldi","https:\/\/twitter.com\/polopietroaldi","https:\/\/www.instagram.com\/polopietroaldi\/"]}]}},"featured_image":{"size_thumbnail":"https:\/\/www.poloaldi.it\/wp-content\/uploads\/2021\/06\/10_veduta_di_monte_argentario_isola_del_giglio_pietro_aldi-150x150.png","size_medium":"https:\/\/www.poloaldi.it\/wp-content\/uploads\/2021\/06\/10_veduta_di_monte_argentario_isola_del_giglio_pietro_aldi-300x112.png","size_large":"https:\/\/www.poloaldi.it\/wp-content\/uploads\/2021\/06\/10_veduta_di_monte_argentario_isola_del_giglio_pietro_aldi-1024x384.png","size_full":"https:\/\/www.poloaldi.it\/wp-content\/uploads\/2021\/06\/10_veduta_di_monte_argentario_isola_del_giglio_pietro_aldi.png"},"imic_artwork_images":["4034"],"imic_artwork_dimension":["12x31"],"imic_artwork_price":null,"_edit_lock":"1647526816:1","_links":{"self":[{"href":"https:\/\/www.poloaldi.it\/de\/wp-json\/wp\/v2\/artwork\/4388","targetHints":{"allow":["GET"]}}],"collection":[{"href":"https:\/\/www.poloaldi.it\/de\/wp-json\/wp\/v2\/artwork"}],"about":[{"href":"https:\/\/www.poloaldi.it\/de\/wp-json\/wp\/v2\/types\/artwork"}],"author":[{"embeddable":true,"href":"https:\/\/www.poloaldi.it\/de\/wp-json\/wp\/v2\/users\/1"}],"replies":[{"embeddable":true,"href":"https:\/\/www.poloaldi.it\/de\/wp-json\/wp\/v2\/comments?post=4388"}],"wp:featuredmedia":[{"embeddable":true,"href":"https:\/\/www.poloaldi.it\/de\/wp-json\/wp\/v2\/media\/4036"}],"wp:attachment":[{"href":"https:\/\/www.poloaldi.it\/de\/wp-json\/wp\/v2\/media?parent=4388"}],"wp:term":[{"taxonomy":"artwork-category","embeddable":true,"href":"https:\/\/www.poloaldi.it\/de\/wp-json\/wp\/v2\/artwork-category?post=4388"},{"taxonomy":"artwork-tags","embeddable":true,"href":"https:\/\/www.poloaldi.it\/de\/wp-json\/wp\/v2\/artwork-tags?post=4388"},{"taxonomy":"artwork-artists","embeddable":true,"href":"https:\/\/www.poloaldi.it\/de\/wp-json\/wp\/v2\/artwork-artists?post=4388"}],"curies":[{"name":"wp","href":"https:\/\/api.w.org\/{rel}","templated":true}]}}

<p>Der ungewöhnliche Bildausschnitt der Erhebungen in der Ferne erweckt den Eindruck von Isolierung und Gefangenschaft, die Aldi während der häufigen Genesungszeiten im Haus seiner Ahnen hinnehmen musste. Von einem Fenster oder einem Balkon aus konnte der junge Maler die verspielte Alternanz von Land und Meer betrachten, im schmerzvollen Bewusstsein ihr nur mit den Augen folgen zu können.<span class="Apple-converted-space"> </span></p>

<!-- This site is optimized with the Yoast SEO plugin v20.10 - https://yoast.com/wordpress/plugins/seo/ -->
<title>Sicht auf den Monte Argentario und die Insel Giglio - Polo Culturale Pietro Aldi</title>
<meta name="robots" content="index, follow, max-snippet:-1, max-image-preview:large, max-video-preview:-1" />
<link rel="canonical" href="https://www.poloaldi.it/de/artwork/veduta-del-monte-argentario-e-isola-del-giglio/" />
<meta property="og:locale" content="de_DE" />
<meta property="og:type" content="article" />
<meta property="og:title" content="Sicht auf den Monte Argentario und die Insel Giglio - Polo Culturale Pietro Aldi" />
<meta property="og:description" content="Der ungewöhnliche Bildausschnitt der Erhebungen in der Ferne erweckt den Eindruck von Isolierung und Gefangenschaft, die Aldi während der häufigen Genesungszeiten im Haus seiner Ahnen hinnehmen musste. Von einem Fenster oder einem Balkon aus konnte der junge Maler die verspielte Alternanz von Land und Meer betrachten, im schmerzvollen Bewusstsein ihr nur mit den Augen folgen zu können. " />
<meta property="og:url" content="https://www.poloaldi.it/de/artwork/veduta-del-monte-argentario-e-isola-del-giglio/" />
<meta property="og:site_name" content="Polo Culturale Pietro Aldi" />
<meta property="article:publisher" content="https://www.facebook.com/polopietroaldi" />
<meta property="article:modified_time" content="2022-03-17T14:14:46+00:00" />
<meta property="og:image" content="http://www.poloaldi.it/wp-content/uploads/2021/06/10_veduta_di_monte_argentario_isola_del_giglio_pietro_aldi-1024x384.png" />
	<meta property="og:image:width" content="1024" />
	<meta property="og:image:height" content="384" />
	<meta property="og:image:type" content="image/png" />
<meta name="twitter:card" content="summary_large_image" />
<meta name="twitter:site" content="@polopietroaldi" />
<meta name="twitter:label1" content="Geschätzte Lesezeit" />
	<meta name="twitter:data1" content="1 Minute" />
<script type="application/ld+json" class="yoast-schema-graph">{"@context":"https://schema.org","@graph":[{"@type":"WebPage","@id":"https://www.poloaldi.it/de/artwork/veduta-del-monte-argentario-e-isola-del-giglio/","url":"https://www.poloaldi.it/de/artwork/veduta-del-monte-argentario-e-isola-del-giglio/","name":"Sicht auf den Monte Argentario und die Insel Giglio - Polo Culturale Pietro Aldi","isPartOf":{"@id":"https://www.poloaldi.it/de/#website"},"datePublished":"2021-06-04T07:41:58+00:00","dateModified":"2022-03-17T14:14:46+00:00","breadcrumb":{"@id":"https://www.poloaldi.it/de/artwork/veduta-del-monte-argentario-e-isola-del-giglio/#breadcrumb"},"inLanguage":"de","potentialAction":[{"@type":"ReadAction","target":["https://www.poloaldi.it/de/artwork/veduta-del-monte-argentario-e-isola-del-giglio/"]}]},{"@type":"BreadcrumbList","@id":"https://www.poloaldi.it/de/artwork/veduta-del-monte-argentario-e-isola-del-giglio/#breadcrumb","itemListElement":[{"@type":"ListItem","position":1,"name":"Home","item":"https://www.poloaldi.it/de/"},{"@type":"ListItem","position":2,"name":"Artworks","item":"https://www.poloaldi.it/de/artwork/"},{"@type":"ListItem","position":3,"name":"Sicht auf den Monte Argentario und die Insel Giglio"}]},{"@type":"WebSite","@id":"https://www.poloaldi.it/de/#website","url":"https://www.poloaldi.it/de/","name":"Polo Culturale Pietro Aldi","description":"Patrimonio storico, culturale, artistico del nostro territorio","publisher":{"@id":"https://www.poloaldi.it/de/#organization"},"potentialAction":[{"@type":"SearchAction","target":{"@type":"EntryPoint","urlTemplate":"https://www.poloaldi.it/de/?s={search_term_string}"},"query-input":"required name=search_term_string"}],"inLanguage":"de"},{"@type":"Organization","@id":"https://www.poloaldi.it/de/#organization","name":"Polo Culturale Pietro Aldi","url":"https://www.poloaldi.it/de/","logo":{"@type":"ImageObject","inLanguage":"de","@id":"https://www.poloaldi.it/de/#/schema/logo/image/","url":"http://www.poloaldi.it/wp-content/uploads/2017/04/logo_pietro_aldi.png","contentUrl":"http://www.poloaldi.it/wp-content/uploads/2017/04/logo_pietro_aldi.png","width":942,"height":417,"caption":"Polo Culturale Pietro Aldi"},"image":{"@id":"https://www.poloaldi.it/de/#/schema/logo/image/"},"sameAs":["https://www.facebook.com/polopietroaldi","https://twitter.com/polopietroaldi","https://www.instagram.com/polopietroaldi/"]}]}</script>
<!-- / Yoast SEO plugin. -->

Der ungewöhnliche Bildausschnitt der Erhebungen in der Ferne erweckt den Eindruck von Isolierung und Gefangenschaft, die Aldi während der häufigen Genesungszeiten im Haus seiner Ahnen hinnehmen musste. Von einem Fenster oder einem Balkon aus konnte der junge Maler die verspielte Alternanz von Land und Meer betrachten, im schmerzvollen Bewusstsein ihr nur mit den Augen folgen zu können.
