{"id":6698,"date":"2023-04-18T00:12:23","date_gmt":"2023-04-17T22:12:23","guid":{"rendered":"http:\/\/www.poloaldi.it\/?post_type=artwork&#038;p=6698"},"modified":"2023-04-18T00:12:23","modified_gmt":"2023-04-17T22:12:23","slug":"pero-saeugt-den-cimon-roemische-barmherzigkeit","status":"publish","type":"artwork","link":"http:\/\/www.poloaldi.it\/de\/artwork\/pero-saeugt-den-cimon-roemische-barmherzigkeit\/","title":{"rendered":"Pero s\u00e4ugt den Cimon (R\u00f6mische Barmherzigkeit)"},"content":{"rendered":"<p><b>Jacob de Backer (Antwerpen ca. 1545 &#8211; ca. 1600)<span class=\"Apple-converted-space\">\u00a0<\/span><\/b><\/p>\n<p><i>Pero s\u00e4ugt den Cimon (R\u00f6mische Barmherzigkeit)<\/i><\/p>\n<p>\u00d6l auf Holztafel, 51,8 x 66,7 cm<span class=\"Apple-converted-space\">\u00a0<\/span><\/p>\n<p>Das Thema des Gem\u00e4ldes ist das S\u00e4ugen von Cimon durch Pero, auch <i>R\u00f6mische Barmherzigkeit<\/i> genannt, nach einer Legende des r\u00f6mischen Historikers Valerius Maximus (1. Jh. n. Chr.). Die zentralisierte Komposition und die Typologie der Figuren verraten die Anlehnung an den Kanon des r\u00f6mischen und florentinischen Manierismus. Die stilistischen Merkmale des Gem\u00e4ldes weisen eindeutig auf einige fl\u00e4mische Interpreten dieser Stilrichtung in der zweiten H\u00e4lfte des 16. Jahrhunderts wie Jacob de Backer.<span class=\"Apple-converted-space\">\u00a0<\/span><\/p>\n","protected":false},"author":1,"featured_media":6696,"comment_status":"closed","ping_status":"closed","template":"","artwork-category":[{"id":463,"slug":"esposizione-temporanea-de-1","name":"PASSIONI DI UN COLLEZIONISTA Dipinti fiamminghi e olandesi del Cinque e Seicento"},{"id":481,"slug":"die-flaemische-malerei","name":"Die fl\u00e4mische Malerei"}],"artwork-tags":[],"artwork-artists":[{"id":491,"slug":"jacob-de-backer-de","name":"Jacob de Backer"}],"class_list":["post-6698","artwork","type-artwork","status-publish","has-post-thumbnail","hentry","artwork-category-esposizione-temporanea-de-1","artwork-category-die-flaemische-malerei","artwork-artists-jacob-de-backer-de"],"yoast_head":"<!-- This site is optimized with the Yoast SEO plugin v20.10 - https:\/\/yoast.com\/wordpress\/plugins\/seo\/ -->\n<title>Pero s\u00e4ugt den Cimon (R\u00f6mische Barmherzigkeit) - Polo Culturale Pietro Aldi<\/title>\n<meta name=\"robots\" content=\"index, follow, max-snippet:-1, max-image-preview:large, max-video-preview:-1\" \/>\n<link rel=\"canonical\" href=\"http:\/\/www.poloaldi.it\/de\/artwork\/pero-saeugt-den-cimon-roemische-barmherzigkeit\/\" \/>\n<meta property=\"og:locale\" content=\"de_DE\" \/>\n<meta property=\"og:type\" content=\"article\" \/>\n<meta property=\"og:title\" content=\"Pero s\u00e4ugt den Cimon (R\u00f6mische Barmherzigkeit) - Polo Culturale Pietro Aldi\" \/>\n<meta property=\"og:description\" content=\"Jacob de Backer (Antwerpen ca. 1545 &#8211; ca. 1600)\u00a0 Pero s\u00e4ugt den Cimon (R\u00f6mische Barmherzigkeit) \u00d6l auf Holztafel, 51,8 x 66,7 cm\u00a0 Das Thema des Gem\u00e4ldes ist das S\u00e4ugen von Cimon durch Pero, auch R\u00f6mische Barmherzigkeit genannt, nach einer Legende des r\u00f6mischen Historikers Valerius Maximus (1. Jh. n. Chr.). Die zentralisierte Komposition und die Typologie der Figuren verraten die Anlehnung an den Kanon des r\u00f6mischen und florentinischen Manierismus. Die stilistischen Merkmale des Gem\u00e4ldes weisen eindeutig auf einige fl\u00e4mische Interpreten dieser Stilrichtung in der zweiten H\u00e4lfte des 16. Jahrhunderts wie Jacob de Backer.\u00a0\" \/>\n<meta property=\"og:url\" content=\"http:\/\/www.poloaldi.it\/de\/artwork\/pero-saeugt-den-cimon-roemische-barmherzigkeit\/\" \/>\n<meta property=\"og:site_name\" content=\"Polo Culturale Pietro Aldi\" \/>\n<meta property=\"article:publisher\" content=\"https:\/\/www.facebook.com\/polopietroaldi\" \/>\n<meta property=\"og:image\" content=\"https:\/\/www.poloaldi.it\/wp-content\/uploads\/2023\/04\/1-De-Backer.jpg\" \/>\n\t<meta property=\"og:image:width\" content=\"1700\" \/>\n\t<meta property=\"og:image:height\" content=\"1316\" \/>\n\t<meta property=\"og:image:type\" content=\"image\/jpeg\" \/>\n<meta name=\"twitter:card\" content=\"summary_large_image\" \/>\n<meta name=\"twitter:site\" content=\"@polopietroaldi\" \/>\n<meta name=\"twitter:label1\" content=\"Gesch\u00e4tzte Lesezeit\" \/>\n\t<meta name=\"twitter:data1\" content=\"1\u00a0Minute\" \/>\n<script type=\"application\/ld+json\" class=\"yoast-schema-graph\">{\"@context\":\"https:\/\/schema.org\",\"@graph\":[{\"@type\":\"WebPage\",\"@id\":\"http:\/\/www.poloaldi.it\/de\/artwork\/pero-saeugt-den-cimon-roemische-barmherzigkeit\/\",\"url\":\"http:\/\/www.poloaldi.it\/de\/artwork\/pero-saeugt-den-cimon-roemische-barmherzigkeit\/\",\"name\":\"Pero s\u00e4ugt den Cimon (R\u00f6mische Barmherzigkeit) - Polo Culturale Pietro Aldi\",\"isPartOf\":{\"@id\":\"http:\/\/www.poloaldi.it\/de\/#website\"},\"datePublished\":\"2023-04-17T22:12:23+00:00\",\"dateModified\":\"2023-04-17T22:12:23+00:00\",\"breadcrumb\":{\"@id\":\"http:\/\/www.poloaldi.it\/de\/artwork\/pero-saeugt-den-cimon-roemische-barmherzigkeit\/#breadcrumb\"},\"inLanguage\":\"de\",\"potentialAction\":[{\"@type\":\"ReadAction\",\"target\":[\"http:\/\/www.poloaldi.it\/de\/artwork\/pero-saeugt-den-cimon-roemische-barmherzigkeit\/\"]}]},{\"@type\":\"BreadcrumbList\",\"@id\":\"http:\/\/www.poloaldi.it\/de\/artwork\/pero-saeugt-den-cimon-roemische-barmherzigkeit\/#breadcrumb\",\"itemListElement\":[{\"@type\":\"ListItem\",\"position\":1,\"name\":\"Home\",\"item\":\"http:\/\/www.poloaldi.it\/de\/\"},{\"@type\":\"ListItem\",\"position\":2,\"name\":\"Artworks\",\"item\":\"http:\/\/www.poloaldi.it\/de\/artwork\/\"},{\"@type\":\"ListItem\",\"position\":3,\"name\":\"Pero s\u00e4ugt den Cimon (R\u00f6mische Barmherzigkeit)\"}]},{\"@type\":\"WebSite\",\"@id\":\"http:\/\/www.poloaldi.it\/de\/#website\",\"url\":\"http:\/\/www.poloaldi.it\/de\/\",\"name\":\"Polo Culturale Pietro Aldi\",\"description\":\"Patrimonio storico, culturale, artistico del nostro territorio\",\"publisher\":{\"@id\":\"http:\/\/www.poloaldi.it\/de\/#organization\"},\"potentialAction\":[{\"@type\":\"SearchAction\",\"target\":{\"@type\":\"EntryPoint\",\"urlTemplate\":\"http:\/\/www.poloaldi.it\/de\/?s={search_term_string}\"},\"query-input\":\"required name=search_term_string\"}],\"inLanguage\":\"de\"},{\"@type\":\"Organization\",\"@id\":\"http:\/\/www.poloaldi.it\/de\/#organization\",\"name\":\"Polo Culturale Pietro Aldi\",\"url\":\"http:\/\/www.poloaldi.it\/de\/\",\"logo\":{\"@type\":\"ImageObject\",\"inLanguage\":\"de\",\"@id\":\"http:\/\/www.poloaldi.it\/de\/#\/schema\/logo\/image\/\",\"url\":\"http:\/\/www.poloaldi.it\/wp-content\/uploads\/2017\/04\/logo_pietro_aldi.png\",\"contentUrl\":\"http:\/\/www.poloaldi.it\/wp-content\/uploads\/2017\/04\/logo_pietro_aldi.png\",\"width\":942,\"height\":417,\"caption\":\"Polo Culturale Pietro Aldi\"},\"image\":{\"@id\":\"http:\/\/www.poloaldi.it\/de\/#\/schema\/logo\/image\/\"},\"sameAs\":[\"https:\/\/www.facebook.com\/polopietroaldi\",\"https:\/\/twitter.com\/polopietroaldi\",\"https:\/\/www.instagram.com\/polopietroaldi\/\"]}]}<\/script>\n<!-- \/ Yoast SEO plugin. -->","yoast_head_json":{"title":"Pero s\u00e4ugt den Cimon (R\u00f6mische Barmherzigkeit) - Polo Culturale Pietro Aldi","robots":{"index":"index","follow":"follow","max-snippet":"max-snippet:-1","max-image-preview":"max-image-preview:large","max-video-preview":"max-video-preview:-1"},"canonical":"http:\/\/www.poloaldi.it\/de\/artwork\/pero-saeugt-den-cimon-roemische-barmherzigkeit\/","og_locale":"de_DE","og_type":"article","og_title":"Pero s\u00e4ugt den Cimon (R\u00f6mische Barmherzigkeit) - Polo Culturale Pietro Aldi","og_description":"Jacob de Backer (Antwerpen ca. 1545 &#8211; ca. 1600)\u00a0 Pero s\u00e4ugt den Cimon (R\u00f6mische Barmherzigkeit) \u00d6l auf Holztafel, 51,8 x 66,7 cm\u00a0 Das Thema des Gem\u00e4ldes ist das S\u00e4ugen von Cimon durch Pero, auch R\u00f6mische Barmherzigkeit genannt, nach einer Legende des r\u00f6mischen Historikers Valerius Maximus (1. Jh. n. Chr.). Die zentralisierte Komposition und die Typologie der Figuren verraten die Anlehnung an den Kanon des r\u00f6mischen und florentinischen Manierismus. Die stilistischen Merkmale des Gem\u00e4ldes weisen eindeutig auf einige fl\u00e4mische Interpreten dieser Stilrichtung in der zweiten H\u00e4lfte des 16. Jahrhunderts wie Jacob de Backer.\u00a0","og_url":"http:\/\/www.poloaldi.it\/de\/artwork\/pero-saeugt-den-cimon-roemische-barmherzigkeit\/","og_site_name":"Polo Culturale Pietro Aldi","article_publisher":"https:\/\/www.facebook.com\/polopietroaldi","og_image":[{"width":1700,"height":1316,"url":"https:\/\/www.poloaldi.it\/wp-content\/uploads\/2023\/04\/1-De-Backer.jpg","type":"image\/jpeg"}],"twitter_card":"summary_large_image","twitter_site":"@polopietroaldi","twitter_misc":{"Gesch\u00e4tzte Lesezeit":"1\u00a0Minute"},"schema":{"@context":"https:\/\/schema.org","@graph":[{"@type":"WebPage","@id":"http:\/\/www.poloaldi.it\/de\/artwork\/pero-saeugt-den-cimon-roemische-barmherzigkeit\/","url":"http:\/\/www.poloaldi.it\/de\/artwork\/pero-saeugt-den-cimon-roemische-barmherzigkeit\/","name":"Pero s\u00e4ugt den Cimon (R\u00f6mische Barmherzigkeit) - Polo Culturale Pietro Aldi","isPartOf":{"@id":"http:\/\/www.poloaldi.it\/de\/#website"},"datePublished":"2023-04-17T22:12:23+00:00","dateModified":"2023-04-17T22:12:23+00:00","breadcrumb":{"@id":"http:\/\/www.poloaldi.it\/de\/artwork\/pero-saeugt-den-cimon-roemische-barmherzigkeit\/#breadcrumb"},"inLanguage":"de","potentialAction":[{"@type":"ReadAction","target":["http:\/\/www.poloaldi.it\/de\/artwork\/pero-saeugt-den-cimon-roemische-barmherzigkeit\/"]}]},{"@type":"BreadcrumbList","@id":"http:\/\/www.poloaldi.it\/de\/artwork\/pero-saeugt-den-cimon-roemische-barmherzigkeit\/#breadcrumb","itemListElement":[{"@type":"ListItem","position":1,"name":"Home","item":"http:\/\/www.poloaldi.it\/de\/"},{"@type":"ListItem","position":2,"name":"Artworks","item":"http:\/\/www.poloaldi.it\/de\/artwork\/"},{"@type":"ListItem","position":3,"name":"Pero s\u00e4ugt den Cimon (R\u00f6mische Barmherzigkeit)"}]},{"@type":"WebSite","@id":"http:\/\/www.poloaldi.it\/de\/#website","url":"http:\/\/www.poloaldi.it\/de\/","name":"Polo Culturale Pietro Aldi","description":"Patrimonio storico, culturale, artistico del nostro territorio","publisher":{"@id":"http:\/\/www.poloaldi.it\/de\/#organization"},"potentialAction":[{"@type":"SearchAction","target":{"@type":"EntryPoint","urlTemplate":"http:\/\/www.poloaldi.it\/de\/?s={search_term_string}"},"query-input":"required name=search_term_string"}],"inLanguage":"de"},{"@type":"Organization","@id":"http:\/\/www.poloaldi.it\/de\/#organization","name":"Polo Culturale Pietro Aldi","url":"http:\/\/www.poloaldi.it\/de\/","logo":{"@type":"ImageObject","inLanguage":"de","@id":"http:\/\/www.poloaldi.it\/de\/#\/schema\/logo\/image\/","url":"http:\/\/www.poloaldi.it\/wp-content\/uploads\/2017\/04\/logo_pietro_aldi.png","contentUrl":"http:\/\/www.poloaldi.it\/wp-content\/uploads\/2017\/04\/logo_pietro_aldi.png","width":942,"height":417,"caption":"Polo Culturale Pietro Aldi"},"image":{"@id":"http:\/\/www.poloaldi.it\/de\/#\/schema\/logo\/image\/"},"sameAs":["https:\/\/www.facebook.com\/polopietroaldi","https:\/\/twitter.com\/polopietroaldi","https:\/\/www.instagram.com\/polopietroaldi\/"]}]}},"featured_image":{"size_thumbnail":"http:\/\/www.poloaldi.it\/wp-content\/uploads\/2023\/04\/1-De-Backer-150x150.jpg","size_medium":"http:\/\/www.poloaldi.it\/wp-content\/uploads\/2023\/04\/1-De-Backer-300x232.jpg","size_large":"http:\/\/www.poloaldi.it\/wp-content\/uploads\/2023\/04\/1-De-Backer-1024x793.jpg","size_full":"http:\/\/www.poloaldi.it\/wp-content\/uploads\/2023\/04\/1-De-Backer.jpg"},"imic_artwork_images":null,"imic_artwork_dimension":null,"imic_artwork_price":null,"_edit_lock":"1681769563:1","_links":{"self":[{"href":"http:\/\/www.poloaldi.it\/de\/wp-json\/wp\/v2\/artwork\/6698","targetHints":{"allow":["GET"]}}],"collection":[{"href":"http:\/\/www.poloaldi.it\/de\/wp-json\/wp\/v2\/artwork"}],"about":[{"href":"http:\/\/www.poloaldi.it\/de\/wp-json\/wp\/v2\/types\/artwork"}],"author":[{"embeddable":true,"href":"http:\/\/www.poloaldi.it\/de\/wp-json\/wp\/v2\/users\/1"}],"replies":[{"embeddable":true,"href":"http:\/\/www.poloaldi.it\/de\/wp-json\/wp\/v2\/comments?post=6698"}],"wp:featuredmedia":[{"embeddable":true,"href":"http:\/\/www.poloaldi.it\/de\/wp-json\/wp\/v2\/media\/6696"}],"wp:attachment":[{"href":"http:\/\/www.poloaldi.it\/de\/wp-json\/wp\/v2\/media?parent=6698"}],"wp:term":[{"taxonomy":"artwork-category","embeddable":true,"href":"http:\/\/www.poloaldi.it\/de\/wp-json\/wp\/v2\/artwork-category?post=6698"},{"taxonomy":"artwork-tags","embeddable":true,"href":"http:\/\/www.poloaldi.it\/de\/wp-json\/wp\/v2\/artwork-tags?post=6698"},{"taxonomy":"artwork-artists","embeddable":true,"href":"http:\/\/www.poloaldi.it\/de\/wp-json\/wp\/v2\/artwork-artists?post=6698"}],"curies":[{"name":"wp","href":"https:\/\/api.w.org\/{rel}","templated":true}]}}

Pero säugt den Cimon (Römische Barmherzigkeit)

<p><b>Jacob de Backer (Antwerpen ca. 1545 &#8211; ca. 1600)<span class="Apple-converted-space"> </span></b></p>
<p><i>Pero säugt den Cimon (Römische Barmherzigkeit)</i></p>
<p>Öl auf Holztafel, 51,8 x 66,7 cm<span class="Apple-converted-space"> </span></p>
<p>Das Thema des Gemäldes ist das Säugen von Cimon durch Pero, auch <i>Römische Barmherzigkeit</i> genannt, nach einer Legende des römischen Historikers Valerius Maximus (1. Jh. n. Chr.). Die zentralisierte Komposition und die Typologie der Figuren verraten die Anlehnung an den Kanon des römischen und florentinischen Manierismus. Die stilistischen Merkmale des Gemäldes weisen eindeutig auf einige flämische Interpreten dieser Stilrichtung in der zweiten Hälfte des 16. Jahrhunderts wie Jacob de Backer.<span class="Apple-converted-space"> </span></p>

Die flämische Malerei

<!-- This site is optimized with the Yoast SEO plugin v20.10 - https://yoast.com/wordpress/plugins/seo/ -->
<title>Pero säugt den Cimon (Römische Barmherzigkeit) - Polo Culturale Pietro Aldi</title>
<meta name="robots" content="index, follow, max-snippet:-1, max-image-preview:large, max-video-preview:-1" />
<link rel="canonical" href="http://www.poloaldi.it/de/artwork/pero-saeugt-den-cimon-roemische-barmherzigkeit/" />
<meta property="og:locale" content="de_DE" />
<meta property="og:type" content="article" />
<meta property="og:title" content="Pero säugt den Cimon (Römische Barmherzigkeit) - Polo Culturale Pietro Aldi" />
<meta property="og:description" content="Jacob de Backer (Antwerpen ca. 1545 &#8211; ca. 1600)  Pero säugt den Cimon (Römische Barmherzigkeit) Öl auf Holztafel, 51,8 x 66,7 cm  Das Thema des Gemäldes ist das Säugen von Cimon durch Pero, auch Römische Barmherzigkeit genannt, nach einer Legende des römischen Historikers Valerius Maximus (1. Jh. n. Chr.). Die zentralisierte Komposition und die Typologie der Figuren verraten die Anlehnung an den Kanon des römischen und florentinischen Manierismus. Die stilistischen Merkmale des Gemäldes weisen eindeutig auf einige flämische Interpreten dieser Stilrichtung in der zweiten Hälfte des 16. Jahrhunderts wie Jacob de Backer. " />
<meta property="og:url" content="http://www.poloaldi.it/de/artwork/pero-saeugt-den-cimon-roemische-barmherzigkeit/" />
<meta property="og:site_name" content="Polo Culturale Pietro Aldi" />
<meta property="article:publisher" content="https://www.facebook.com/polopietroaldi" />
<meta property="og:image" content="https://www.poloaldi.it/wp-content/uploads/2023/04/1-De-Backer.jpg" />
	<meta property="og:image:width" content="1700" />
	<meta property="og:image:height" content="1316" />
	<meta property="og:image:type" content="image/jpeg" />
<meta name="twitter:card" content="summary_large_image" />
<meta name="twitter:site" content="@polopietroaldi" />
<meta name="twitter:label1" content="Geschätzte Lesezeit" />
	<meta name="twitter:data1" content="1 Minute" />
<script type="application/ld+json" class="yoast-schema-graph">{"@context":"https://schema.org","@graph":[{"@type":"WebPage","@id":"http://www.poloaldi.it/de/artwork/pero-saeugt-den-cimon-roemische-barmherzigkeit/","url":"http://www.poloaldi.it/de/artwork/pero-saeugt-den-cimon-roemische-barmherzigkeit/","name":"Pero säugt den Cimon (Römische Barmherzigkeit) - Polo Culturale Pietro Aldi","isPartOf":{"@id":"http://www.poloaldi.it/de/#website"},"datePublished":"2023-04-17T22:12:23+00:00","dateModified":"2023-04-17T22:12:23+00:00","breadcrumb":{"@id":"http://www.poloaldi.it/de/artwork/pero-saeugt-den-cimon-roemische-barmherzigkeit/#breadcrumb"},"inLanguage":"de","potentialAction":[{"@type":"ReadAction","target":["http://www.poloaldi.it/de/artwork/pero-saeugt-den-cimon-roemische-barmherzigkeit/"]}]},{"@type":"BreadcrumbList","@id":"http://www.poloaldi.it/de/artwork/pero-saeugt-den-cimon-roemische-barmherzigkeit/#breadcrumb","itemListElement":[{"@type":"ListItem","position":1,"name":"Home","item":"http://www.poloaldi.it/de/"},{"@type":"ListItem","position":2,"name":"Artworks","item":"http://www.poloaldi.it/de/artwork/"},{"@type":"ListItem","position":3,"name":"Pero säugt den Cimon (Römische Barmherzigkeit)"}]},{"@type":"WebSite","@id":"http://www.poloaldi.it/de/#website","url":"http://www.poloaldi.it/de/","name":"Polo Culturale Pietro Aldi","description":"Patrimonio storico, culturale, artistico del nostro territorio","publisher":{"@id":"http://www.poloaldi.it/de/#organization"},"potentialAction":[{"@type":"SearchAction","target":{"@type":"EntryPoint","urlTemplate":"http://www.poloaldi.it/de/?s={search_term_string}"},"query-input":"required name=search_term_string"}],"inLanguage":"de"},{"@type":"Organization","@id":"http://www.poloaldi.it/de/#organization","name":"Polo Culturale Pietro Aldi","url":"http://www.poloaldi.it/de/","logo":{"@type":"ImageObject","inLanguage":"de","@id":"http://www.poloaldi.it/de/#/schema/logo/image/","url":"http://www.poloaldi.it/wp-content/uploads/2017/04/logo_pietro_aldi.png","contentUrl":"http://www.poloaldi.it/wp-content/uploads/2017/04/logo_pietro_aldi.png","width":942,"height":417,"caption":"Polo Culturale Pietro Aldi"},"image":{"@id":"http://www.poloaldi.it/de/#/schema/logo/image/"},"sameAs":["https://www.facebook.com/polopietroaldi","https://twitter.com/polopietroaldi","https://www.instagram.com/polopietroaldi/"]}]}</script>
<!-- / Yoast SEO plugin. -->

Pero säugt den Cimon (Römische Barmherzigkeit) - Polo Culturale Pietro Aldi

Jacob de Backer (Antwerpen ca. 1545 &#8211; ca. 1600)  Pero säugt den Cimon (Römische Barmherzigkeit) Öl auf Holztafel, 51,8 x 66,7 cm  Das Thema des Gemäldes ist das Säugen von Cimon durch Pero, auch Römische Barmherzigkeit genannt, nach einer Legende des römischen Historikers Valerius Maximus (1. Jh. n. Chr.). Die zentralisierte Komposition und die Typologie der Figuren verraten die Anlehnung an den Kanon des römischen und florentinischen Manierismus. Die stilistischen Merkmale des Gemäldes weisen eindeutig auf einige flämische Interpreten dieser Stilrichtung in der zweiten Hälfte des 16. Jahrhunderts wie Jacob de Backer.
