{"id":4390,"date":"2021-06-04T09:50:11","date_gmt":"2021-06-04T07:50:11","guid":{"rendered":"http:\/\/www.poloaldi.it\/index.php\/artwork\/veduta-verso-montalto-da-casa-aldi\/"},"modified":"2022-03-17T15:14:21","modified_gmt":"2022-03-17T14:14:21","slug":"veduta-verso-montalto-da-casa-aldi","status":"publish","type":"artwork","link":"http:\/\/www.poloaldi.it\/de\/artwork\/veduta-verso-montalto-da-casa-aldi\/","title":{"rendered":"Sicht auf Montalto von Casa Aldi"},"content":{"rendered":"<p>Eine Studie des Himmels und seiner Lichteffekte in Anlehnung an Valenciennes und Corot, die an die f\u00fcr Aldi gro\u00dfe Bedeutung seiner Studienzeit in Rom erinnert. Dieser Aufenthalt erlaubte ihm dank seines G\u00f6nners Biringucci und auf Rat des Meisters Luigi Mussini, ein treuer Anh\u00e4nger<span class=\"Apple-converted-space\">\u00a0 <\/span>des Ingres und seiner Sch\u00fcler, viele K\u00fcnstler der franz\u00f6sischen Kunstakademie kennenzulernen.<\/p>\n","protected":false},"author":1,"featured_media":4043,"comment_status":"closed","ping_status":"closed","template":"","artwork-category":[{"id":299,"slug":"la-verde-maremma-de","name":"La Verde Maremma"}],"artwork-tags":[],"artwork-artists":[{"id":329,"slug":"pietro-aldi-de","name":"Pietro Aldi"}],"class_list":["post-4390","artwork","type-artwork","status-publish","has-post-thumbnail","hentry","artwork-category-la-verde-maremma-de","artwork-artists-pietro-aldi-de"],"yoast_head":"<!-- This site is optimized with the Yoast SEO plugin v20.10 - https:\/\/yoast.com\/wordpress\/plugins\/seo\/ -->\n<title>Sicht auf Montalto von Casa Aldi - Polo Culturale Pietro Aldi<\/title>\n<meta name=\"robots\" content=\"index, follow, max-snippet:-1, max-image-preview:large, max-video-preview:-1\" \/>\n<link rel=\"canonical\" href=\"http:\/\/www.poloaldi.it\/de\/artwork\/veduta-verso-montalto-da-casa-aldi\/\" \/>\n<meta property=\"og:locale\" content=\"de_DE\" \/>\n<meta property=\"og:type\" content=\"article\" \/>\n<meta property=\"og:title\" content=\"Sicht auf Montalto von Casa Aldi - Polo Culturale Pietro Aldi\" \/>\n<meta property=\"og:description\" content=\"Eine Studie des Himmels und seiner Lichteffekte in Anlehnung an Valenciennes und Corot, die an die f\u00fcr Aldi gro\u00dfe Bedeutung seiner Studienzeit in Rom erinnert. Dieser Aufenthalt erlaubte ihm dank seines G\u00f6nners Biringucci und auf Rat des Meisters Luigi Mussini, ein treuer Anh\u00e4nger\u00a0 des Ingres und seiner Sch\u00fcler, viele K\u00fcnstler der franz\u00f6sischen Kunstakademie kennenzulernen.\" \/>\n<meta property=\"og:url\" content=\"http:\/\/www.poloaldi.it\/de\/artwork\/veduta-verso-montalto-da-casa-aldi\/\" \/>\n<meta property=\"og:site_name\" content=\"Polo Culturale Pietro Aldi\" \/>\n<meta property=\"article:publisher\" content=\"https:\/\/www.facebook.com\/polopietroaldi\" \/>\n<meta property=\"article:modified_time\" content=\"2022-03-17T14:14:21+00:00\" \/>\n<meta property=\"og:image\" content=\"https:\/\/www.poloaldi.it\/wp-content\/uploads\/2021\/06\/12_veduta_verso_montalto_da_casa_aldi_pietro_aldi.png\" \/>\n\t<meta property=\"og:image:width\" content=\"1215\" \/>\n\t<meta property=\"og:image:height\" content=\"713\" \/>\n\t<meta property=\"og:image:type\" content=\"image\/png\" \/>\n<meta name=\"twitter:card\" content=\"summary_large_image\" \/>\n<meta name=\"twitter:site\" content=\"@polopietroaldi\" \/>\n<meta name=\"twitter:label1\" content=\"Gesch\u00e4tzte Lesezeit\" \/>\n\t<meta name=\"twitter:data1\" content=\"1\u00a0Minute\" \/>\n<script type=\"application\/ld+json\" class=\"yoast-schema-graph\">{\"@context\":\"https:\/\/schema.org\",\"@graph\":[{\"@type\":\"WebPage\",\"@id\":\"http:\/\/www.poloaldi.it\/de\/artwork\/veduta-verso-montalto-da-casa-aldi\/\",\"url\":\"http:\/\/www.poloaldi.it\/de\/artwork\/veduta-verso-montalto-da-casa-aldi\/\",\"name\":\"Sicht auf Montalto von Casa Aldi - Polo Culturale Pietro Aldi\",\"isPartOf\":{\"@id\":\"http:\/\/www.poloaldi.it\/de\/#website\"},\"datePublished\":\"2021-06-04T07:50:11+00:00\",\"dateModified\":\"2022-03-17T14:14:21+00:00\",\"breadcrumb\":{\"@id\":\"http:\/\/www.poloaldi.it\/de\/artwork\/veduta-verso-montalto-da-casa-aldi\/#breadcrumb\"},\"inLanguage\":\"de\",\"potentialAction\":[{\"@type\":\"ReadAction\",\"target\":[\"http:\/\/www.poloaldi.it\/de\/artwork\/veduta-verso-montalto-da-casa-aldi\/\"]}]},{\"@type\":\"BreadcrumbList\",\"@id\":\"http:\/\/www.poloaldi.it\/de\/artwork\/veduta-verso-montalto-da-casa-aldi\/#breadcrumb\",\"itemListElement\":[{\"@type\":\"ListItem\",\"position\":1,\"name\":\"Home\",\"item\":\"http:\/\/www.poloaldi.it\/de\/\"},{\"@type\":\"ListItem\",\"position\":2,\"name\":\"Artworks\",\"item\":\"http:\/\/www.poloaldi.it\/de\/artwork\/\"},{\"@type\":\"ListItem\",\"position\":3,\"name\":\"Sicht auf Montalto von Casa Aldi\"}]},{\"@type\":\"WebSite\",\"@id\":\"http:\/\/www.poloaldi.it\/de\/#website\",\"url\":\"http:\/\/www.poloaldi.it\/de\/\",\"name\":\"Polo Culturale Pietro Aldi\",\"description\":\"Patrimonio storico, culturale, artistico del nostro territorio\",\"publisher\":{\"@id\":\"http:\/\/www.poloaldi.it\/de\/#organization\"},\"potentialAction\":[{\"@type\":\"SearchAction\",\"target\":{\"@type\":\"EntryPoint\",\"urlTemplate\":\"http:\/\/www.poloaldi.it\/de\/?s={search_term_string}\"},\"query-input\":\"required name=search_term_string\"}],\"inLanguage\":\"de\"},{\"@type\":\"Organization\",\"@id\":\"http:\/\/www.poloaldi.it\/de\/#organization\",\"name\":\"Polo Culturale Pietro Aldi\",\"url\":\"http:\/\/www.poloaldi.it\/de\/\",\"logo\":{\"@type\":\"ImageObject\",\"inLanguage\":\"de\",\"@id\":\"http:\/\/www.poloaldi.it\/de\/#\/schema\/logo\/image\/\",\"url\":\"http:\/\/www.poloaldi.it\/wp-content\/uploads\/2017\/04\/logo_pietro_aldi.png\",\"contentUrl\":\"http:\/\/www.poloaldi.it\/wp-content\/uploads\/2017\/04\/logo_pietro_aldi.png\",\"width\":942,\"height\":417,\"caption\":\"Polo Culturale Pietro Aldi\"},\"image\":{\"@id\":\"http:\/\/www.poloaldi.it\/de\/#\/schema\/logo\/image\/\"},\"sameAs\":[\"https:\/\/www.facebook.com\/polopietroaldi\",\"https:\/\/twitter.com\/polopietroaldi\",\"https:\/\/www.instagram.com\/polopietroaldi\/\"]}]}<\/script>\n<!-- \/ Yoast SEO plugin. -->","yoast_head_json":{"title":"Sicht auf Montalto von Casa Aldi - Polo Culturale Pietro Aldi","robots":{"index":"index","follow":"follow","max-snippet":"max-snippet:-1","max-image-preview":"max-image-preview:large","max-video-preview":"max-video-preview:-1"},"canonical":"http:\/\/www.poloaldi.it\/de\/artwork\/veduta-verso-montalto-da-casa-aldi\/","og_locale":"de_DE","og_type":"article","og_title":"Sicht auf Montalto von Casa Aldi - Polo Culturale Pietro Aldi","og_description":"Eine Studie des Himmels und seiner Lichteffekte in Anlehnung an Valenciennes und Corot, die an die f\u00fcr Aldi gro\u00dfe Bedeutung seiner Studienzeit in Rom erinnert. Dieser Aufenthalt erlaubte ihm dank seines G\u00f6nners Biringucci und auf Rat des Meisters Luigi Mussini, ein treuer Anh\u00e4nger\u00a0 des Ingres und seiner Sch\u00fcler, viele K\u00fcnstler der franz\u00f6sischen Kunstakademie kennenzulernen.","og_url":"http:\/\/www.poloaldi.it\/de\/artwork\/veduta-verso-montalto-da-casa-aldi\/","og_site_name":"Polo Culturale Pietro Aldi","article_publisher":"https:\/\/www.facebook.com\/polopietroaldi","article_modified_time":"2022-03-17T14:14:21+00:00","og_image":[{"width":1215,"height":713,"url":"https:\/\/www.poloaldi.it\/wp-content\/uploads\/2021\/06\/12_veduta_verso_montalto_da_casa_aldi_pietro_aldi.png","type":"image\/png"}],"twitter_card":"summary_large_image","twitter_site":"@polopietroaldi","twitter_misc":{"Gesch\u00e4tzte Lesezeit":"1\u00a0Minute"},"schema":{"@context":"https:\/\/schema.org","@graph":[{"@type":"WebPage","@id":"http:\/\/www.poloaldi.it\/de\/artwork\/veduta-verso-montalto-da-casa-aldi\/","url":"http:\/\/www.poloaldi.it\/de\/artwork\/veduta-verso-montalto-da-casa-aldi\/","name":"Sicht auf Montalto von Casa Aldi - Polo Culturale Pietro Aldi","isPartOf":{"@id":"http:\/\/www.poloaldi.it\/de\/#website"},"datePublished":"2021-06-04T07:50:11+00:00","dateModified":"2022-03-17T14:14:21+00:00","breadcrumb":{"@id":"http:\/\/www.poloaldi.it\/de\/artwork\/veduta-verso-montalto-da-casa-aldi\/#breadcrumb"},"inLanguage":"de","potentialAction":[{"@type":"ReadAction","target":["http:\/\/www.poloaldi.it\/de\/artwork\/veduta-verso-montalto-da-casa-aldi\/"]}]},{"@type":"BreadcrumbList","@id":"http:\/\/www.poloaldi.it\/de\/artwork\/veduta-verso-montalto-da-casa-aldi\/#breadcrumb","itemListElement":[{"@type":"ListItem","position":1,"name":"Home","item":"http:\/\/www.poloaldi.it\/de\/"},{"@type":"ListItem","position":2,"name":"Artworks","item":"http:\/\/www.poloaldi.it\/de\/artwork\/"},{"@type":"ListItem","position":3,"name":"Sicht auf Montalto von Casa Aldi"}]},{"@type":"WebSite","@id":"http:\/\/www.poloaldi.it\/de\/#website","url":"http:\/\/www.poloaldi.it\/de\/","name":"Polo Culturale Pietro Aldi","description":"Patrimonio storico, culturale, artistico del nostro territorio","publisher":{"@id":"http:\/\/www.poloaldi.it\/de\/#organization"},"potentialAction":[{"@type":"SearchAction","target":{"@type":"EntryPoint","urlTemplate":"http:\/\/www.poloaldi.it\/de\/?s={search_term_string}"},"query-input":"required name=search_term_string"}],"inLanguage":"de"},{"@type":"Organization","@id":"http:\/\/www.poloaldi.it\/de\/#organization","name":"Polo Culturale Pietro Aldi","url":"http:\/\/www.poloaldi.it\/de\/","logo":{"@type":"ImageObject","inLanguage":"de","@id":"http:\/\/www.poloaldi.it\/de\/#\/schema\/logo\/image\/","url":"http:\/\/www.poloaldi.it\/wp-content\/uploads\/2017\/04\/logo_pietro_aldi.png","contentUrl":"http:\/\/www.poloaldi.it\/wp-content\/uploads\/2017\/04\/logo_pietro_aldi.png","width":942,"height":417,"caption":"Polo Culturale Pietro Aldi"},"image":{"@id":"http:\/\/www.poloaldi.it\/de\/#\/schema\/logo\/image\/"},"sameAs":["https:\/\/www.facebook.com\/polopietroaldi","https:\/\/twitter.com\/polopietroaldi","https:\/\/www.instagram.com\/polopietroaldi\/"]}]}},"featured_image":{"size_thumbnail":"http:\/\/www.poloaldi.it\/wp-content\/uploads\/2021\/06\/12_veduta_verso_montalto_da_casa_aldi_pietro_aldi-150x150.png","size_medium":"http:\/\/www.poloaldi.it\/wp-content\/uploads\/2021\/06\/12_veduta_verso_montalto_da_casa_aldi_pietro_aldi-300x176.png","size_large":"http:\/\/www.poloaldi.it\/wp-content\/uploads\/2021\/06\/12_veduta_verso_montalto_da_casa_aldi_pietro_aldi-1024x601.png","size_full":"http:\/\/www.poloaldi.it\/wp-content\/uploads\/2021\/06\/12_veduta_verso_montalto_da_casa_aldi_pietro_aldi.png"},"imic_artwork_images":["4041"],"imic_artwork_dimension":["19x30"],"imic_artwork_price":null,"_edit_lock":"1647526815:1","_links":{"self":[{"href":"http:\/\/www.poloaldi.it\/de\/wp-json\/wp\/v2\/artwork\/4390","targetHints":{"allow":["GET"]}}],"collection":[{"href":"http:\/\/www.poloaldi.it\/de\/wp-json\/wp\/v2\/artwork"}],"about":[{"href":"http:\/\/www.poloaldi.it\/de\/wp-json\/wp\/v2\/types\/artwork"}],"author":[{"embeddable":true,"href":"http:\/\/www.poloaldi.it\/de\/wp-json\/wp\/v2\/users\/1"}],"replies":[{"embeddable":true,"href":"http:\/\/www.poloaldi.it\/de\/wp-json\/wp\/v2\/comments?post=4390"}],"wp:featuredmedia":[{"embeddable":true,"href":"http:\/\/www.poloaldi.it\/de\/wp-json\/wp\/v2\/media\/4043"}],"wp:attachment":[{"href":"http:\/\/www.poloaldi.it\/de\/wp-json\/wp\/v2\/media?parent=4390"}],"wp:term":[{"taxonomy":"artwork-category","embeddable":true,"href":"http:\/\/www.poloaldi.it\/de\/wp-json\/wp\/v2\/artwork-category?post=4390"},{"taxonomy":"artwork-tags","embeddable":true,"href":"http:\/\/www.poloaldi.it\/de\/wp-json\/wp\/v2\/artwork-tags?post=4390"},{"taxonomy":"artwork-artists","embeddable":true,"href":"http:\/\/www.poloaldi.it\/de\/wp-json\/wp\/v2\/artwork-artists?post=4390"}],"curies":[{"name":"wp","href":"https:\/\/api.w.org\/{rel}","templated":true}]}}

<p>Eine Studie des Himmels und seiner Lichteffekte in Anlehnung an Valenciennes und Corot, die an die für Aldi große Bedeutung seiner Studienzeit in Rom erinnert. Dieser Aufenthalt erlaubte ihm dank seines Gönners Biringucci und auf Rat des Meisters Luigi Mussini, ein treuer Anhänger<span class="Apple-converted-space">  </span>des Ingres und seiner Schüler, viele Künstler der französischen Kunstakademie kennenzulernen.</p>

<!-- This site is optimized with the Yoast SEO plugin v20.10 - https://yoast.com/wordpress/plugins/seo/ -->
<title>Sicht auf Montalto von Casa Aldi - Polo Culturale Pietro Aldi</title>
<meta name="robots" content="index, follow, max-snippet:-1, max-image-preview:large, max-video-preview:-1" />
<link rel="canonical" href="http://www.poloaldi.it/de/artwork/veduta-verso-montalto-da-casa-aldi/" />
<meta property="og:locale" content="de_DE" />
<meta property="og:type" content="article" />
<meta property="og:title" content="Sicht auf Montalto von Casa Aldi - Polo Culturale Pietro Aldi" />
<meta property="og:description" content="Eine Studie des Himmels und seiner Lichteffekte in Anlehnung an Valenciennes und Corot, die an die für Aldi große Bedeutung seiner Studienzeit in Rom erinnert. Dieser Aufenthalt erlaubte ihm dank seines Gönners Biringucci und auf Rat des Meisters Luigi Mussini, ein treuer Anhänger  des Ingres und seiner Schüler, viele Künstler der französischen Kunstakademie kennenzulernen." />
<meta property="og:url" content="http://www.poloaldi.it/de/artwork/veduta-verso-montalto-da-casa-aldi/" />
<meta property="og:site_name" content="Polo Culturale Pietro Aldi" />
<meta property="article:publisher" content="https://www.facebook.com/polopietroaldi" />
<meta property="article:modified_time" content="2022-03-17T14:14:21+00:00" />
<meta property="og:image" content="https://www.poloaldi.it/wp-content/uploads/2021/06/12_veduta_verso_montalto_da_casa_aldi_pietro_aldi.png" />
	<meta property="og:image:width" content="1215" />
	<meta property="og:image:height" content="713" />
	<meta property="og:image:type" content="image/png" />
<meta name="twitter:card" content="summary_large_image" />
<meta name="twitter:site" content="@polopietroaldi" />
<meta name="twitter:label1" content="Geschätzte Lesezeit" />
	<meta name="twitter:data1" content="1 Minute" />
<script type="application/ld+json" class="yoast-schema-graph">{"@context":"https://schema.org","@graph":[{"@type":"WebPage","@id":"http://www.poloaldi.it/de/artwork/veduta-verso-montalto-da-casa-aldi/","url":"http://www.poloaldi.it/de/artwork/veduta-verso-montalto-da-casa-aldi/","name":"Sicht auf Montalto von Casa Aldi - Polo Culturale Pietro Aldi","isPartOf":{"@id":"http://www.poloaldi.it/de/#website"},"datePublished":"2021-06-04T07:50:11+00:00","dateModified":"2022-03-17T14:14:21+00:00","breadcrumb":{"@id":"http://www.poloaldi.it/de/artwork/veduta-verso-montalto-da-casa-aldi/#breadcrumb"},"inLanguage":"de","potentialAction":[{"@type":"ReadAction","target":["http://www.poloaldi.it/de/artwork/veduta-verso-montalto-da-casa-aldi/"]}]},{"@type":"BreadcrumbList","@id":"http://www.poloaldi.it/de/artwork/veduta-verso-montalto-da-casa-aldi/#breadcrumb","itemListElement":[{"@type":"ListItem","position":1,"name":"Home","item":"http://www.poloaldi.it/de/"},{"@type":"ListItem","position":2,"name":"Artworks","item":"http://www.poloaldi.it/de/artwork/"},{"@type":"ListItem","position":3,"name":"Sicht auf Montalto von Casa Aldi"}]},{"@type":"WebSite","@id":"http://www.poloaldi.it/de/#website","url":"http://www.poloaldi.it/de/","name":"Polo Culturale Pietro Aldi","description":"Patrimonio storico, culturale, artistico del nostro territorio","publisher":{"@id":"http://www.poloaldi.it/de/#organization"},"potentialAction":[{"@type":"SearchAction","target":{"@type":"EntryPoint","urlTemplate":"http://www.poloaldi.it/de/?s={search_term_string}"},"query-input":"required name=search_term_string"}],"inLanguage":"de"},{"@type":"Organization","@id":"http://www.poloaldi.it/de/#organization","name":"Polo Culturale Pietro Aldi","url":"http://www.poloaldi.it/de/","logo":{"@type":"ImageObject","inLanguage":"de","@id":"http://www.poloaldi.it/de/#/schema/logo/image/","url":"http://www.poloaldi.it/wp-content/uploads/2017/04/logo_pietro_aldi.png","contentUrl":"http://www.poloaldi.it/wp-content/uploads/2017/04/logo_pietro_aldi.png","width":942,"height":417,"caption":"Polo Culturale Pietro Aldi"},"image":{"@id":"http://www.poloaldi.it/de/#/schema/logo/image/"},"sameAs":["https://www.facebook.com/polopietroaldi","https://twitter.com/polopietroaldi","https://www.instagram.com/polopietroaldi/"]}]}</script>
<!-- / Yoast SEO plugin. -->

Eine Studie des Himmels und seiner Lichteffekte in Anlehnung an Valenciennes und Corot, die an die für Aldi große Bedeutung seiner Studienzeit in Rom erinnert. Dieser Aufenthalt erlaubte ihm dank seines Gönners Biringucci und auf Rat des Meisters Luigi Mussini, ein treuer Anhänger  des Ingres und seiner Schüler, viele Künstler der französischen Kunstakademie kennenzulernen.
